{"id":6082,"date":"2024-10-23T18:52:00","date_gmt":"2024-10-23T16:52:00","guid":{"rendered":"https:\/\/cpcorella.educacion.navarra.es\/blogs\/?page_id=6082"},"modified":"2024-10-23T18:52:00","modified_gmt":"2024-10-23T16:52:00","slug":"ceferino-cabanas-palomar-y-jacinto-alcantara-escultor","status":"publish","type":"page","link":"https:\/\/cpcorella.educacion.navarra.es\/blogs\/ceferino-cabanas-palomar-y-jacinto-alcantara-escultor\/","title":{"rendered":"CEFERINO CABA\u00d1AS PALOMAR Y JACINTO ALC\u00c1NTARA (ESCULTOR)"},"content":{"rendered":"\n<p><img loading=\"lazy\" class=\"size-medium wp-image-6083 aligncenter\" src=\"https:\/\/cpcorella.educacion.navarra.es\/blogs\/wp-content\/uploads\/2024\/10\/001-10-219x300.png\" alt=\"\" width=\"219\" height=\"300\" srcset=\"https:\/\/cpcorella.educacion.navarra.es\/blogs\/wp-content\/uploads\/2024\/10\/001-10-219x300.png 219w, https:\/\/cpcorella.educacion.navarra.es\/blogs\/wp-content\/uploads\/2024\/10\/001-10.png 525w\" sizes=\"(max-width: 219px) 100vw, 219px\" \/><\/p>\n<p>Somos alumnos\/as de la clase de 6\u00ba B y hemos investigado sobre la Parroquia de San Miguel Arc\u00e1ngel de Corella. Nuestro grupo formado por Irati, Melanie, Manar, Ibai y Rayan vamos a centrarnos curiosamente en dos artistas modernos que pintaron San Miguel cuando la reforma de 1949.<\/p>\n<p>\u00a0<\/p>\n<p>Ceferino Caba\u00f1as Palomar (1880-1950). Naci\u00f3 en Alca\u00f1iz (Teruel), el 28 de enero de 1880, hijo de Gregorio y de Juana. Pensionado por la Diputaci\u00f3n de Teruel, a los 15 a\u00f1os, ingres\u00f3 en la Academia de San Fernando de Madrid y en el Estudio de Sorolla.<\/p>\n<p>\u00a0<\/p>\n<p>En 1905, gan\u00f3 por concurso el premio de la Duquesa de Villahermosa, fue pensionado al Instituto de Bellas Artes de Roma y luego concurri\u00f3 a diferentes exposiciones, ganando una tercera Medalla en la Exposici\u00f3n Nacional de 1930.<\/p>\n<p>\u00a0<\/p>\n<p>Ten\u00eda su estudio en Madrid y vino a Corella por su relaci\u00f3n con Jos\u00e9 Luis de Arrese. Ceferino Caba\u00f1as, hab\u00eda realizado la decoraci\u00f3n de la iglesia de San Jos\u00e9 en Madrid en 1947.<\/p>\n<p>\u00a0<\/p>\n<p>El 22 de abril de 1948, el Sr. Arrese lo trajo a Corella para realizar la decoraci\u00f3n entera de la iglesia de San Miguel, empleando en esta labor que llev\u00f3 a cabo completamente solo, un a\u00f1o y cuatro meses.<\/p>\n<p>\u00a0<\/p>\n<p>La reforma de San Miguel fue su \u00faltima obra de relevancia, puesto que en la noche del 25 de febrero de 1950, fallec\u00eda en su estudio de Madrid de una hemorragia cerebral.<\/p>\n<p>\u00a0<\/p>\n<p>Jacinto Alc\u00e1ntara y G\u00f3mez (1901-1966) natural de Madrid, Director de la Escuela Nacional de Cer\u00e1mica de Madrid, sucediendo a su padre Francisco que fue su fundador.<\/p>\n<p>\u00a0<\/p>\n<p>En 1966 fue elegido Acad\u00e9mico de la Real Academia de Bellas Artes de San Fernando, pero muri\u00f3 en Madrid el 6 de junio, antes de tomar posesi\u00f3n.<\/p>\n<p>\u00a0<\/p>\n<p>Los dos pintores fueron las piezas claves de la decoraci\u00f3n actual que podemos ver en el interior del templo, ya que gracias a ellos, la iglesia volvi\u00f3 a recuperar el esplendor que tuvo en el pasado y hoy combina perfectamente con el conjunto de retablos que podemos encontrar.<\/p>\n<p>\u00a0<\/p>\n<p>No podemos dejar pasar de lado algo que maravilla a los visitantes y que es la gran c\u00fapula el\u00edptica que encontramos en el centro de la iglesia junto al retablo mayor. Primero destacamos la jerarquizaci\u00f3n luminosa que resulta clave en el templo a la hora de crear el espacio ilusorio del barroco,en una graduaci\u00f3n que parte de la semipenumbra de las naves principal, y llega a su plenitud en el tramo central del crucero\u00a0 merced a los ocho vanos practicados en la media naranja. De esta manera, la luz dirige de inmediato nuestra atenci\u00f3n a la legi\u00f3n de diecis\u00e9is \u00e1ngeles que, a las \u00f3rdenes de San Miguel y pertrechados con armas de todo tipo tratan de luchar contra el demonio.<\/p>\n<p>\u00a0<\/p>\n<p>La c\u00fapula del templo corellano se convierte en el marco id\u00f3neo para escenificar ante nuestros ojos el pasaje del Apocalipsis 12, 7-9: \u201c<em>Hubo una batalla en el cielo: Miguel y sus \u00e1ngeles entablaron combate con el drag\u00f3n\u201d<\/em>.<\/p>\n<p>\u00a0\u00a0\u00a0<\/p>\n<p>Para llevar\u00a0 a cabo su cometido,los \u00e1ngeles adoptan una iconograf\u00eda t\u00edpicamente\u00a0\u00a0\u00a0\u00a0\u00a0\u00a0\u00a0\u00a0\u00a0\u00a0\u00a0\u00a0\u00a0\u00a0\u00a0 militar.<\/p>\n<p>\u00a0<\/p>\n<p>Destaca el dinamismo de la figura central que representa a San Miguel Arc\u00e1ngel, que se imprime a la figura inestable disposici\u00f3n de las piernas, al violento gesto del brazo y al movimiento de los amplios pliegues de la indumentaria. Tambi\u00e9n restantes angeles, de vistoso plumaje en sus alas, visten ropaje militar con connotaciones negativas a trav\u00e9s apocal\u00edptico del drag\u00f3n acompa\u00f1ado de diferentes figuras monstruosas, como el diablo que al caer extiende sus brazos pendidas del anillo de la c\u00fapula son huecas y est\u00e1n trabajadas a base de cart\u00f3n piedra ,telas y arpilleras encoladas.<\/p>\n<p>\u00a0<\/p>\n<p>El conjunto resulta tosco, quiz\u00e1s porque al est\u00e1n atados a la c\u00fapula buscan tan solo el efecto a distancia; pero a pesar de la de la lejan\u00eda, a nadie pasa desapercibido uno de los rasgos m\u00e1s peculiares de los \u00e1ngeles corellanos como es su sorprendente armamento que incluye no solo las t\u00edpicas lanzas y espadas, sino tambi\u00e9n armas de fuego como trabucos y arcabuces, conforme a una iconograf\u00eda muy poco desarrollada en Occidente que parece enlazar con el arte virreinal, si bien nos inclinamos a pensar que los \u00e1ngeles corellanos son \u201c<em>hijos de su tiempo<\/em>\u201d en una s\u00edntesis entre tradici\u00f3n y modernidad.<\/p>\n<p>\u00a0<\/p>\n<p>En definitiva, la iglesia representa la teatralidad propia de la \u00e9poca barroca, que invita al espectador a contemplar un momento cumbre del pasado, propio de los siglos XVI, XVII y XVIII.<\/p>\n<p><img loading=\"lazy\" class=\"size-medium wp-image-6084 aligncenter\" src=\"https:\/\/cpcorella.educacion.navarra.es\/blogs\/wp-content\/uploads\/2024\/10\/002-3-1-300x286.png\" alt=\"\" width=\"300\" height=\"286\" srcset=\"https:\/\/cpcorella.educacion.navarra.es\/blogs\/wp-content\/uploads\/2024\/10\/002-3-1-300x286.png 300w, https:\/\/cpcorella.educacion.navarra.es\/blogs\/wp-content\/uploads\/2024\/10\/002-3-1-1024x975.png 1024w, https:\/\/cpcorella.educacion.navarra.es\/blogs\/wp-content\/uploads\/2024\/10\/002-3-1-768x731.png 768w, https:\/\/cpcorella.educacion.navarra.es\/blogs\/wp-content\/uploads\/2024\/10\/002-3-1-555x528.png 555w, https:\/\/cpcorella.educacion.navarra.es\/blogs\/wp-content\/uploads\/2024\/10\/002-3-1.png 1432w\" sizes=\"(max-width: 300px) 100vw, 300px\" \/><\/p>\n<p>\u00a0<\/p>\n","protected":false},"excerpt":{"rendered":"<p>Somos alumnos\/as de la clase de 6\u00ba B y hemos investigado sobre la Parroquia de San Miguel Arc\u00e1ngel de Corella. Nuestro grupo formado por Irati, Melanie, Manar, Ibai y Rayan vamos a centrarnos curiosamente en dos artistas modernos que pintaron San Miguel cuando la reforma de 1949. \u00a0 Ceferino Caba\u00f1as Palomar (1880-1950). Naci\u00f3 en Alca\u00f1iz &hellip; <\/p>\n<p><a class=\"more-link btn\" href=\"https:\/\/cpcorella.educacion.navarra.es\/blogs\/ceferino-cabanas-palomar-y-jacinto-alcantara-escultor\/\">Continue reading<\/a><\/p>\n","protected":false},"author":6,"featured_media":0,"parent":0,"menu_order":0,"comment_status":"closed","ping_status":"closed","template":"","meta":[],"_links":{"self":[{"href":"https:\/\/cpcorella.educacion.navarra.es\/blogs\/wp-json\/wp\/v2\/pages\/6082"}],"collection":[{"href":"https:\/\/cpcorella.educacion.navarra.es\/blogs\/wp-json\/wp\/v2\/pages"}],"about":[{"href":"https:\/\/cpcorella.educacion.navarra.es\/blogs\/wp-json\/wp\/v2\/types\/page"}],"author":[{"embeddable":true,"href":"https:\/\/cpcorella.educacion.navarra.es\/blogs\/wp-json\/wp\/v2\/users\/6"}],"replies":[{"embeddable":true,"href":"https:\/\/cpcorella.educacion.navarra.es\/blogs\/wp-json\/wp\/v2\/comments?post=6082"}],"version-history":[{"count":1,"href":"https:\/\/cpcorella.educacion.navarra.es\/blogs\/wp-json\/wp\/v2\/pages\/6082\/revisions"}],"predecessor-version":[{"id":6087,"href":"https:\/\/cpcorella.educacion.navarra.es\/blogs\/wp-json\/wp\/v2\/pages\/6082\/revisions\/6087"}],"wp:attachment":[{"href":"https:\/\/cpcorella.educacion.navarra.es\/blogs\/wp-json\/wp\/v2\/media?parent=6082"}],"curies":[{"name":"wp","href":"https:\/\/api.w.org\/{rel}","templated":true}]}}

CEFERINO CABAÑAS PALOMAR Y JACINTO ALCÁNTARA (ESCULTOR)

<p><img loading="lazy" class="size-medium wp-image-6083 aligncenter" src="https://cpcorella.educacion.navarra.es/blogs/wp-content/uploads/2024/10/001-10-219x300.png" alt="" width="219" height="300" srcset="https://cpcorella.educacion.navarra.es/blogs/wp-content/uploads/2024/10/001-10-219x300.png 219w, https://cpcorella.educacion.navarra.es/blogs/wp-content/uploads/2024/10/001-10.png 525w" sizes="(max-width: 219px) 100vw, 219px" /></p>
<p>Somos alumnos/as de la clase de 6º B y hemos investigado sobre la Parroquia de San Miguel Arcángel de Corella. Nuestro grupo formado por Irati, Melanie, Manar, Ibai y Rayan vamos a centrarnos curiosamente en dos artistas modernos que pintaron San Miguel cuando la reforma de 1949.</p>
<p> </p>
<p>Ceferino Cabañas Palomar (1880-1950). Nació en Alcañiz (Teruel), el 28 de enero de 1880, hijo de Gregorio y de Juana. Pensionado por la Diputación de Teruel, a los 15 años, ingresó en la Academia de San Fernando de Madrid y en el Estudio de Sorolla.</p>
<p> </p>
<p>En 1905, ganó por concurso el premio de la Duquesa de Villahermosa, fue pensionado al Instituto de Bellas Artes de Roma y luego concurrió a diferentes exposiciones, ganando una tercera Medalla en la Exposición Nacional de 1930.</p>
<p> </p>
<p>Tenía su estudio en Madrid y vino a Corella por su relación con José Luis de Arrese. Ceferino Cabañas, había realizado la decoración de la iglesia de San José en Madrid en 1947.</p>
<p> </p>
<p>El 22 de abril de 1948, el Sr. Arrese lo trajo a Corella para realizar la decoración entera de la iglesia de San Miguel, empleando en esta labor que llevó a cabo completamente solo, un año y cuatro meses.</p>
<p> </p>
<p>La reforma de San Miguel fue su última obra de relevancia, puesto que en la noche del 25 de febrero de 1950, fallecía en su estudio de Madrid de una hemorragia cerebral.</p>
<p> </p>
<p>Jacinto Alcántara y Gómez (1901-1966) natural de Madrid, Director de la Escuela Nacional de Cerámica de Madrid, sucediendo a su padre Francisco que fue su fundador.</p>
<p> </p>
<p>En 1966 fue elegido Académico de la Real Academia de Bellas Artes de San Fernando, pero murió en Madrid el 6 de junio, antes de tomar posesión.</p>
<p> </p>
<p>Los dos pintores fueron las piezas claves de la decoración actual que podemos ver en el interior del templo, ya que gracias a ellos, la iglesia volvió a recuperar el esplendor que tuvo en el pasado y hoy combina perfectamente con el conjunto de retablos que podemos encontrar.</p>
<p> </p>
<p>No podemos dejar pasar de lado algo que maravilla a los visitantes y que es la gran cúpula elíptica que encontramos en el centro de la iglesia junto al retablo mayor. Primero destacamos la jerarquización luminosa que resulta clave en el templo a la hora de crear el espacio ilusorio del barroco,en una graduación que parte de la semipenumbra de las naves principal, y llega a su plenitud en el tramo central del crucero  merced a los ocho vanos practicados en la media naranja. De esta manera, la luz dirige de inmediato nuestra atención a la legión de dieciséis ángeles que, a las órdenes de San Miguel y pertrechados con armas de todo tipo tratan de luchar contra el demonio.</p>
<p> </p>
<p>La cúpula del templo corellano se convierte en el marco idóneo para escenificar ante nuestros ojos el pasaje del Apocalipsis 12, 7-9: “<em>Hubo una batalla en el cielo: Miguel y sus ángeles entablaron combate con el dragón”</em>.</p>
<p>   </p>
<p>Para llevar  a cabo su cometido,los ángeles adoptan una iconografía típicamente                militar.</p>
<p> </p>
<p>Destaca el dinamismo de la figura central que representa a San Miguel Arcángel, que se imprime a la figura inestable disposición de las piernas, al violento gesto del brazo y al movimiento de los amplios pliegues de la indumentaria. También restantes angeles, de vistoso plumaje en sus alas, visten ropaje militar con connotaciones negativas a través apocalíptico del dragón acompañado de diferentes figuras monstruosas, como el diablo que al caer extiende sus brazos pendidas del anillo de la cúpula son huecas y están trabajadas a base de cartón piedra ,telas y arpilleras encoladas.</p>
<p> </p>
<p>El conjunto resulta tosco, quizás porque al están atados a la cúpula buscan tan solo el efecto a distancia; pero a pesar de la de la lejanía, a nadie pasa desapercibido uno de los rasgos más peculiares de los ángeles corellanos como es su sorprendente armamento que incluye no solo las típicas lanzas y espadas, sino también armas de fuego como trabucos y arcabuces, conforme a una iconografía muy poco desarrollada en Occidente que parece enlazar con el arte virreinal, si bien nos inclinamos a pensar que los ángeles corellanos son “<em>hijos de su tiempo</em>” en una síntesis entre tradición y modernidad.</p>
<p> </p>
<p>En definitiva, la iglesia representa la teatralidad propia de la época barroca, que invita al espectador a contemplar un momento cumbre del pasado, propio de los siglos XVI, XVII y XVIII.</p>
<p><img loading="lazy" class="size-medium wp-image-6084 aligncenter" src="https://cpcorella.educacion.navarra.es/blogs/wp-content/uploads/2024/10/002-3-1-300x286.png" alt="" width="300" height="286" srcset="https://cpcorella.educacion.navarra.es/blogs/wp-content/uploads/2024/10/002-3-1-300x286.png 300w, https://cpcorella.educacion.navarra.es/blogs/wp-content/uploads/2024/10/002-3-1-1024x975.png 1024w, https://cpcorella.educacion.navarra.es/blogs/wp-content/uploads/2024/10/002-3-1-768x731.png 768w, https://cpcorella.educacion.navarra.es/blogs/wp-content/uploads/2024/10/002-3-1-555x528.png 555w, https://cpcorella.educacion.navarra.es/blogs/wp-content/uploads/2024/10/002-3-1.png 1432w" sizes="(max-width: 300px) 100vw, 300px" /></p>
<p> </p>

<p>Somos alumnos/as de la clase de 6º B y hemos investigado sobre la Parroquia de San Miguel Arcángel de Corella. Nuestro grupo formado por Irati, Melanie, Manar, Ibai y Rayan vamos a centrarnos curiosamente en dos artistas modernos que pintaron San Miguel cuando la reforma de 1949.   Ceferino Cabañas Palomar (1880-1950). Nació en Alcañiz &hellip; </p>
<p><a class="more-link btn" href="https://cpcorella.educacion.navarra.es/blogs/ceferino-cabanas-palomar-y-jacinto-alcantara-escultor/">Continue reading</a></p>
