{"id":6067,"date":"2024-10-23T18:46:55","date_gmt":"2024-10-23T16:46:55","guid":{"rendered":"https:\/\/cpcorella.educacion.navarra.es\/blogs\/?page_id=6067"},"modified":"2024-10-23T18:46:56","modified_gmt":"2024-10-23T16:46:56","slug":"retablo-mayor-juan-antonio-gutierrez-y-pedro-onofre","status":"publish","type":"page","link":"https:\/\/cpcorella.educacion.navarra.es\/blogs\/retablo-mayor-juan-antonio-gutierrez-y-pedro-onofre\/","title":{"rendered":"RETABLO MAYOR (JUAN ANTONIO GUTIERREZ Y PEDRO ONOFRE)"},"content":{"rendered":"\n<p><img loading=\"lazy\" class=\"size-medium wp-image-6068 aligncenter\" src=\"https:\/\/cpcorella.educacion.navarra.es\/blogs\/wp-content\/uploads\/2024\/10\/001-8-300x300.png\" alt=\"\" width=\"300\" height=\"300\" srcset=\"https:\/\/cpcorella.educacion.navarra.es\/blogs\/wp-content\/uploads\/2024\/10\/001-8-300x300.png 300w, https:\/\/cpcorella.educacion.navarra.es\/blogs\/wp-content\/uploads\/2024\/10\/001-8-150x150.png 150w, https:\/\/cpcorella.educacion.navarra.es\/blogs\/wp-content\/uploads\/2024\/10\/001-8-768x768.png 768w, https:\/\/cpcorella.educacion.navarra.es\/blogs\/wp-content\/uploads\/2024\/10\/001-8-555x555.png 555w, https:\/\/cpcorella.educacion.navarra.es\/blogs\/wp-content\/uploads\/2024\/10\/001-8.png 850w\" sizes=\"(max-width: 300px) 100vw, 300px\" \/><\/p>\n<p>Somos alumnos\/as de la clase de 6\u00ba B y hemos investigado sobre la Parroquia de San Miguel Arc\u00e1ngel de Corella. Nuestro grupo formado por Nahia, Abderahman, Alonso y Layla vamos a centrarnos en la historia del retablo mayor del templo, obra cumbre del barroco navarro.<\/p>\n<p>\u00a0<\/p>\n<p>La parte m\u00e1s llamativa de la iglesia parroquial de San Miguel Arc\u00e1ngel de Corella es sin duda el retablo mayor as\u00ed como la c\u00fapula con esa gran batalla celestial de \u00e1ngeles que disparan sus trabucos hacia el demonio.<\/p>\n<p>\u00a0<\/p>\n<p>En este caso, nos vamos a centrar m\u00e1s concretamente en el retablo mayor, siendo de tama\u00f1o monumental e impresionante, construido por el maestro Juan Antonio Guti\u00e9rrez entre 1718 y 1722, y que fue dorado en 1790 por Jos\u00e9 S\u00e1enz de Inestrillas. En el momento de su ejecuci\u00f3n fue un retablo vanguardista que incorpor\u00f3, en su estructura y especialmente en su decoraci\u00f3n, novedades que los grandes artistas espa\u00f1oles como Jos\u00e9 Benito de Churriguera estaban introduciendo en la Villa y Corte de Madrid.<\/p>\n<p>La escultura de Santa M\u00f3nica es de Juan Antonio Guti\u00e9rrez y el resto del imaginero Pedro de Onofre.<\/p>\n<p>Se trata de un retablo cascar\u00f3n de planta c\u00f3ncava. Se eleva sobre un gran pedestal en el que se sit\u00faan cuatro grandes m\u00e9nsulas con \u00e1ngeles talantes en las que apoyan otras tantas columnas salom\u00f3nicas o churriguerescas gigantes que articulan el cuerpo central, dejando entre ellas hornacinas donde su ubican las im\u00e1genes de Santa B\u00e1rbara, San Juan Bautista, San Juan Evangelista y Santa M\u00f3nica, la mejor talla del conjunto.<\/p>\n<p>Una potente cornisa y un front\u00f3n central partido dan paso al cascar\u00f3n gallonado que corona el conjunto y donde se sit\u00faa la Asunci\u00f3n, flanqueada por San Bernardo y San Francisco de Paula y dos escudos de armas de Corella.<\/p>\n<p>El eje central viene marcado por el sagrario-expositor, de gran desarrollo, que se remata con un baldaquino que alberga la imagen de San Miguel. El retablo, lleno de ritmo y movimiento, se caracteriza por su exuberante y fina decoraci\u00f3n donde podemos apreciar tableros y modillones vegetales, trofeos, guirnaldas de flores y cabezas de querubines, columnillas salom\u00f3nicas y un sinf\u00edn de detalles que lo sit\u00faan en uno de los retablos m\u00e1s importantes del panorama de la retabl\u00edstica barroca de Navarra.<\/p>\n<p>Gracias a la restauraci\u00f3n realizada entre los a\u00f1os 2007 y 2010 el retablo recuper\u00f3 los colores originales de cada pieza as\u00ed como ese dorado tan caracter\u00edstico de la \u00e9poca barroca que nos muestra todav\u00eda hoy c\u00f3mo a la hora de fabricarlo no escatimaron recursos.<\/p>\n<p>Tampoco es causal la aparici\u00f3n de los santos tallados que acompa\u00f1an al retablo, ya que aparece Santa M\u00f3nica en honor a San Agust\u00edn, pues el alcalde de Corella en el momento del encargo del retablo fue Agust\u00edn de Sesma y Sierra, constructor y due\u00f1o de la casa de las Cadenas.<\/p>\n<p>En definitiva, podemos decir que el retablo est\u00e1 perfectamente encajado en todo el conjunto monumental barroco, dejando al espectador y visitante con la boca abierta al descubrir una obra de tales dimensiones.<\/p>\n<p>\u00a0<\/p>\n<p><img loading=\"lazy\" class=\"alignnone size-medium wp-image-6068\" src=\"https:\/\/cpcorella.educacion.navarra.es\/blogs\/wp-content\/uploads\/2024\/10\/001-8-300x300.png\" alt=\"\" width=\"300\" height=\"300\" srcset=\"https:\/\/cpcorella.educacion.navarra.es\/blogs\/wp-content\/uploads\/2024\/10\/001-8-300x300.png 300w, https:\/\/cpcorella.educacion.navarra.es\/blogs\/wp-content\/uploads\/2024\/10\/001-8-150x150.png 150w, https:\/\/cpcorella.educacion.navarra.es\/blogs\/wp-content\/uploads\/2024\/10\/001-8-768x768.png 768w, https:\/\/cpcorella.educacion.navarra.es\/blogs\/wp-content\/uploads\/2024\/10\/001-8-555x555.png 555w, https:\/\/cpcorella.educacion.navarra.es\/blogs\/wp-content\/uploads\/2024\/10\/001-8.png 850w\" sizes=\"(max-width: 300px) 100vw, 300px\" \/> <img loading=\"lazy\" class=\"alignnone size-medium wp-image-6069\" src=\"https:\/\/cpcorella.educacion.navarra.es\/blogs\/wp-content\/uploads\/2024\/10\/002-2-1-237x300.png\" alt=\"\" width=\"237\" height=\"300\" srcset=\"https:\/\/cpcorella.educacion.navarra.es\/blogs\/wp-content\/uploads\/2024\/10\/002-2-1-237x300.png 237w, https:\/\/cpcorella.educacion.navarra.es\/blogs\/wp-content\/uploads\/2024\/10\/002-2-1-809x1024.png 809w, https:\/\/cpcorella.educacion.navarra.es\/blogs\/wp-content\/uploads\/2024\/10\/002-2-1-768x972.png 768w, https:\/\/cpcorella.educacion.navarra.es\/blogs\/wp-content\/uploads\/2024\/10\/002-2-1-1213x1536.png 1213w, https:\/\/cpcorella.educacion.navarra.es\/blogs\/wp-content\/uploads\/2024\/10\/002-2-1-555x703.png 555w, https:\/\/cpcorella.educacion.navarra.es\/blogs\/wp-content\/uploads\/2024\/10\/002-2-1.png 1247w\" sizes=\"(max-width: 237px) 100vw, 237px\" \/><\/p>\n<p>\u00a0<\/p>\n<p>Algunos de esos\u00a0 maestros destacaron por sus proyectos en la retabl\u00edstica regional d\u00e9cadas m\u00e1s tarde ,de manera especial<\/p>\n<p>\u00a0Pedro Onofre Coll y Diego de Camporredondo.<\/p>\n<p>\u00a0<\/p>\n<p>Un cronograma de las obras del retablo que nos ocupa extrajo Arrese de la documentaci\u00f3n .Los hitos m\u00e1s importantes de su proceso constructivo son los siguientes:<\/p>\n<p>\u00a0<\/p>\n<ul>\n<li>1718,junio:aprovisionamiento de madera que se trae de Soria y Salguero (segovia)<\/li>\n<li>1719,diciembre:se coloca el primer cuerpo del sagrario.<\/li>\n<li>1720,mayo:Pedro Onofre comienza a tallar las im\u00e1genes de los santos y de los \u00e1ngeles.<\/li>\n<li>1721,enero:est\u00e1 montado el retablo hasta la altura de la cornisa,no as\u00ed las columnas que estaban en el taller,una casa alquilada en Corella.<\/li>\n<li>1721,julio:se lleva a la iglesia la pieza m\u00e1s grande del cascar\u00f3n.<\/li>\n<li>1721,octubre:se colocan los escudos.<\/li>\n<li>1722,octubre:se colocan las estatuas de los santos.<\/li>\n<\/ul>\n<p>\u00a0<\/p>\n<p>\u00a0<\/p>\n<p>El retablo estuvo sin dorar hasta 1789 ,a\u00f1o en el que mediante el procedimiento de la suscripci\u00f3n popular y un fuerte donativo de don felipe de sesma se pudo acometer la obra,encarg\u00e1ndose al artista natural de Autol y residente en Corella,jos\u00e9 S\u00e1enz de Inestrillas,quien trabaj\u00f3 en el proyecto entre 1790 y 1791.Los apagados oros del retablo parec\u00edan hablar de una policrom\u00eda no coet\u00e1nea a las obras del retablo propiamente dicho.<\/p>\n<p>\u00a0<\/p>\n","protected":false},"excerpt":{"rendered":"<p>Somos alumnos\/as de la clase de 6\u00ba B y hemos investigado sobre la Parroquia de San Miguel Arc\u00e1ngel de Corella. Nuestro grupo formado por Nahia, Abderahman, Alonso y Layla vamos a centrarnos en la historia del retablo mayor del templo, obra cumbre del barroco navarro. \u00a0 La parte m\u00e1s llamativa de la iglesia parroquial de &hellip; <\/p>\n<p><a class=\"more-link btn\" href=\"https:\/\/cpcorella.educacion.navarra.es\/blogs\/retablo-mayor-juan-antonio-gutierrez-y-pedro-onofre\/\">Continue reading<\/a><\/p>\n","protected":false},"author":6,"featured_media":0,"parent":0,"menu_order":0,"comment_status":"closed","ping_status":"closed","template":"","meta":[],"_links":{"self":[{"href":"https:\/\/cpcorella.educacion.navarra.es\/blogs\/wp-json\/wp\/v2\/pages\/6067"}],"collection":[{"href":"https:\/\/cpcorella.educacion.navarra.es\/blogs\/wp-json\/wp\/v2\/pages"}],"about":[{"href":"https:\/\/cpcorella.educacion.navarra.es\/blogs\/wp-json\/wp\/v2\/types\/page"}],"author":[{"embeddable":true,"href":"https:\/\/cpcorella.educacion.navarra.es\/blogs\/wp-json\/wp\/v2\/users\/6"}],"replies":[{"embeddable":true,"href":"https:\/\/cpcorella.educacion.navarra.es\/blogs\/wp-json\/wp\/v2\/comments?post=6067"}],"version-history":[{"count":1,"href":"https:\/\/cpcorella.educacion.navarra.es\/blogs\/wp-json\/wp\/v2\/pages\/6067\/revisions"}],"predecessor-version":[{"id":6072,"href":"https:\/\/cpcorella.educacion.navarra.es\/blogs\/wp-json\/wp\/v2\/pages\/6067\/revisions\/6072"}],"wp:attachment":[{"href":"https:\/\/cpcorella.educacion.navarra.es\/blogs\/wp-json\/wp\/v2\/media?parent=6067"}],"curies":[{"name":"wp","href":"https:\/\/api.w.org\/{rel}","templated":true}]}}