{"id":6048,"date":"2024-10-23T18:36:54","date_gmt":"2024-10-23T16:36:54","guid":{"rendered":"https:\/\/cpcorella.educacion.navarra.es\/blogs\/?page_id=6048"},"modified":"2024-10-23T18:36:55","modified_gmt":"2024-10-23T16:36:55","slug":"casa-de-los-ezpeleta","status":"publish","type":"page","link":"https:\/\/cpcorella.educacion.navarra.es\/blogs\/casa-de-los-ezpeleta\/","title":{"rendered":"CASA DE LOS EZPELETA"},"content":{"rendered":"\n<p>Con motivo de las Jornadas Barrocas que todos los a\u00f1os organiza en octubre el Ayuntamiento de Corella para dar a conocer la historia de Corella y recordar el acontecimiento m\u00e1s importante que sucedi\u00f3 en Corella en la \u00e9poca barroca como es la llegada y estancia por cuatro meses del rey Felipe V con su familia, desde el \u00c1rea de Lengua castellana hemos realizado un trabajo de investigaci\u00f3n sobre edificios barrocos de Corella. Somos alumnos\/as de la clase de 6\u00ba C del Colegio P\u00fablico Ciudad de Corella. En nuestro caso, el grupo est\u00e1 formado por Enzo, Aleis, Mariam, Ibtissam y Ahmed y dentro de la tem\u00e1tica del Palacio de los Virto de Vera nos ha tocado centrarnos m\u00e1s concretamente en la historia de la casa primog\u00e9nita de los Virto de Vera que utilizaron el matrimonio formado por Juan Ferm\u00edn Virto de Vera y Josefa de Anchorena antes de construir su casa palacio.<\/p>\n<p>\u00a0<\/p>\n<p>La casa que vamos a describir se encuentra en la calle Emilio Malumbre concretamente en el n\u00ba 4, pr\u00f3xima a la Plaza del Ayuntamiento de Corella.<\/p>\n<p>\u00a0<\/p>\n<p>La fachada de la casa luce en el centro un escudo barroco, donde aparece un yelmo por timbre, mascar\u00f3n inferior, orla con vegetaci\u00f3n, \u00e1guila y ni\u00f1o, aloja las armas de los Virto de Vera, Anchorena, Larreta, Ezpeleta, Beramendi y Azpilcueta, ricamente tallados en alabastro.<\/p>\n<p>\u00a0<\/p>\n<p>Hay constancia escrita de que fue residencia del matrimonio formado por Juan Fermi\u0301n Virto de Vera y M\u00aa Josefa Anchorena antes de construir su residencia principal en 1741 en la plaza de los Fueros. No obstante, la casa perteneci\u0301a a Francisca de Ezpeleta, madre de Josefa, quien compro\u0301 este edificio construido en el siglo XVII en torno al an\u0303o 1710. C\u00f3mo muri\u00f3 Francisca, su hija y su yerno colocaron un escudo nuevo porque en 1734 consiguieron la ejecutoria de hidalgu\u00eda por la que eran reconocidos como familia noble con derecho a tener escudo nobiliario en su fachada.<\/p>\n<p>\u00a0<\/p>\n<p>La casa corresponde al modelo t\u00edpico de la arquitectura dom\u00e9stica de esa \u00e9poca con dos balcones sim\u00e9tricos dispuestos en cada uno de los pisos superiores y coronado con una galer\u00eda de adintelado en el \u00e1tico y un alero de madera tallada de gran vuelo. Toda la fachada est\u00e1 realizada en ladrillo de arcilla cocido al horno como es t\u00edpico en esta zona dada la carencia de piedra para realizar grandes construcciones. A su vez destacan las forjas originales de los balcones, con escasa decoraci\u00f3n.<\/p>\n<p>\u00a0<\/p>\n<p>Tambi\u00e9n fue casa importante para la historia de Corella, ya que se le vincula como la casa del Santo Oficio o casa de Inquisici\u00f3n, pues era en ella donde se reun\u00eda el Tribunal del Santo Oficio de la Inquisici\u00f3n para tratar de analizar los procesos inquisitoriales abiertos contra aquellos que no respetaran las normas marcadas por la Iglesia Cat\u00f3lica.<\/p>\n<p>\u00a0<\/p>\n<p>No es de extra\u00f1ar la elecci\u00f3n de esta casa como casa principal del Santo Oficio, por su cercan\u00eda a las principales plazas de Corella as\u00ed como por su acceso a una de las m\u00e1s importantes galer\u00edas o t\u00faneles subterr\u00e1neos que traspasan el subsuelo del casco hist\u00f3rico, pues serv\u00eda como v\u00eda de escape as\u00ed como lugar adecuado para apresar a los herejes o sospechosos.<\/p>\n<p>\u00a0<\/p>\n<p>Al hablar de t\u00faneles subterr\u00e1neos, podemos decir que todo el subsuelo est\u00e1 comunicado por numerosos pasadizos que tuvieron su origen durante la \u00e9poca medieval y que en el barroco fueron cort\u00e1ndose con muros, para que a su vez sirvieran de bodegas donde elaborar vino en los bajos de las casas palacio.<\/p>\n<p>\u00a0<\/p>\n<p>En esta casa, junto con otra que hay pegada al Ayuntamiento, se conservan unos curiosos ganchos de forma que diversos investigadores han estudiado y comentado, llegando a las conclusiones de poder ser ganchos donde colgar el cartel de oficio que hab\u00eda en la casa como \u201ccasa de zapatero\u201d, \u201ccasa de Inquisici\u00f3n\u201d, etc. e incluso para poder colgar faroles o pendones en los d\u00edas importantes.<\/p>\n<p>\u00a0<\/p>\n<p>En definitiva, hemos querido dar a conocer esta casa por su vinculaci\u00f3n con la mencionada familia, ya que demuestra c\u00f3mo los nobles corellanos a medida que acumulaban riquezas y dinero constru\u00edan viviendas m\u00e1s lujosas y grandes como el palacio de los Virto de Vera.<\/p>\n<p><img loading=\"lazy\" class=\"alignnone  wp-image-6049\" src=\"https:\/\/cpcorella.educacion.navarra.es\/blogs\/wp-content\/uploads\/2024\/10\/001-8-300x144.jpg\" alt=\"\" width=\"823\" height=\"395\" srcset=\"https:\/\/cpcorella.educacion.navarra.es\/blogs\/wp-content\/uploads\/2024\/10\/001-8-300x144.jpg 300w, https:\/\/cpcorella.educacion.navarra.es\/blogs\/wp-content\/uploads\/2024\/10\/001-8.jpg 524w\" sizes=\"(max-width: 823px) 100vw, 823px\" \/><\/p>\n","protected":false},"excerpt":{"rendered":"<p>Con motivo de las Jornadas Barrocas que todos los a\u00f1os organiza en octubre el Ayuntamiento de Corella para dar a conocer la historia de Corella y recordar el acontecimiento m\u00e1s importante que sucedi\u00f3 en Corella en la \u00e9poca barroca como es la llegada y estancia por cuatro meses del rey Felipe V con su familia, &hellip; <\/p>\n<p><a class=\"more-link btn\" href=\"https:\/\/cpcorella.educacion.navarra.es\/blogs\/casa-de-los-ezpeleta\/\">Continue reading<\/a><\/p>\n","protected":false},"author":6,"featured_media":0,"parent":0,"menu_order":0,"comment_status":"closed","ping_status":"closed","template":"","meta":[],"_links":{"self":[{"href":"https:\/\/cpcorella.educacion.navarra.es\/blogs\/wp-json\/wp\/v2\/pages\/6048"}],"collection":[{"href":"https:\/\/cpcorella.educacion.navarra.es\/blogs\/wp-json\/wp\/v2\/pages"}],"about":[{"href":"https:\/\/cpcorella.educacion.navarra.es\/blogs\/wp-json\/wp\/v2\/types\/page"}],"author":[{"embeddable":true,"href":"https:\/\/cpcorella.educacion.navarra.es\/blogs\/wp-json\/wp\/v2\/users\/6"}],"replies":[{"embeddable":true,"href":"https:\/\/cpcorella.educacion.navarra.es\/blogs\/wp-json\/wp\/v2\/comments?post=6048"}],"version-history":[{"count":1,"href":"https:\/\/cpcorella.educacion.navarra.es\/blogs\/wp-json\/wp\/v2\/pages\/6048\/revisions"}],"predecessor-version":[{"id":6052,"href":"https:\/\/cpcorella.educacion.navarra.es\/blogs\/wp-json\/wp\/v2\/pages\/6048\/revisions\/6052"}],"wp:attachment":[{"href":"https:\/\/cpcorella.educacion.navarra.es\/blogs\/wp-json\/wp\/v2\/media?parent=6048"}],"curies":[{"name":"wp","href":"https:\/\/api.w.org\/{rel}","templated":true}]}}