{"id":6042,"date":"2024-10-23T18:35:22","date_gmt":"2024-10-23T16:35:22","guid":{"rendered":"https:\/\/cpcorella.educacion.navarra.es\/blogs\/?page_id=6042"},"modified":"2024-10-23T18:35:23","modified_gmt":"2024-10-23T16:35:23","slug":"juan-fermin-virto-de-vera","status":"publish","type":"page","link":"https:\/\/cpcorella.educacion.navarra.es\/blogs\/juan-fermin-virto-de-vera\/","title":{"rendered":"JUAN FERM\u00cdN VIRTO DE VERA"},"content":{"rendered":"\n<p>Con motivo de las Jornadas Barrocas que todos los a\u00f1os organiza en octubre el Ayuntamiento de Corella para dar a conocer la historia de Corella y recordar el acontecimiento m\u00e1s importante que sucedi\u00f3 en Corella en la \u00e9poca barroca, como es la llegada y estancia por cuatro meses del rey Felipe V con su familia, desde el \u00c1rea de Lengua castellana hemos realizado un trabajo de investigaci\u00f3n sobre edificios barrocos de Corella. Somos alumnos\/as de la clase de 6\u00ba C del Colegio P\u00fablico Ciudad de Corella. En nuestro caso, el grupo est\u00e1 formado por Ariadne, Austyn, Izan, Sof\u00eda y Soufiane y dentro de la tem\u00e1tica del Palacio de los Virto de Vera nos ha tocado centrarnos en dar a conocer la vida del constructor y due\u00f1o del palacio, D. Juan Ferm\u00edn Virto de Vera as\u00ed como de su familia.<\/p>\n<p>\u00a0<\/p>\n<p>Juan Ferm\u00edn Virto de Vera naci\u00f3 en Pamplona el 26 de enero de 1688. Se cas\u00f3 en la iglesia del Rosario el 26 de diciembre de 1712 con Do\u00f1a Josefa de Anchorena y Ezpeleta, nacida en Corella diecisiete a\u00f1os antes.<\/p>\n<p>\u00a0<\/p>\n<p>D.Juan Ferm\u00edn era descendiente de una reconocida familia de hidalgos procedente de la localidad de Peroniel de los Hidalgos (Soria) que vino a Corella a finales del siglo XV. Fue el primog\u00e9nito y heredero universal de toda la fortuna de su padre, Mart\u00edn Virto de Vera y Azpilicueta, una herencia cuantiosa y procedente del comercio lanar.<\/p>\n<p>\u00a0<\/p>\n<p>Ocup\u00f3 el cargo de Escribano Real. Solicit\u00f3 junto con su esposa a la Real Corte de Pamplona la ejecutoria de hidalgu\u00eda por la que solicitaban que fueran reconocidos como nobles tal y como figura en el documento (32 p\u00e1ginas, fechado el 18 de agosto de 1734) que recoge su escudo nobiliario, el mismo que colocaron tallado en piedra en la fachada con las armas de sus apellidos.<\/p>\n<p>\u00a0<\/p>\n<p>Dicho matrimonio construy\u00f3 su casa &#8211; palacio de la Plaza de los Fueros en 1741 como vivienda del matrimonio y su descendencia, formada por 14 hijos, destacando los siguientes:<\/p>\n<p>\u00a0<\/p>\n<ul>\n<li>Joaqu\u00edn Virto de Vera y Anchorena: que contrajo matrimonio con Bernarda de Sesma e Iblusqueta (conocida como la coronela gracias al nombramiento otorgado por Felipe V), propietaria del palacio de las Cadenas, quedando unidos los dos palacios corellanos.<\/li>\n<\/ul>\n<p>\u00a0<\/p>\n<ul>\n<li>Mart\u00edn Jos\u00e9, fraile del monasterio de Iranzu, conocido con el nombre de Fray Bernardo.<\/li>\n<\/ul>\n<p>\u00a0<\/p>\n<ul>\n<li>Jos\u00e9, Coronel de los Reales Ej\u00e9rcitos, que falleci\u00f3 en Palma de Mallorca.<\/li>\n<\/ul>\n<p>\u00a0<\/p>\n<ul>\n<li>Ignacio, que fue alcalde de Corella en 1774 y 1781.<\/li>\n<\/ul>\n<p>\u00a0<\/p>\n<ul>\n<li>Juan de la Cruz, alcalde tambi\u00e9n de Corella en 1777, 1780 y 1783.<\/li>\n<\/ul>\n<p>\u00a0<\/p>\n<p>Cuando investigamos sobre las familias nobiliarias, es com\u00fan encontrar tal y como hemos comentado m\u00e1s arriba, que todas ellas sol\u00edan crear mayorazgos, algo muy habitual en la \u00e9poca barroca y m\u00e1s concretamente en los due\u00f1os de los palacios.<\/p>\n<p>\u00a0<\/p>\n<p>Llamamos mayorazgo a una forma del antiguo r\u00e9gimen que consist\u00eda en dejar la herencia de un matrimonio toda al hijo mayor var\u00f3n, para que la administrara y con el objetivo de no subdividirla en partes m\u00e1s peque\u00f1as. Eso ten\u00eda un aspecto positivo, que era aumentar cada vez m\u00e1s las propiedades, mientras que el negativo era que el resto de hermanos\/as de la familia no heredaba, por lo que su padre y madre se encargaban de casarlo o de que se hiciera religioso\/a para que tuviera el futuro solucionado.<\/p>\n<p>\u00a0<\/p>\n<p>Los bienes vinculados a un mayorazgo, no pod\u00edan repartirse en herencia ni venderse. A su vez era posible ir incorporando nuevos elementos a la relaci\u00f3n. De esta manera, todo aquello incluido en el mayorazgo era heredado de manera indisoluble por una \u00fanica persona, que sol\u00eda ser el primog\u00e9nito var\u00f3n, aunque pod\u00eda tratarse de otro hijo.<\/p>\n<p>Al momento de fijar las condiciones del mayorazgo, se defin\u00edan tambi\u00e9n las <a href=\"https:\/\/definicion.de\/obligacion\/\">obligaciones<\/a> que adquir\u00eda el heredero. Una de las m\u00e1s usuales era la adopci\u00f3n del apellido si no lo ten\u00eda.<\/p>\n<p>La <a href=\"https:\/\/definicion.de\/regulacion\/\">regulaci\u00f3n<\/a> del mayorazgo se llevaba a cabo por medio de las llamadas leyes de Toro en el a\u00f1o 1505, cuando reinaban los Reyes Cat\u00f3licos. \u00c9stas surgieron de la actividad legislativa y se fijaron luego del fallecimiento de la Reina Isabel en la ciudad de Toro, en el marco de una reuni\u00f3n de las Cortes. Se trata de un grupo de 83 leyes que se promulgaron el 7 de marzo en nombre de Juana I de Castilla, entonces reina.<\/p>\n<p>Si bien el mayorazgo surgi\u00f3, por lo tanto, en el \u00e1mbito de la realeza, cabe mencionar que algunas familias de la <a href=\"https:\/\/definicion.de\/burguesia\/\">burgues\u00eda<\/a>, que por aquel entonces comenzaba a surgir en Castilla, tambi\u00e9n suscribieron a esta figura legal para llevar a cabo el control del fraccionamiento de sus bienes y proteger su poder econ\u00f3mico.<\/p>\n<p>Por lo general, el mayorazgo se creaba en m\u00e1s de una fase; en la primera se sol\u00eda vincular una casa <a href=\"https:\/\/definicion.de\/solar\/\">solar<\/a> o un solar, a veces incluyendo un t\u00edtulo nobiliario, el cual pasaba con todos los dem\u00e1s bienes. A los que se exclu\u00eda del mayorazgo se les brindaba de alg\u00fan modo la condici\u00f3n de hidalgu\u00eda (un t\u00e9rmino que en Espa\u00f1a y Portugal se usa como sin\u00f3nimo de \u00abnobleza\u00bb, aunque tambi\u00e9n de \u00abnobleza sin t\u00edtulo\u00bb).<\/p>\n<p>Si bien el mayorazgo les daba la posibilidad de agregar otros bienes al <a href=\"https:\/\/definicion.de\/vinculo\/\">v\u00ednculo<\/a>, no les permit\u00eda repartir en herencia ni enajenar los que ya hubiesen sido vinculados.<\/p>\n<p>Con este trabajo por tanto, hemos podido conocer c\u00f3mo fue la familia de Juan Ferm\u00edn Virto de Vera, as\u00ed como la forma de sucesi\u00f3n mediante herencia de las propiedades que ten\u00edan los nobles durante la \u00e9poca barroca.<\/p>\n<p><img loading=\"lazy\" class=\" wp-image-6043 aligncenter\" src=\"https:\/\/cpcorella.educacion.navarra.es\/blogs\/wp-content\/uploads\/2024\/10\/001-7-272x300.jpg\" alt=\"\" width=\"569\" height=\"628\" srcset=\"https:\/\/cpcorella.educacion.navarra.es\/blogs\/wp-content\/uploads\/2024\/10\/001-7-272x300.jpg 272w, https:\/\/cpcorella.educacion.navarra.es\/blogs\/wp-content\/uploads\/2024\/10\/001-7-555x613.jpg 555w, https:\/\/cpcorella.educacion.navarra.es\/blogs\/wp-content\/uploads\/2024\/10\/001-7.jpg 584w\" sizes=\"(max-width: 569px) 100vw, 569px\" \/><\/p>\n","protected":false},"excerpt":{"rendered":"<p>Con motivo de las Jornadas Barrocas que todos los a\u00f1os organiza en octubre el Ayuntamiento de Corella para dar a conocer la historia de Corella y recordar el acontecimiento m\u00e1s importante que sucedi\u00f3 en Corella en la \u00e9poca barroca, como es la llegada y estancia por cuatro meses del rey Felipe V con su familia, &hellip; <\/p>\n<p><a class=\"more-link btn\" href=\"https:\/\/cpcorella.educacion.navarra.es\/blogs\/juan-fermin-virto-de-vera\/\">Continue reading<\/a><\/p>\n","protected":false},"author":6,"featured_media":0,"parent":0,"menu_order":0,"comment_status":"closed","ping_status":"closed","template":"","meta":[],"_links":{"self":[{"href":"https:\/\/cpcorella.educacion.navarra.es\/blogs\/wp-json\/wp\/v2\/pages\/6042"}],"collection":[{"href":"https:\/\/cpcorella.educacion.navarra.es\/blogs\/wp-json\/wp\/v2\/pages"}],"about":[{"href":"https:\/\/cpcorella.educacion.navarra.es\/blogs\/wp-json\/wp\/v2\/types\/page"}],"author":[{"embeddable":true,"href":"https:\/\/cpcorella.educacion.navarra.es\/blogs\/wp-json\/wp\/v2\/users\/6"}],"replies":[{"embeddable":true,"href":"https:\/\/cpcorella.educacion.navarra.es\/blogs\/wp-json\/wp\/v2\/comments?post=6042"}],"version-history":[{"count":1,"href":"https:\/\/cpcorella.educacion.navarra.es\/blogs\/wp-json\/wp\/v2\/pages\/6042\/revisions"}],"predecessor-version":[{"id":6046,"href":"https:\/\/cpcorella.educacion.navarra.es\/blogs\/wp-json\/wp\/v2\/pages\/6042\/revisions\/6046"}],"wp:attachment":[{"href":"https:\/\/cpcorella.educacion.navarra.es\/blogs\/wp-json\/wp\/v2\/media?parent=6042"}],"curies":[{"name":"wp","href":"https:\/\/api.w.org\/{rel}","templated":true}]}}