{"id":6036,"date":"2024-10-23T18:33:35","date_gmt":"2024-10-23T16:33:35","guid":{"rendered":"https:\/\/cpcorella.educacion.navarra.es\/blogs\/?page_id=6036"},"modified":"2024-10-23T18:33:36","modified_gmt":"2024-10-23T16:33:36","slug":"historia-del-palacio-de-los-virto-de-vera","status":"publish","type":"page","link":"https:\/\/cpcorella.educacion.navarra.es\/blogs\/historia-del-palacio-de-los-virto-de-vera\/","title":{"rendered":"HISTORIA DEL PALACIO DE LOS VIRTO DE VERA"},"content":{"rendered":"\n<p>Con motivo de las Jornadas Barrocas que todos los a\u00f1os organiza en octubre el Ayuntamiento de Corella para dar a conocer la historia de Corella y recordar el acontecimiento m\u00e1s importante que sucedi\u00f3 en Corella en la \u00e9poca barroca como es la llegada y estancia por cuatro meses del rey Felipe V con su familia, desde el \u00c1rea de Lengua castellana hemos realizado un trabajo de investigaci\u00f3n sobre edificios barrocos de Corella. Somos alumnos\/as de la clase de 6\u00ba C del Colegio P\u00fablico Ciudad de Corella. En nuestro caso, el grupo est\u00e1 formado por Hugo, Luc\u00eda, Saif, Marwan e Isra y dentro de la tem\u00e1tica del Palacio de los Virto de Vera nos ha tocado centrarnos m\u00e1s concretamente en la historia del palacio de los Virto de Vera, tanto a nivel de la construcci\u00f3n como la descripci\u00f3n general del mismo.<\/p>\n<p>\u00a0<\/p>\n<p>El Palacio de los Virto de Vera de Corella es uno de los edificios m\u00e1s importantes del casco hist\u00f3rico de Corella, ubicado en la c\u00e9ntrica Plaza de los Fueros, que antes fue Plaza de Toros, donde se realizaban los principales festejos taurinos de las fiestas de Corella.<\/p>\n<p>\u00a0<\/p>\n<p>A su vez, es un edificio ampliamente estudiado y conocido dentro de las investigaciones de la \u00e9poca barroca, ya que se considera el edificio m\u00e1s ejemplar dentro de la arquitectura barroca de la ribera del Ebro, con esa influencia en el uso del ladrillo de arcilla ricamente colocado para crear movimientos y juegos de luces y sombras con la incidencia del sol a lo largo de las horas del d\u00eda.<\/p>\n<p>\u00a0<\/p>\n<p>Este edificio fue construido en 1741 por Juan Ferm\u00edn Virto de Vera y M\u00aa Josefa de Anchorena, matrimonio formado en 1712.<\/p>\n<p>\u00a0<\/p>\n<p>Centr\u00e1ndonos en la familia, podemos decir que Juan Fermi\u0301n era descendiente de una reconocida familia hidalga procedente de Peroniel de los Hidalgos (Soria) que se asento\u0301 en Corella a finales del s. XV. La familia se dedicaba al comercio lanar, lo que hizo aumentar sus ingresos gracias al arrendamiento de impuestos, rentas reales mientras ejerc\u00eda el cargo de Comisario Receptor de los Tribunales Reales a partir de 1685, ocupando tambi\u00e9n cargos como Tesorero General del Reino e incluso miembro del Consejo del Rey a partir de 1713.<\/p>\n<p>\u00a0<\/p>\n<p>Esa importante situaci\u00f3n econ\u00f3mica le permiti\u00f3 sobrevivir con el comercio lanar as\u00ed como especializarse en la venta de productos coloniales y textiles. Cuant\u00eda suficiente para poder construir esa casa palacio, alimentar a los numerosos hijos\/as de la familia y mantener el personal de servicio de la casa. Descendientes de esa familia ocuparon cargos importantes en la pol\u00edtica, llegando a ser algunos de ellos alcaldes de Corella.<\/p>\n<p>\u00a0<\/p>\n<p>Centr\u00e1ndonos ahora en la casa palacio, pasaremos a describir el edificio tanto a nivel externo (fachada) como a nivel interno (interior).<\/p>\n<p>\u00a0<\/p>\n<p>El gran edificio es muestra del s\u00edmbolo de poder alcanzado por la saga de los Virto de Vera y Azpilcueta, siendo un bloque c\u00fabico de cinco plantas construido en ladrillo. En la fachada principal la primera altura muestra una portada centrada de arco de medio punto encajado entre pilastras toscanas con decoraciones cera\u0301micas, y a sus laterales grandes ventanas protegidas con rejas de clavos floreados. En el centro de la segunda y tercera altura se situ\u0301a el balco\u0301n principal y el escudo de armas de la familia \u2013 de acuerdo con la hidalgui\u0301a obtenida por el mencionado matrimonio en 1734- enmarcado por follaje vegetal de yeso junto a grandes balcones laterales. Y en la cuarta asoma una galeri\u0301a de cinco arcos de medio punto y pilastras junto a un alero de madera de me\u0301nsulas decoradas.<\/p>\n<p>\u00a0<\/p>\n<p>Asi\u0301 mismo, en la planta s\u00f3tano encontramos unas grandes bodegas destinadas a la elaboraci\u00f3n de vino, gracias a las tierras que ten\u00eda la familia en campos cercanos a Corella. La planta baja adem\u00e1s de tener diversos habit\u00e1culos destinados a cuadras y almacenes, se abre un gran portal que da acceso a la maravillosa escalera cerrada con una cubierta apoyada sobre una cornisa decorada con yeserias vegetales y tres tramos dobles de bo\u0301veda de arista -en cuyos dos puntos centrales se situ\u0301an entablamentos suspendidos decorados con las armas de la familia- que convierten el espacio en un gran patio velado, siguiendo los modelos de la escalera del Monasterio de la Oliva, donde un hijo del matrimonio estaba viviendo como religioso, con el fin de recordar la vinculaci\u00f3n de su casa con el monasterio.<\/p>\n<p>\u00a0<\/p>\n<p>Todos los balcones de la fachada son sim\u00e9tricos, mientras que los del tercer piso son arcos de medio punto cerrados por barandillas de hierro los del segundo piso son cuadrados con peque\u00f1os balcones y los del primer piso son iguales pero con balcones m\u00e1s grandes. Algunos balcones los podemos ver modificados pero en general poseen rica rejer\u00eda cincelada apoyados en vistosas tornapuntas.<\/p>\n<p>\u00a0<\/p>\n<p>En la parte central de la fachada podemos ver un gran escudo, siendo el escudo de los Virto de Vera y Anchorena. Dicha pieza tiene en la parte superior un casco de un caballero y dos loros rodeados con un escudo con dos leones y dos escudos peque\u00f1os, que representa.<\/p>\n<p>\u00a0<\/p>\n<p>En la actualidad es una casa sin habitar, que hasta hace poco tiempo estuvo habitada por descendientes de la familia que la construy\u00f3, que con gran esmero cuid\u00f3 y mantuvo. Como hemos dicho, es una de las casas m\u00e1s importantes del barroco corellano.<\/p>\n<p>\u00a0<\/p>\n<p>Aqu\u00ed tenemos una foto antigua y otra de la actualidad.<\/p>\n<p><img loading=\"lazy\" class=\"wp-image-6037 aligncenter\" src=\"https:\/\/cpcorella.educacion.navarra.es\/blogs\/wp-content\/uploads\/2024\/10\/001-6-265x300.jpg\" alt=\"\" width=\"592\" height=\"670\" srcset=\"https:\/\/cpcorella.educacion.navarra.es\/blogs\/wp-content\/uploads\/2024\/10\/001-6-265x300.jpg 265w, https:\/\/cpcorella.educacion.navarra.es\/blogs\/wp-content\/uploads\/2024\/10\/001-6.jpg 553w\" sizes=\"(max-width: 592px) 100vw, 592px\" \/><\/p>\n<p>\u00a0<\/p>\n","protected":false},"excerpt":{"rendered":"<p>Con motivo de las Jornadas Barrocas que todos los a\u00f1os organiza en octubre el Ayuntamiento de Corella para dar a conocer la historia de Corella y recordar el acontecimiento m\u00e1s importante que sucedi\u00f3 en Corella en la \u00e9poca barroca como es la llegada y estancia por cuatro meses del rey Felipe V con su familia, &hellip; <\/p>\n<p><a class=\"more-link btn\" href=\"https:\/\/cpcorella.educacion.navarra.es\/blogs\/historia-del-palacio-de-los-virto-de-vera\/\">Continue reading<\/a><\/p>\n","protected":false},"author":6,"featured_media":0,"parent":0,"menu_order":0,"comment_status":"closed","ping_status":"closed","template":"","meta":[],"_links":{"self":[{"href":"https:\/\/cpcorella.educacion.navarra.es\/blogs\/wp-json\/wp\/v2\/pages\/6036"}],"collection":[{"href":"https:\/\/cpcorella.educacion.navarra.es\/blogs\/wp-json\/wp\/v2\/pages"}],"about":[{"href":"https:\/\/cpcorella.educacion.navarra.es\/blogs\/wp-json\/wp\/v2\/types\/page"}],"author":[{"embeddable":true,"href":"https:\/\/cpcorella.educacion.navarra.es\/blogs\/wp-json\/wp\/v2\/users\/6"}],"replies":[{"embeddable":true,"href":"https:\/\/cpcorella.educacion.navarra.es\/blogs\/wp-json\/wp\/v2\/comments?post=6036"}],"version-history":[{"count":1,"href":"https:\/\/cpcorella.educacion.navarra.es\/blogs\/wp-json\/wp\/v2\/pages\/6036\/revisions"}],"predecessor-version":[{"id":6040,"href":"https:\/\/cpcorella.educacion.navarra.es\/blogs\/wp-json\/wp\/v2\/pages\/6036\/revisions\/6040"}],"wp:attachment":[{"href":"https:\/\/cpcorella.educacion.navarra.es\/blogs\/wp-json\/wp\/v2\/media?parent=6036"}],"curies":[{"name":"wp","href":"https:\/\/api.w.org\/{rel}","templated":true}]}}

<p>Con motivo de las Jornadas Barrocas que todos los años organiza en octubre el Ayuntamiento de Corella para dar a conocer la historia de Corella y recordar el acontecimiento más importante que sucedió en Corella en la época barroca como es la llegada y estancia por cuatro meses del rey Felipe V con su familia, desde el Área de Lengua castellana hemos realizado un trabajo de investigación sobre edificios barrocos de Corella. Somos alumnos/as de la clase de 6º C del Colegio Público Ciudad de Corella. En nuestro caso, el grupo está formado por Hugo, Lucía, Saif, Marwan e Isra y dentro de la temática del Palacio de los Virto de Vera nos ha tocado centrarnos más concretamente en la historia del palacio de los Virto de Vera, tanto a nivel de la construcción como la descripción general del mismo.</p>
<p> </p>
<p>El Palacio de los Virto de Vera de Corella es uno de los edificios más importantes del casco histórico de Corella, ubicado en la céntrica Plaza de los Fueros, que antes fue Plaza de Toros, donde se realizaban los principales festejos taurinos de las fiestas de Corella.</p>
<p> </p>
<p>A su vez, es un edificio ampliamente estudiado y conocido dentro de las investigaciones de la época barroca, ya que se considera el edificio más ejemplar dentro de la arquitectura barroca de la ribera del Ebro, con esa influencia en el uso del ladrillo de arcilla ricamente colocado para crear movimientos y juegos de luces y sombras con la incidencia del sol a lo largo de las horas del día.</p>
<p> </p>
<p>Este edificio fue construido en 1741 por Juan Fermín Virto de Vera y Mª Josefa de Anchorena, matrimonio formado en 1712.</p>
<p> </p>
<p>Centrándonos en la familia, podemos decir que Juan Fermín era descendiente de una reconocida familia hidalga procedente de Peroniel de los Hidalgos (Soria) que se asentó en Corella a finales del s. XV. La familia se dedicaba al comercio lanar, lo que hizo aumentar sus ingresos gracias al arrendamiento de impuestos, rentas reales mientras ejercía el cargo de Comisario Receptor de los Tribunales Reales a partir de 1685, ocupando también cargos como Tesorero General del Reino e incluso miembro del Consejo del Rey a partir de 1713.</p>
<p> </p>
<p>Esa importante situación económica le permitió sobrevivir con el comercio lanar así como especializarse en la venta de productos coloniales y textiles. Cuantía suficiente para poder construir esa casa palacio, alimentar a los numerosos hijos/as de la familia y mantener el personal de servicio de la casa. Descendientes de esa familia ocuparon cargos importantes en la política, llegando a ser algunos de ellos alcaldes de Corella.</p>
<p> </p>
<p>Centrándonos ahora en la casa palacio, pasaremos a describir el edificio tanto a nivel externo (fachada) como a nivel interno (interior).</p>
<p> </p>
<p>El gran edificio es muestra del símbolo de poder alcanzado por la saga de los Virto de Vera y Azpilcueta, siendo un bloque cúbico de cinco plantas construido en ladrillo. En la fachada principal la primera altura muestra una portada centrada de arco de medio punto encajado entre pilastras toscanas con decoraciones cerámicas, y a sus laterales grandes ventanas protegidas con rejas de clavos floreados. En el centro de la segunda y tercera altura se sitúa el balcón principal y el escudo de armas de la familia – de acuerdo con la hidalguía obtenida por el mencionado matrimonio en 1734- enmarcado por follaje vegetal de yeso junto a grandes balcones laterales. Y en la cuarta asoma una galería de cinco arcos de medio punto y pilastras junto a un alero de madera de ménsulas decoradas.</p>
<p> </p>
<p>Así mismo, en la planta sótano encontramos unas grandes bodegas destinadas a la elaboración de vino, gracias a las tierras que tenía la familia en campos cercanos a Corella. La planta baja además de tener diversos habitáculos destinados a cuadras y almacenes, se abre un gran portal que da acceso a la maravillosa escalera cerrada con una cubierta apoyada sobre una cornisa decorada con yeserias vegetales y tres tramos dobles de bóveda de arista -en cuyos dos puntos centrales se sitúan entablamentos suspendidos decorados con las armas de la familia- que convierten el espacio en un gran patio velado, siguiendo los modelos de la escalera del Monasterio de la Oliva, donde un hijo del matrimonio estaba viviendo como religioso, con el fin de recordar la vinculación de su casa con el monasterio.</p>
<p> </p>
<p>Todos los balcones de la fachada son simétricos, mientras que los del tercer piso son arcos de medio punto cerrados por barandillas de hierro los del segundo piso son cuadrados con pequeños balcones y los del primer piso son iguales pero con balcones más grandes. Algunos balcones los podemos ver modificados pero en general poseen rica rejería cincelada apoyados en vistosas tornapuntas.</p>
<p> </p>
<p>En la parte central de la fachada podemos ver un gran escudo, siendo el escudo de los Virto de Vera y Anchorena. Dicha pieza tiene en la parte superior un casco de un caballero y dos loros rodeados con un escudo con dos leones y dos escudos pequeños, que representa.</p>
<p> </p>
<p>En la actualidad es una casa sin habitar, que hasta hace poco tiempo estuvo habitada por descendientes de la familia que la construyó, que con gran esmero cuidó y mantuvo. Como hemos dicho, es una de las casas más importantes del barroco corellano.</p>
<p> </p>
<p>Aquí tenemos una foto antigua y otra de la actualidad.</p>
<p><img loading="lazy" class="wp-image-6037 aligncenter" src="https://cpcorella.educacion.navarra.es/blogs/wp-content/uploads/2024/10/001-6-265x300.jpg" alt="" width="592" height="670" srcset="https://cpcorella.educacion.navarra.es/blogs/wp-content/uploads/2024/10/001-6-265x300.jpg 265w, https://cpcorella.educacion.navarra.es/blogs/wp-content/uploads/2024/10/001-6.jpg 553w" sizes="(max-width: 592px) 100vw, 592px" /></p>
<p> </p>

<p>Con motivo de las Jornadas Barrocas que todos los años organiza en octubre el Ayuntamiento de Corella para dar a conocer la historia de Corella y recordar el acontecimiento más importante que sucedió en Corella en la época barroca como es la llegada y estancia por cuatro meses del rey Felipe V con su familia, &hellip; </p>
<p><a class="more-link btn" href="https://cpcorella.educacion.navarra.es/blogs/historia-del-palacio-de-los-virto-de-vera/">Continue reading</a></p>
