{"id":5983,"date":"2024-10-23T18:09:15","date_gmt":"2024-10-23T16:09:15","guid":{"rendered":"https:\/\/cpcorella.educacion.navarra.es\/blogs\/?page_id=5983"},"modified":"2024-10-23T18:09:15","modified_gmt":"2024-10-23T16:09:15","slug":"la-casa-palacio-de-los-marqueses-de-bajamar-en-corella-%ef%bf%bc","status":"publish","type":"page","link":"https:\/\/cpcorella.educacion.navarra.es\/blogs\/la-casa-palacio-de-los-marqueses-de-bajamar-en-corella-%ef%bf%bc\/","title":{"rendered":"LA CASA PALACIO DE LOS MARQUESES DE BAJAMAR EN CORELLA \ufffc"},"content":{"rendered":"\n<p>Somos alumnos\/as de la clase de 6\u00ba E y hemos investigado sobre el palacio de los Marqueses de Bajamar.. Nuestro grupo formado por\u00a0 Leonardo, Celia, Anouar, Iker y Julia vamos a centrarnos en dar a conocer su casa palacio, que recientemente ha pasado el edificio a ser propiedad del Ayuntamiento de Corella tras el fallecimiento del \u00faltimo Marqu\u00e9s en marzo de 2024.<\/p>\n<p><strong>\u00a0<\/strong><\/p>\n<p>La Casa de los Marqueses de Bajamar se encuentra en la localidad de Corella<strong>,<\/strong> provincia de Navarra. Corella es una ciudad conocida por su gran patrimonio hist\u00f3rico y art\u00edstico. La plaza donde se ubica el palacio es peatonal, lo que permite disfrutar de un agradable paseo y admirar el edificio en todo su esplendor.<\/p>\n<p>\u00a0<\/p>\n<p>El edificio fue construido a finales del Siglo XVII, su \u00faltima restauraci\u00f3n fue realizada en 1997 en la cual se a\u00f1adi\u00f3 el escudo de armas de los Porlier y Mi\u00f1ano. La planta baja del edificio est\u00e1 construida en ladrillo, los pisos superiores decorados con grandes balcones y el piso superior con ventanas.<\/p>\n<p>Este edificio es un verdadero tesoro arquitect\u00f3nico que data del siglo XVIII.<\/p>\n<p>Se trata de un palacio remodelado en el siglo XIX, se elimino\u0301 la este\u0301tica barroca de la fachada. Su origen se debe al\u00a0 matrimonio formado por Jos\u00e9 Mi\u00f1ano y Clara Eugenia Sesma.<\/p>\n<p>La casa fue donada al ayuntamiento el 11 de octubre de 2012. El \u00faltimo marqu\u00e9s de Bajamar muri\u00f3 el 10 de marzo de 2024.<\/p>\n<p>\u00a0<\/p>\n<p>Sobre el balc\u00f3n principal se ha colocado un escudo con las armas de los Marqueses Porlier y Mi\u00f1ano, bajo una corona. Al edificio se le ha dotado de una mayor riqueza.<\/p>\n<p>\u00a0<\/p>\n<ul>\n<li><strong>Interior<\/strong><\/li>\n<\/ul>\n<p>Respecto al interior del edificio, cabe destacar que los actuales marqueses lo han conservado con tanto cari\u00f1o que realmente puede considerarse como un museo a pesar de haber quedado vac\u00edo de patrimonio.<\/p>\n<p>\u00a0<\/p>\n<p>El Ayuntamiento de Corella expres\u00f3 su m\u00e1s profundo agradecimiento a Antonio Porlier Jarava por su decisi\u00f3n de enriquecer el patrimonio cultural de la ciudad con la donaci\u00f3n de su palacio. Este edificio hist\u00f3rico, una vez adecuado, no solo albergar\u00e1 servicios municipales sino que tambi\u00e9n estar\u00e1 abierto a la visita de todos los ciudadanos interesados en conocer m\u00e1s sobre el legado y la historia de Corella.<\/p>\n<p><img loading=\"lazy\" class=\"size-full wp-image-5985 aligncenter\" src=\"https:\/\/cpcorella.educacion.navarra.es\/blogs\/wp-content\/uploads\/2024\/10\/001-4.jpg\" alt=\"\" width=\"576\" height=\"315\" srcset=\"https:\/\/cpcorella.educacion.navarra.es\/blogs\/wp-content\/uploads\/2024\/10\/001-4.jpg 576w, https:\/\/cpcorella.educacion.navarra.es\/blogs\/wp-content\/uploads\/2024\/10\/001-4-300x164.jpg 300w, https:\/\/cpcorella.educacion.navarra.es\/blogs\/wp-content\/uploads\/2024\/10\/001-4-555x304.jpg 555w\" sizes=\"(max-width: 576px) 100vw, 576px\" \/><\/p>\n","protected":false},"excerpt":{"rendered":"<p>Somos alumnos\/as de la clase de 6\u00ba E y hemos investigado sobre el palacio de los Marqueses de Bajamar.. Nuestro grupo formado por\u00a0 Leonardo, Celia, Anouar, Iker y Julia vamos a centrarnos en dar a conocer su casa palacio, que recientemente ha pasado el edificio a ser propiedad del Ayuntamiento de Corella tras el fallecimiento &hellip; <\/p>\n<p><a class=\"more-link btn\" href=\"https:\/\/cpcorella.educacion.navarra.es\/blogs\/la-casa-palacio-de-los-marqueses-de-bajamar-en-corella-%ef%bf%bc\/\">Continue reading<\/a><\/p>\n","protected":false},"author":6,"featured_media":0,"parent":0,"menu_order":0,"comment_status":"closed","ping_status":"closed","template":"","meta":[],"_links":{"self":[{"href":"https:\/\/cpcorella.educacion.navarra.es\/blogs\/wp-json\/wp\/v2\/pages\/5983"}],"collection":[{"href":"https:\/\/cpcorella.educacion.navarra.es\/blogs\/wp-json\/wp\/v2\/pages"}],"about":[{"href":"https:\/\/cpcorella.educacion.navarra.es\/blogs\/wp-json\/wp\/v2\/types\/page"}],"author":[{"embeddable":true,"href":"https:\/\/cpcorella.educacion.navarra.es\/blogs\/wp-json\/wp\/v2\/users\/6"}],"replies":[{"embeddable":true,"href":"https:\/\/cpcorella.educacion.navarra.es\/blogs\/wp-json\/wp\/v2\/comments?post=5983"}],"version-history":[{"count":1,"href":"https:\/\/cpcorella.educacion.navarra.es\/blogs\/wp-json\/wp\/v2\/pages\/5983\/revisions"}],"predecessor-version":[{"id":5988,"href":"https:\/\/cpcorella.educacion.navarra.es\/blogs\/wp-json\/wp\/v2\/pages\/5983\/revisions\/5988"}],"wp:attachment":[{"href":"https:\/\/cpcorella.educacion.navarra.es\/blogs\/wp-json\/wp\/v2\/media?parent=5983"}],"curies":[{"name":"wp","href":"https:\/\/api.w.org\/{rel}","templated":true}]}}

<p>Somos alumnos/as de la clase de 6º E y hemos investigado sobre el palacio de los Marqueses de Bajamar.. Nuestro grupo formado por  Leonardo, Celia, Anouar, Iker y Julia vamos a centrarnos en dar a conocer su casa palacio, que recientemente ha pasado el edificio a ser propiedad del Ayuntamiento de Corella tras el fallecimiento del último Marqués en marzo de 2024.</p>
<p><strong> </strong></p>
<p>La Casa de los Marqueses de Bajamar se encuentra en la localidad de Corella<strong>,</strong> provincia de Navarra. Corella es una ciudad conocida por su gran patrimonio histórico y artístico. La plaza donde se ubica el palacio es peatonal, lo que permite disfrutar de un agradable paseo y admirar el edificio en todo su esplendor.</p>
<p> </p>
<p>El edificio fue construido a finales del Siglo XVII, su última restauración fue realizada en 1997 en la cual se añadió el escudo de armas de los Porlier y Miñano. La planta baja del edificio está construida en ladrillo, los pisos superiores decorados con grandes balcones y el piso superior con ventanas.</p>
<p>Este edificio es un verdadero tesoro arquitectónico que data del siglo XVIII.</p>
<p>Se trata de un palacio remodelado en el siglo XIX, se eliminó la estética barroca de la fachada. Su origen se debe al  matrimonio formado por José Miñano y Clara Eugenia Sesma.</p>
<p>La casa fue donada al ayuntamiento el 11 de octubre de 2012. El último marqués de Bajamar murió el 10 de marzo de 2024.</p>
<p> </p>
<p>Sobre el balcón principal se ha colocado un escudo con las armas de los Marqueses Porlier y Miñano, bajo una corona. Al edificio se le ha dotado de una mayor riqueza.</p>
<p> </p>
<ul>
<li><strong>Interior</strong></li>
</ul>
<p>Respecto al interior del edificio, cabe destacar que los actuales marqueses lo han conservado con tanto cariño que realmente puede considerarse como un museo a pesar de haber quedado vacío de patrimonio.</p>
<p> </p>
<p>El Ayuntamiento de Corella expresó su más profundo agradecimiento a Antonio Porlier Jarava por su decisión de enriquecer el patrimonio cultural de la ciudad con la donación de su palacio. Este edificio histórico, una vez adecuado, no solo albergará servicios municipales sino que también estará abierto a la visita de todos los ciudadanos interesados en conocer más sobre el legado y la historia de Corella.</p>
<p><img loading="lazy" class="size-full wp-image-5985 aligncenter" src="https://cpcorella.educacion.navarra.es/blogs/wp-content/uploads/2024/10/001-4.jpg" alt="" width="576" height="315" srcset="https://cpcorella.educacion.navarra.es/blogs/wp-content/uploads/2024/10/001-4.jpg 576w, https://cpcorella.educacion.navarra.es/blogs/wp-content/uploads/2024/10/001-4-300x164.jpg 300w, https://cpcorella.educacion.navarra.es/blogs/wp-content/uploads/2024/10/001-4-555x304.jpg 555w" sizes="(max-width: 576px) 100vw, 576px" /></p>

<p>Somos alumnos/as de la clase de 6º E y hemos investigado sobre el palacio de los Marqueses de Bajamar.. Nuestro grupo formado por  Leonardo, Celia, Anouar, Iker y Julia vamos a centrarnos en dar a conocer su casa palacio, que recientemente ha pasado el edificio a ser propiedad del Ayuntamiento de Corella tras el fallecimiento &hellip; </p>
<p><a class="more-link btn" href="https://cpcorella.educacion.navarra.es/blogs/la-casa-palacio-de-los-marqueses-de-bajamar-en-corella-%ef%bf%bc/">Continue reading</a></p>
