{"id":5975,"date":"2024-10-23T18:07:21","date_gmt":"2024-10-23T16:07:21","guid":{"rendered":"https:\/\/cpcorella.educacion.navarra.es\/blogs\/?page_id=5975"},"modified":"2024-10-23T18:07:21","modified_gmt":"2024-10-23T16:07:21","slug":"jose-minano-cabia","status":"publish","type":"page","link":"https:\/\/cpcorella.educacion.navarra.es\/blogs\/jose-minano-cabia\/","title":{"rendered":"JOS\u00c9 MI\u00d1ANO CABIA"},"content":{"rendered":"\n<p>\u00a0<\/p>\n<p><img loading=\"lazy\" class=\"size-medium wp-image-5978 aligncenter\" src=\"https:\/\/cpcorella.educacion.navarra.es\/blogs\/wp-content\/uploads\/2024\/10\/001-2-1-300x226.png\" alt=\"\" width=\"300\" height=\"226\" srcset=\"https:\/\/cpcorella.educacion.navarra.es\/blogs\/wp-content\/uploads\/2024\/10\/001-2-1-300x226.png 300w, https:\/\/cpcorella.educacion.navarra.es\/blogs\/wp-content\/uploads\/2024\/10\/001-2-1-1024x773.png 1024w, https:\/\/cpcorella.educacion.navarra.es\/blogs\/wp-content\/uploads\/2024\/10\/001-2-1-768x580.png 768w, https:\/\/cpcorella.educacion.navarra.es\/blogs\/wp-content\/uploads\/2024\/10\/001-2-1-1536x1159.png 1536w, https:\/\/cpcorella.educacion.navarra.es\/blogs\/wp-content\/uploads\/2024\/10\/001-2-1-555x419.png 555w, https:\/\/cpcorella.educacion.navarra.es\/blogs\/wp-content\/uploads\/2024\/10\/001-2-1.png 1680w\" sizes=\"(max-width: 300px) 100vw, 300px\" \/>Somos alumnos\/as de la clase de 6\u00ba E y hemos investigado sobre el palacio de los Marqueses de Bajamar.. Nuestro grupo formado por\u00a0 Isabella, Lucio, Marwa, Aimar, Ayub y Norah vamos a centrarnos en la figura de Jos\u00e9 Mi\u00f1ano Cabia, como personaje importante, constructor de la casa palacio de los Marqueses de Bajamar.<\/p>\n<p>\u00a0<\/p>\n<p>Jos\u00e9 Mi\u00f1ano Cabia naci\u00f3 en Corella el 26 de marzo de 1636 y se licenci\u00f3\u00a0 a los diecinueve a\u00f1os.<\/p>\n<p>\u00a0<\/p>\n<p>\u00a0Jos\u00e9 Mi\u00f1ano Cab\u00eda tuvo 11 hijos, todos nacidos en Corella, entre los que se encuentran:<\/p>\n<p>\u00a0<\/p>\n<ol>\n<li>Carlos Jos\u00e9<\/li>\n<li>Jos\u00e9<\/li>\n<li>Pedro<\/li>\n<li>Clara<\/li>\n<li>Diego Francisco\u00a0<\/li>\n<li>Gabriel<\/li>\n<\/ol>\n<p>\u00a0<\/p>\n<p>Cas\u00f3 con Clara Eugenia de Sesma y juntos fundaron el mayorazgo a cuya cabeza pusieron esta preciosa casa junto con la capilla enterramiento que ten\u00eda la familia en el Convento del Carmen de Corella.<\/p>\n<p>Jos\u00e9 Mi\u00f1ano Cab\u00eda accedio\u0301 a la Orden de Santiago vistiendo el ha\u0301bito militar desde 1698 tal y como indica el escudo de armas que el edificio muestra en la primera altura de su fachada, el cual, orlado por un rico follaje alberga en su campo las armas de los Min\u0303ano y Sesma sobre la cruz de Santiago.<\/p>\n<p>\u00a0<\/p>\n<p>De entre sus hijos destacamos lo siguiente:<\/p>\n<p>\u00a0<\/p>\n<p>En el n\u00ba 22 de la calle Mayor encontramos otra de las casas pertenecientes a la familia Min\u0303ano. En este caso a Pedro Min\u0303ano y Sesma, segundo hijo del importante matrimonio formado por Jose\u0301 de Min\u0303ano y Clara Eugenia de Sesma, quienes construyeron y situaron a la cabeza de su mayorazgo la conocida casa de los Marqueses de Bajamar en la plaza de Espan\u0303a.<\/p>\n<p>\u00a0<\/p>\n<p>Pedro, que al igual que su padre y hermanos era un hombre de negocios dedicado al comercio lanar, -en 1719 formo\u0301 una sociedad con su hermano primoge\u0301nito Jose\u0301- y a la poli\u0301tica y administracio\u0301n local -ocupo\u0301 la alcaldi\u0301a de la ciudad en 1736-, caso\u0301 en 1697 con la ejeana Teresa Marta y Brun.<\/p>\n<p>Finalmente encontramos la Casa situada en Calle La Cruz, 7. Esta casa pudo ser construida por Diego Francisco Mi\u00f1ano y Sesma, nacido en Corella en 1677.\u00a0<\/p>\n<p>Quiz\u00e1s perteneciera a \u00e9l la casa, o fuese construida por sus padres Jos\u00e9\u00a0 Mi\u00f1ano Cab\u00eda y Clara Eugenia de Sesma.<\/p>\n<p><img loading=\"lazy\" class=\"size-medium wp-image-5979 aligncenter\" src=\"https:\/\/cpcorella.educacion.navarra.es\/blogs\/wp-content\/uploads\/2024\/10\/003-2-300x175.png\" alt=\"\" width=\"300\" height=\"175\" srcset=\"https:\/\/cpcorella.educacion.navarra.es\/blogs\/wp-content\/uploads\/2024\/10\/003-2-300x175.png 300w, https:\/\/cpcorella.educacion.navarra.es\/blogs\/wp-content\/uploads\/2024\/10\/003-2-1024x597.png 1024w, https:\/\/cpcorella.educacion.navarra.es\/blogs\/wp-content\/uploads\/2024\/10\/003-2-768x448.png 768w, https:\/\/cpcorella.educacion.navarra.es\/blogs\/wp-content\/uploads\/2024\/10\/003-2-555x324.png 555w, https:\/\/cpcorella.educacion.navarra.es\/blogs\/wp-content\/uploads\/2024\/10\/003-2.png 1200w\" sizes=\"(max-width: 300px) 100vw, 300px\" \/><\/p>\n","protected":false},"excerpt":{"rendered":"<p>\u00a0 Somos alumnos\/as de la clase de 6\u00ba E y hemos investigado sobre el palacio de los Marqueses de Bajamar.. Nuestro grupo formado por\u00a0 Isabella, Lucio, Marwa, Aimar, Ayub y Norah vamos a centrarnos en la figura de Jos\u00e9 Mi\u00f1ano Cabia, como personaje importante, constructor de la casa palacio de los Marqueses de Bajamar. \u00a0 &hellip; <\/p>\n<p><a class=\"more-link btn\" href=\"https:\/\/cpcorella.educacion.navarra.es\/blogs\/jose-minano-cabia\/\">Continue reading<\/a><\/p>\n","protected":false},"author":6,"featured_media":0,"parent":0,"menu_order":0,"comment_status":"closed","ping_status":"closed","template":"","meta":[],"_links":{"self":[{"href":"https:\/\/cpcorella.educacion.navarra.es\/blogs\/wp-json\/wp\/v2\/pages\/5975"}],"collection":[{"href":"https:\/\/cpcorella.educacion.navarra.es\/blogs\/wp-json\/wp\/v2\/pages"}],"about":[{"href":"https:\/\/cpcorella.educacion.navarra.es\/blogs\/wp-json\/wp\/v2\/types\/page"}],"author":[{"embeddable":true,"href":"https:\/\/cpcorella.educacion.navarra.es\/blogs\/wp-json\/wp\/v2\/users\/6"}],"replies":[{"embeddable":true,"href":"https:\/\/cpcorella.educacion.navarra.es\/blogs\/wp-json\/wp\/v2\/comments?post=5975"}],"version-history":[{"count":1,"href":"https:\/\/cpcorella.educacion.navarra.es\/blogs\/wp-json\/wp\/v2\/pages\/5975\/revisions"}],"predecessor-version":[{"id":5982,"href":"https:\/\/cpcorella.educacion.navarra.es\/blogs\/wp-json\/wp\/v2\/pages\/5975\/revisions\/5982"}],"wp:attachment":[{"href":"https:\/\/cpcorella.educacion.navarra.es\/blogs\/wp-json\/wp\/v2\/media?parent=5975"}],"curies":[{"name":"wp","href":"https:\/\/api.w.org\/{rel}","templated":true}]}}

JOSÉ MIÑANO CABIA

<p> </p>
<p><img loading="lazy" class="size-medium wp-image-5978 aligncenter" src="https://cpcorella.educacion.navarra.es/blogs/wp-content/uploads/2024/10/001-2-1-300x226.png" alt="" width="300" height="226" srcset="https://cpcorella.educacion.navarra.es/blogs/wp-content/uploads/2024/10/001-2-1-300x226.png 300w, https://cpcorella.educacion.navarra.es/blogs/wp-content/uploads/2024/10/001-2-1-1024x773.png 1024w, https://cpcorella.educacion.navarra.es/blogs/wp-content/uploads/2024/10/001-2-1-768x580.png 768w, https://cpcorella.educacion.navarra.es/blogs/wp-content/uploads/2024/10/001-2-1-1536x1159.png 1536w, https://cpcorella.educacion.navarra.es/blogs/wp-content/uploads/2024/10/001-2-1-555x419.png 555w, https://cpcorella.educacion.navarra.es/blogs/wp-content/uploads/2024/10/001-2-1.png 1680w" sizes="(max-width: 300px) 100vw, 300px" />Somos alumnos/as de la clase de 6º E y hemos investigado sobre el palacio de los Marqueses de Bajamar.. Nuestro grupo formado por  Isabella, Lucio, Marwa, Aimar, Ayub y Norah vamos a centrarnos en la figura de José Miñano Cabia, como personaje importante, constructor de la casa palacio de los Marqueses de Bajamar.</p>
<p> </p>
<p>José Miñano Cabia nació en Corella el 26 de marzo de 1636 y se licenció  a los diecinueve años.</p>
<p> </p>
<p> José Miñano Cabía tuvo 11 hijos, todos nacidos en Corella, entre los que se encuentran:</p>
<p> </p>
<ol>
<li>Carlos José</li>
<li>José</li>
<li>Pedro</li>
<li>Clara</li>
<li>Diego Francisco </li>
<li>Gabriel</li>
</ol>
<p> </p>
<p>Casó con Clara Eugenia de Sesma y juntos fundaron el mayorazgo a cuya cabeza pusieron esta preciosa casa junto con la capilla enterramiento que tenía la familia en el Convento del Carmen de Corella.</p>
<p>José Miñano Cabía accedió a la Orden de Santiago vistiendo el hábito militar desde 1698 tal y como indica el escudo de armas que el edificio muestra en la primera altura de su fachada, el cual, orlado por un rico follaje alberga en su campo las armas de los Miñano y Sesma sobre la cruz de Santiago.</p>
<p> </p>
<p>De entre sus hijos destacamos lo siguiente:</p>
<p> </p>
<p>En el nº 22 de la calle Mayor encontramos otra de las casas pertenecientes a la familia Miñano. En este caso a Pedro Miñano y Sesma, segundo hijo del importante matrimonio formado por José de Miñano y Clara Eugenia de Sesma, quienes construyeron y situaron a la cabeza de su mayorazgo la conocida casa de los Marqueses de Bajamar en la plaza de España.</p>
<p> </p>
<p>Pedro, que al igual que su padre y hermanos era un hombre de negocios dedicado al comercio lanar, -en 1719 formó una sociedad con su hermano primogénito José- y a la política y administración local -ocupó la alcaldía de la ciudad en 1736-, casó en 1697 con la ejeana Teresa Marta y Brun.</p>
<p>Finalmente encontramos la Casa situada en Calle La Cruz, 7. Esta casa pudo ser construida por Diego Francisco Miñano y Sesma, nacido en Corella en 1677. </p>
<p>Quizás perteneciera a él la casa, o fuese construida por sus padres José  Miñano Cabía y Clara Eugenia de Sesma.</p>
<p><img loading="lazy" class="size-medium wp-image-5979 aligncenter" src="https://cpcorella.educacion.navarra.es/blogs/wp-content/uploads/2024/10/003-2-300x175.png" alt="" width="300" height="175" srcset="https://cpcorella.educacion.navarra.es/blogs/wp-content/uploads/2024/10/003-2-300x175.png 300w, https://cpcorella.educacion.navarra.es/blogs/wp-content/uploads/2024/10/003-2-1024x597.png 1024w, https://cpcorella.educacion.navarra.es/blogs/wp-content/uploads/2024/10/003-2-768x448.png 768w, https://cpcorella.educacion.navarra.es/blogs/wp-content/uploads/2024/10/003-2-555x324.png 555w, https://cpcorella.educacion.navarra.es/blogs/wp-content/uploads/2024/10/003-2.png 1200w" sizes="(max-width: 300px) 100vw, 300px" /></p>

<p>  Somos alumnos/as de la clase de 6º E y hemos investigado sobre el palacio de los Marqueses de Bajamar.. Nuestro grupo formado por  Isabella, Lucio, Marwa, Aimar, Ayub y Norah vamos a centrarnos en la figura de José Miñano Cabia, como personaje importante, constructor de la casa palacio de los Marqueses de Bajamar.   &hellip; </p>
<p><a class="more-link btn" href="https://cpcorella.educacion.navarra.es/blogs/jose-minano-cabia/">Continue reading</a></p>
