{"id":5969,"date":"2024-10-23T13:52:37","date_gmt":"2024-10-23T11:52:37","guid":{"rendered":"https:\/\/cpcorella.educacion.navarra.es\/blogs\/?page_id=5969"},"modified":"2024-10-23T13:52:38","modified_gmt":"2024-10-23T11:52:38","slug":"los-conventos-en-el-barroco","status":"publish","type":"page","link":"https:\/\/cpcorella.educacion.navarra.es\/blogs\/los-conventos-en-el-barroco\/","title":{"rendered":"LOS CONVENTOS EN EL BARROCO."},"content":{"rendered":"\n<p>LOS CONVENTOS EN CORELLA.<\/p>\n\n\n\n<p><img loading=\"lazy\" class=\"alignnone size-full wp-image-5970 aligncenter\" src=\"https:\/\/cpcorella.educacion.navarra.es\/blogs\/wp-content\/uploads\/2024\/10\/001-3.jpg\" alt=\"\" width=\"225\" height=\"225\" srcset=\"https:\/\/cpcorella.educacion.navarra.es\/blogs\/wp-content\/uploads\/2024\/10\/001-3.jpg 225w, https:\/\/cpcorella.educacion.navarra.es\/blogs\/wp-content\/uploads\/2024\/10\/001-3-150x150.jpg 150w\" sizes=\"(max-width: 225px) 100vw, 225px\" \/><\/p>\n<p>Somos alumnos\/as del Colegio P\u00fablico Ciudad de Corella y con motivo de las Jornadas Barrocas que se celebran en la localidad este fin de semana (del 25 al 27 de octubre de 2024) hemos realizado investigaciones sobre edificios importantes de Corella para darlos a conocer mediante el uso de c\u00f3digos QR. En nuestro caso, la clase de 6\u00ba F ha investigado sobre el Convento del Carmen de Corella y, m\u00e1s concretamente, nuestro grupo formado por Meryam, Leyre, Ikhlas, Vega y Bilal vamos a dar a conocer c\u00f3mo fueron los conventos en el Barroco y la existencia de los conventos en Corella.<\/p>\n<p>\u00a0<\/p>\n<p>Los conventos han sido lugares de reflexi\u00f3n, oraci\u00f3n y arte, porque muchas monjas fueron verdaderas artistas en la escritura, pintura, m\u00fasica\u2026<\/p>\n<p>\u00a0<\/p>\n<p>Un convento es una casa donde viven religiosos o religiosas bajo las reglas de su instituto, monasterio, cenobio, abad\u00eda, cartuja, noviciado o priorato.<\/p>\n<p>\u00a0<\/p>\n<p>El primer convento del mundo dedicado a San Juan De La Cruz se fund\u00f3 en Alba de Tormes en 1676, junto al de las hermanas Carmelitas Descalzas de La Anunciaci\u00f3n. Su iglesia se construy\u00f3 entre los a\u00f1os 1692 y 1695. Sin embargo, durante los a\u00f1os del 1820 a 1823, se cerraron sus puertas y los frailes fueron trasladados a los conventos de Santa Teresa de Jes\u00fas de \u00c1vila y San Juan de la Cruz de Fontiveros.<\/p>\n<p>\u00a0<\/p>\n<p>En Espa\u00f1a existen 950 monasterios o conventos de clausura. La mayor\u00eda de ellos (911) son femeninos.<\/p>\n<p>\u00a0<\/p>\n<p>Durante los siglos XV, XVI y XVII se levantaron en Corella exquisitos templos y conjuntos mon\u00e1sticos que sufrir\u00edan transformaciones siguiendo esquemas barrocos hasta el pasado siglo XX.<\/p>\n<p>\u00a0<\/p>\n<p>En los siglos XVI y XVII hubo tambi\u00e9n numerosas monjas que destacaron en la\u00a0 literatura.<\/p>\n<p><strong>\u00a0<\/strong><\/p>\n<p>El Barroco es un per\u00edodo cultural de la Edad Moderna que se desarroll\u00f3 entre el Renacimiento y la Ilustraci\u00f3n en Europa occidental y en las colonias latinoamericanas. El padre del barroco se llamaba Gian Lorenzo Bernini. El Barroco es un estilo arquitect\u00f3nico o de las artes. Se desarroll\u00f3 en Europa e Iberoam\u00e9rica durante los siglos XVII y XVIII, opuesto al clasicismo y caracterizado por la complejidad y el dinamismo de las formas, la riqueza de la ornamentaci\u00f3n y el efectismo.<\/p>\n<p>\u00a0<\/p>\n<p>Durante los siglos XV, XVI y XVII se levantaron en Corella exquisitos templos y conjuntos mon\u00e1sticos que sufrir\u00edan trasformaciones siguiendo esquemas barrocos hasta el pasado siglo XX. Desde entonces \u00e9stos han modelado la hermosa silueta de la ciudad con esbeltas torres y altos campanarios otorgando a la misma un distintivo de destino tur\u00edstico inconfundible.<\/p>\n<p>\u00a0<\/p>\n<p>Los conventos que hubo en Corella fueron los siguientes:<\/p>\n<p>\u00a0<\/p>\n<ul>\n<li>Convento del Carmen, con los PP. Carmelitas, fundado en 1595 y es el \u00fanico que se conserva abierto en la actualidad, con frailes viviendo en \u00e9l.<\/li>\n<\/ul>\n<p>\u00a0<\/p>\n<ul>\n<li>Convento de la Merced, donde vivieron Padres Mercedarios y luego Monjas Mercedarias. Fue fundado en 1648. Desaparecido.<\/li>\n<\/ul>\n<p>\u00a0<\/p>\n<ul>\n<li>Convento de la Encarnaci\u00f3n, con monjas benedictinas, fundado en 1659. Actualmente Museo de Arte Sacro &#8211; Fundaci\u00f3n Arrese.<\/li>\n<\/ul>\n<p>\u00a0<\/p>\n<ul>\n<li>Convento de la Virgen de Araceli, con las Madres Carmelitas Descalzas, fundado en 1724. Cerrado.<\/li>\n<\/ul>\n<p>\u00a0<\/p>\n<ul>\n<li>Convento de las Hijas de la Caridad, Santo Hospital, con Hijas de la Caridad, fundado en 1789 y ya sin presencia en Corella.<\/li>\n<\/ul>\n<p>\u00a0<\/p>\n<ul>\n<li>Convento de la Virgen del Villar, con Padres Pasionistas, fundado en 1899 y cerrado al p\u00fablico.<\/li>\n<\/ul>\n<p>\u00a0<\/p>\n<ul>\n<li>Convento de Combonianos, con Padres Combonianos, fundado en 1956, cerrado y actualmente Instituto de Educaci\u00f3n Secundaria.<\/li>\n<\/ul>\n<p>\u00a0<\/p>\n<p>En definitiva, Corella ha sido una ciudad con gran n\u00famero de conventos, de los que abiertos \u00fanicamente queda el Convento del Carmen, que es el m\u00e1s antiguo de la ciudad y este a\u00f1o celebra su 430 aniversario, todav\u00eda cuidado hoy por los PP. Carmelitas.<\/p>\n","protected":false},"excerpt":{"rendered":"<p>LOS CONVENTOS EN CORELLA. Somos alumnos\/as del Colegio P\u00fablico Ciudad de Corella y con motivo de las Jornadas Barrocas que se celebran en la localidad este fin de semana (del 25 al 27 de octubre de 2024) hemos realizado investigaciones sobre edificios importantes de Corella para darlos a conocer mediante el uso de c\u00f3digos QR. &hellip; <\/p>\n<p><a class=\"more-link btn\" href=\"https:\/\/cpcorella.educacion.navarra.es\/blogs\/los-conventos-en-el-barroco\/\">Continue reading<\/a><\/p>\n","protected":false},"author":6,"featured_media":0,"parent":0,"menu_order":0,"comment_status":"closed","ping_status":"closed","template":"","meta":[],"_links":{"self":[{"href":"https:\/\/cpcorella.educacion.navarra.es\/blogs\/wp-json\/wp\/v2\/pages\/5969"}],"collection":[{"href":"https:\/\/cpcorella.educacion.navarra.es\/blogs\/wp-json\/wp\/v2\/pages"}],"about":[{"href":"https:\/\/cpcorella.educacion.navarra.es\/blogs\/wp-json\/wp\/v2\/types\/page"}],"author":[{"embeddable":true,"href":"https:\/\/cpcorella.educacion.navarra.es\/blogs\/wp-json\/wp\/v2\/users\/6"}],"replies":[{"embeddable":true,"href":"https:\/\/cpcorella.educacion.navarra.es\/blogs\/wp-json\/wp\/v2\/comments?post=5969"}],"version-history":[{"count":1,"href":"https:\/\/cpcorella.educacion.navarra.es\/blogs\/wp-json\/wp\/v2\/pages\/5969\/revisions"}],"predecessor-version":[{"id":5973,"href":"https:\/\/cpcorella.educacion.navarra.es\/blogs\/wp-json\/wp\/v2\/pages\/5969\/revisions\/5973"}],"wp:attachment":[{"href":"https:\/\/cpcorella.educacion.navarra.es\/blogs\/wp-json\/wp\/v2\/media?parent=5969"}],"curies":[{"name":"wp","href":"https:\/\/api.w.org\/{rel}","templated":true}]}}

<p>LOS CONVENTOS EN CORELLA.</p>



<p><img loading="lazy" class="alignnone size-full wp-image-5970 aligncenter" src="https://cpcorella.educacion.navarra.es/blogs/wp-content/uploads/2024/10/001-3.jpg" alt="" width="225" height="225" srcset="https://cpcorella.educacion.navarra.es/blogs/wp-content/uploads/2024/10/001-3.jpg 225w, https://cpcorella.educacion.navarra.es/blogs/wp-content/uploads/2024/10/001-3-150x150.jpg 150w" sizes="(max-width: 225px) 100vw, 225px" /></p>
<p>Somos alumnos/as del Colegio Público Ciudad de Corella y con motivo de las Jornadas Barrocas que se celebran en la localidad este fin de semana (del 25 al 27 de octubre de 2024) hemos realizado investigaciones sobre edificios importantes de Corella para darlos a conocer mediante el uso de códigos QR. En nuestro caso, la clase de 6º F ha investigado sobre el Convento del Carmen de Corella y, más concretamente, nuestro grupo formado por Meryam, Leyre, Ikhlas, Vega y Bilal vamos a dar a conocer cómo fueron los conventos en el Barroco y la existencia de los conventos en Corella.</p>
<p> </p>
<p>Los conventos han sido lugares de reflexión, oración y arte, porque muchas monjas fueron verdaderas artistas en la escritura, pintura, música…</p>
<p> </p>
<p>Un convento es una casa donde viven religiosos o religiosas bajo las reglas de su instituto, monasterio, cenobio, abadía, cartuja, noviciado o priorato.</p>
<p> </p>
<p>El primer convento del mundo dedicado a San Juan De La Cruz se fundó en Alba de Tormes en 1676, junto al de las hermanas Carmelitas Descalzas de La Anunciación. Su iglesia se construyó entre los años 1692 y 1695. Sin embargo, durante los años del 1820 a 1823, se cerraron sus puertas y los frailes fueron trasladados a los conventos de Santa Teresa de Jesús de Ávila y San Juan de la Cruz de Fontiveros.</p>
<p> </p>
<p>En España existen 950 monasterios o conventos de clausura. La mayoría de ellos (911) son femeninos.</p>
<p> </p>
<p>Durante los siglos XV, XVI y XVII se levantaron en Corella exquisitos templos y conjuntos monásticos que sufrirían transformaciones siguiendo esquemas barrocos hasta el pasado siglo XX.</p>
<p> </p>
<p>En los siglos XVI y XVII hubo también numerosas monjas que destacaron en la  literatura.</p>
<p><strong> </strong></p>
<p>El Barroco es un período cultural de la Edad Moderna que se desarrolló entre el Renacimiento y la Ilustración en Europa occidental y en las colonias latinoamericanas. El padre del barroco se llamaba Gian Lorenzo Bernini. El Barroco es un estilo arquitectónico o de las artes. Se desarrolló en Europa e Iberoamérica durante los siglos XVII y XVIII, opuesto al clasicismo y caracterizado por la complejidad y el dinamismo de las formas, la riqueza de la ornamentación y el efectismo.</p>
<p> </p>
<p>Durante los siglos XV, XVI y XVII se levantaron en Corella exquisitos templos y conjuntos monásticos que sufrirían trasformaciones siguiendo esquemas barrocos hasta el pasado siglo XX. Desde entonces éstos han modelado la hermosa silueta de la ciudad con esbeltas torres y altos campanarios otorgando a la misma un distintivo de destino turístico inconfundible.</p>
<p> </p>
<p>Los conventos que hubo en Corella fueron los siguientes:</p>
<p> </p>
<ul>
<li>Convento del Carmen, con los PP. Carmelitas, fundado en 1595 y es el único que se conserva abierto en la actualidad, con frailes viviendo en él.</li>
</ul>
<p> </p>
<ul>
<li>Convento de la Merced, donde vivieron Padres Mercedarios y luego Monjas Mercedarias. Fue fundado en 1648. Desaparecido.</li>
</ul>
<p> </p>
<ul>
<li>Convento de la Encarnación, con monjas benedictinas, fundado en 1659. Actualmente Museo de Arte Sacro &#8211; Fundación Arrese.</li>
</ul>
<p> </p>
<ul>
<li>Convento de la Virgen de Araceli, con las Madres Carmelitas Descalzas, fundado en 1724. Cerrado.</li>
</ul>
<p> </p>
<ul>
<li>Convento de las Hijas de la Caridad, Santo Hospital, con Hijas de la Caridad, fundado en 1789 y ya sin presencia en Corella.</li>
</ul>
<p> </p>
<ul>
<li>Convento de la Virgen del Villar, con Padres Pasionistas, fundado en 1899 y cerrado al público.</li>
</ul>
<p> </p>
<ul>
<li>Convento de Combonianos, con Padres Combonianos, fundado en 1956, cerrado y actualmente Instituto de Educación Secundaria.</li>
</ul>
<p> </p>
<p>En definitiva, Corella ha sido una ciudad con gran número de conventos, de los que abiertos únicamente queda el Convento del Carmen, que es el más antiguo de la ciudad y este año celebra su 430 aniversario, todavía cuidado hoy por los PP. Carmelitas.</p>

<p>LOS CONVENTOS EN CORELLA. Somos alumnos/as del Colegio Público Ciudad de Corella y con motivo de las Jornadas Barrocas que se celebran en la localidad este fin de semana (del 25 al 27 de octubre de 2024) hemos realizado investigaciones sobre edificios importantes de Corella para darlos a conocer mediante el uso de códigos QR. &hellip; </p>
<p><a class="more-link btn" href="https://cpcorella.educacion.navarra.es/blogs/los-conventos-en-el-barroco/">Continue reading</a></p>
