{"id":5961,"date":"2024-10-23T13:48:36","date_gmt":"2024-10-23T11:48:36","guid":{"rendered":"https:\/\/cpcorella.educacion.navarra.es\/blogs\/?page_id=5961"},"modified":"2024-10-23T13:48:37","modified_gmt":"2024-10-23T11:48:37","slug":"aparicion-de-la-virgen-del-carmen-a-san-simon-stock","status":"publish","type":"page","link":"https:\/\/cpcorella.educacion.navarra.es\/blogs\/aparicion-de-la-virgen-del-carmen-a-san-simon-stock\/","title":{"rendered":"APARICI\u00d3N DE LA VIRGEN DEL CARMEN A SAN SIM\u00d3N STOCK"},"content":{"rendered":"\n<p><img loading=\"lazy\" class=\"wp-image-5962 aligncenter\" src=\"https:\/\/cpcorella.educacion.navarra.es\/blogs\/wp-content\/uploads\/2024\/10\/001-2.png\" alt=\"\" width=\"162\" height=\"246\" srcset=\"https:\/\/cpcorella.educacion.navarra.es\/blogs\/wp-content\/uploads\/2024\/10\/001-2.png 640w, https:\/\/cpcorella.educacion.navarra.es\/blogs\/wp-content\/uploads\/2024\/10\/001-2-198x300.png 198w, https:\/\/cpcorella.educacion.navarra.es\/blogs\/wp-content\/uploads\/2024\/10\/001-2-555x843.png 555w\" sizes=\"(max-width: 162px) 100vw, 162px\" \/><\/p>\n<p>Somos alumnos\/as del Colegio P\u00fablico Ciudad de Corella y con motivo de las Jornadas Barrocas que se celebran en la localidad este fin de semana (del 25 al 27 de octubre de 2024) hemos realizado investigaciones sobre edificios importantes de Corella para darlos a conocer mediante el uso de c\u00f3digos QR. En nuestro caso, la clase de 6\u00ba F ha investigado sobre el Convento del Carmen de Corella y, m\u00e1s concretamente, nuestro grupo formado por Oussama , Na\u00efs, Paula, Leo y Abdullah vamos a dar a conocer el milagro de la aparici\u00f3n de la Virgen del Carmen a San Sim\u00f3n Stock.<\/p>\n<p>\u00a0<\/p>\n<p><strong>San Sim\u00f3n Stock<\/strong> fue un fraile ingl\u00e9s del siglo XIII, conocido principalmente por su devoci\u00f3n a la Virgen Mar\u00eda y su papel como superior general de la Orden del Carmen o Carmelitas. Su figura est\u00e1 estrechamente ligada a la tradici\u00f3n del escapulario del Carmen, un s\u00edmbolo mariano de protecci\u00f3n y salvaci\u00f3n.<\/p>\n<p>\u00a0<\/p>\n<p>San Sim\u00f3n stock naci\u00f3 en 1165 en Inglaterra. Seg\u00fan la tradici\u00f3n, desde joven mostr\u00f3 una gran inclinaci\u00f3n hacia la vida espiritual. Como dato curioso, una leyenda sugiere que, durante su juventud, vivi\u00f3 como ermita\u00f1o en un tronco hueco de \u00e1rbol, de donde proviene su apellido \u00ab<em>Stock<\/em>\u00ab, que significa \u00ab<em>tronco<\/em>\u00bb en ingl\u00e9s.<\/p>\n<p>\u00a0<\/p>\n<p>San Sim\u00f3n fue uno de los personajes centrales de la historia de la <a href=\"https:\/\/es.wikipedia.org\/wiki\/Orden_de_Nuestra_Se%C3%B1ora_del_Monte_Carmelo\">Orden del Carmen<\/a>.<\/p>\n<p>\u00a0<\/p>\n<p>Sim\u00f3n Stock se uni\u00f3 a la <strong>Orden del Carmen<\/strong> cuando esta comenz\u00f3 a establecerse en Europa Occidental. La Orden del Carmen hab\u00eda nacido en el <strong>Monte Carmelo<\/strong>, en Tierra Santa, alrededor del siglo XII, donde un grupo de ermita\u00f1os segu\u00eda una vida de oraci\u00f3n, meditaci\u00f3n y austeridad. Sin embargo, debido a las invasiones musulmanas, muchos carmelitas se vieron obligados a abandonar Palestina y establecerse en Europa.<\/p>\n<p>San Sim\u00f3n Stock ingres\u00f3 en la orden en un momento en el que los carmelitas enfrentaban dificultades para adaptarse al estilo de vida y normas eclesi\u00e1sticas de Occidente. La orden, en sus comienzos, estaba basada en un modelo de vida erem\u00edtica (vida de ermita\u00f1os), pero al llegar a Europa, tuvo que transformarse en una orden mendicante (similar a los franciscanos y dominicos), lo que no fue f\u00e1cil.<\/p>\n<p>\u00a0<\/p>\n<p>Fue un religioso ingl\u00e9s de la Orden del Carmelo, a quien seg\u00fan la tradici\u00f3n, le fue dado el escapulario por la Virgen del Carmen. Todo lo que se sabe es que en 1247 fue elegido como el sexto general de los carmelitas, como sucesor de Alan, en el cap\u00edtulo llevado a cabo en Aylesford, Kent, Inglaterra.<\/p>\n<p>\u00a0<\/p>\n<p>A \u00e9l se debe el cambio estructural de la Orden abandonando el eremitismo originario y entrando a formar parte de las <a href=\"https:\/\/es.wikipedia.org\/wiki\/%C3%93rdenes_mendicantes\">\u00f3rdenes mendicantes<\/a> o de apostolado.<\/p>\n<p>\u00a0<\/p>\n<p>San Sim\u00f3n desarroll\u00f3 una gran actividad en favor de su Orden. Consigui\u00f3 el paso de Orden cenobita a mendicante. Retoc\u00f3 la Regla de San Alberto y obr\u00f3 muchos prodigios. Famosos son aquellos dos milagros: la conversi\u00f3n del agua en vino para poder celebrar y la resurrecci\u00f3n de un pez ya cocido.<\/p>\n<p>\u00a0<\/p>\n<p>San Sim\u00f3n Stock nunca fue canonizado oficialmente, aunque el Vaticano aprueba que los carmelitas celebran esta fiesta. San Sim\u00f3n Stock es famoso porque sirvi\u00f3 como misionero en Egipto y fue martirizado en Persia. Sim\u00f3n Stock fue un Prior General ingl\u00e9s, venerado por su santidad.<\/p>\n<p>\u00a0<\/p>\n<p>Fue autor de varias composiciones, entre ellas los himnos marianos Flos Carmeli y el Ave Stella Matutina<\/p>\n<p>\u00a0<\/p>\n<p>Seg\u00fan la tradici\u00f3n piadosa, la Virgen Mar\u00eda se apareci\u00f3 a Sim\u00f3n en Aylesford, Inglaterra. La Virgen se present\u00f3 portando un escapulario en la mano. D\u00e1ndoselo le dijo: \u00ab<em>Toma, hijo querido, este escapulario; ser\u00e1 como la divisa de mi confraternidad, y para ti y todos los carmelitas, un signo especial de gracia; quien quiera que muera port\u00e1ndose, no sufrir\u00e1 el fuego eterno<\/em>\u201d. En la noche del 16 de julio de 1251, la Virgen le apareci\u00f3 a San Sim\u00f3n Stock rodeada de una multitud de \u00e1ngeles, en Aylesford, Inglaterra.<\/p>\n<p>\u00a0<\/p>\n<p>Por tanto, la aparici\u00f3n de la Virgen del Carmen a San Sim\u00f3n est\u00e1 muy relacionada con la vida de los Carmelitas y m\u00e1s concretamente con su presencia en el Convento del Carmen de Corella.<\/p>\n","protected":false},"excerpt":{"rendered":"<p>Somos alumnos\/as del Colegio P\u00fablico Ciudad de Corella y con motivo de las Jornadas Barrocas que se celebran en la localidad este fin de semana (del 25 al 27 de octubre de 2024) hemos realizado investigaciones sobre edificios importantes de Corella para darlos a conocer mediante el uso de c\u00f3digos QR. En nuestro caso, la &hellip; <\/p>\n<p><a class=\"more-link btn\" href=\"https:\/\/cpcorella.educacion.navarra.es\/blogs\/aparicion-de-la-virgen-del-carmen-a-san-simon-stock\/\">Continue reading<\/a><\/p>\n","protected":false},"author":6,"featured_media":0,"parent":0,"menu_order":0,"comment_status":"closed","ping_status":"closed","template":"","meta":[],"_links":{"self":[{"href":"https:\/\/cpcorella.educacion.navarra.es\/blogs\/wp-json\/wp\/v2\/pages\/5961"}],"collection":[{"href":"https:\/\/cpcorella.educacion.navarra.es\/blogs\/wp-json\/wp\/v2\/pages"}],"about":[{"href":"https:\/\/cpcorella.educacion.navarra.es\/blogs\/wp-json\/wp\/v2\/types\/page"}],"author":[{"embeddable":true,"href":"https:\/\/cpcorella.educacion.navarra.es\/blogs\/wp-json\/wp\/v2\/users\/6"}],"replies":[{"embeddable":true,"href":"https:\/\/cpcorella.educacion.navarra.es\/blogs\/wp-json\/wp\/v2\/comments?post=5961"}],"version-history":[{"count":1,"href":"https:\/\/cpcorella.educacion.navarra.es\/blogs\/wp-json\/wp\/v2\/pages\/5961\/revisions"}],"predecessor-version":[{"id":5965,"href":"https:\/\/cpcorella.educacion.navarra.es\/blogs\/wp-json\/wp\/v2\/pages\/5961\/revisions\/5965"}],"wp:attachment":[{"href":"https:\/\/cpcorella.educacion.navarra.es\/blogs\/wp-json\/wp\/v2\/media?parent=5961"}],"curies":[{"name":"wp","href":"https:\/\/api.w.org\/{rel}","templated":true}]}}