{"id":5947,"date":"2024-10-23T13:44:18","date_gmt":"2024-10-23T11:44:18","guid":{"rendered":"https:\/\/cpcorella.educacion.navarra.es\/blogs\/?page_id=5947"},"modified":"2024-10-23T13:44:19","modified_gmt":"2024-10-23T11:44:19","slug":"la-orden-de-los-carmelitas-descalzos%ef%bf%bc","status":"publish","type":"page","link":"https:\/\/cpcorella.educacion.navarra.es\/blogs\/la-orden-de-los-carmelitas-descalzos%ef%bf%bc\/","title":{"rendered":"LA ORDEN DE LOS CARMELITAS DESCALZOS\ufffc"},"content":{"rendered":"\n<p><img loading=\"lazy\" class=\"wp-image-5948 aligncenter\" src=\"https:\/\/cpcorella.educacion.navarra.es\/blogs\/wp-content\/uploads\/2024\/10\/001-2-1024x773.jpg\" alt=\"\" width=\"291\" height=\"220\" srcset=\"https:\/\/cpcorella.educacion.navarra.es\/blogs\/wp-content\/uploads\/2024\/10\/001-2-1024x773.jpg 1024w, https:\/\/cpcorella.educacion.navarra.es\/blogs\/wp-content\/uploads\/2024\/10\/001-2-300x226.jpg 300w, https:\/\/cpcorella.educacion.navarra.es\/blogs\/wp-content\/uploads\/2024\/10\/001-2-768x580.jpg 768w, https:\/\/cpcorella.educacion.navarra.es\/blogs\/wp-content\/uploads\/2024\/10\/001-2-1536x1159.jpg 1536w, https:\/\/cpcorella.educacion.navarra.es\/blogs\/wp-content\/uploads\/2024\/10\/001-2-555x419.jpg 555w, https:\/\/cpcorella.educacion.navarra.es\/blogs\/wp-content\/uploads\/2024\/10\/001-2.jpg 1680w\" sizes=\"(max-width: 291px) 100vw, 291px\" \/><\/p>\n<p>Somos alumnos\/as del Colegio P\u00fablico Ciudad de Corella y con motivo de las Jornadas Barrocas que se celebran en la localidad este fin de semana (del 25 al 27 de octubre de 2024) hemos realizado investigaciones sobre edificios importantes de Corella para darlos a conocer mediante el uso de c\u00f3digos QR. En nuestro caso, la clase de 6\u00ba F ha investigado sobre el Convento del Carmen de Corella y, m\u00e1s concretamente, nuestro grupo formado por Maria, Zakaria, Alejandra y Diego vamos a dar a conocer datos importantes sobre la Orden de los Carmelitas Descalzos.<\/p>\n<p>\u00a0<\/p>\n<p>La <strong>Reforma del Carmelo<\/strong> del a\u00f1o 1562 fue impulsada por Santa Teresa de \u00c1vila y apoyada por San Juan de la Cruz con la finalidad de restaurar el esp\u00edritu original de pobreza, oraci\u00f3n y vida contemplativa. De esta reforma surgi\u00f3 el primer convento de Carmelitas Descalzos.<\/p>\n<p>\u00a0<\/p>\n<p>Los <strong>Carmelitas Descalzos<\/strong> son personas de oraci\u00f3n que caminan en la b\u00fasqueda constante de la intimidad divina. Su h\u00e1bito es de color marr\u00f3n y consta de una vestidura talar con correa, un escapulario y la capucha. Adem\u00e1s como dato interesante conocemos que su dieta se compon\u00eda sobre todo de: pescado, frutas frescas y secas, verduras, aceite de oliva, vino, pan, huevos, aceitunas, leche y quesos.<\/p>\n<p>\u00a0<\/p>\n<p>En el caso de <strong>Corella<\/strong> (Navarra), Espa\u00f1a, la orden de los Carmelitas Descalzos ha tenido una presencia significativa desde hace siglos. El convento de los Carmelitas Descalzos de Corella tiene una larga historia de espiritualidad y servicio a la comunidad local.<\/p>\n<p>\u00a0<\/p>\n<p>Este <strong>Convento de los Carmelitas Descalzos de Corella<\/strong> fue fundado en el siglo XVI, en concreto en el a\u00f1o 1595, partiendo de la ya existente ermita de San Pedro. Forma parte del patrimonio hist\u00f3rico y religioso de Corella. As\u00edmismo, es conocido por su arquitectura barroca y su importante papel en la vida religiosa de la regi\u00f3n.<\/p>\n<p>A lo largo de los siglos, los carmelitas de este convento se dedicaron a la vida contemplativa, la predicaci\u00f3n, la direcci\u00f3n espiritual, y tambi\u00e9n a la ense\u00f1anza y la caridad.<\/p>\n<p>Este convento ha sido un centro de espiritualidad, donde muchos han buscado retiro y un espacio para la oraci\u00f3n. En Corella, al igual que en otras localidades de Espa\u00f1a, los Carmelitas Descalzos han mantenido la tradici\u00f3n de la oraci\u00f3n del <strong>Oficio Divino<\/strong>, el silencio, y la adoraci\u00f3n continua de Dios, siguiendo las ense\u00f1anzas de sus fundadores, Santa Teresa de Jes\u00fas y San Juan de la Cruz.<\/p>\n<p>Si nos centramos en la estructura que presenta el mencionado convento, su residencia conventual se estructur\u00f3 en torno a un patio cuadrangular.<\/p>\n<p>En conclusi\u00f3n, la <strong>Orden de los Carmelitas Descalzos de Corella<\/strong> tiene una profunda tradici\u00f3n de espiritualidad y contribuci\u00f3n cultural a la localidad de Corella.<\/p>\n<p>\u00a0<\/p>\n<p>Este convento refleja los valores de austeridad, oraci\u00f3n y dedicaci\u00f3n contemplativa que han caracterizado a los <strong>Carmelitas Descalzos<\/strong>.<\/p>\n<p><img loading=\"lazy\" class=\" wp-image-5949 aligncenter\" src=\"https:\/\/cpcorella.educacion.navarra.es\/blogs\/wp-content\/uploads\/2024\/10\/002-4.jpg\" alt=\"\" width=\"209\" height=\"237\" srcset=\"https:\/\/cpcorella.educacion.navarra.es\/blogs\/wp-content\/uploads\/2024\/10\/002-4.jpg 267w, https:\/\/cpcorella.educacion.navarra.es\/blogs\/wp-content\/uploads\/2024\/10\/002-4-264x300.jpg 264w\" sizes=\"(max-width: 209px) 100vw, 209px\" \/><\/p>\n","protected":false},"excerpt":{"rendered":"<p>Somos alumnos\/as del Colegio P\u00fablico Ciudad de Corella y con motivo de las Jornadas Barrocas que se celebran en la localidad este fin de semana (del 25 al 27 de octubre de 2024) hemos realizado investigaciones sobre edificios importantes de Corella para darlos a conocer mediante el uso de c\u00f3digos QR. En nuestro caso, la &hellip; <\/p>\n<p><a class=\"more-link btn\" href=\"https:\/\/cpcorella.educacion.navarra.es\/blogs\/la-orden-de-los-carmelitas-descalzos%ef%bf%bc\/\">Continue reading<\/a><\/p>\n","protected":false},"author":6,"featured_media":0,"parent":0,"menu_order":0,"comment_status":"closed","ping_status":"closed","template":"","meta":[],"_links":{"self":[{"href":"https:\/\/cpcorella.educacion.navarra.es\/blogs\/wp-json\/wp\/v2\/pages\/5947"}],"collection":[{"href":"https:\/\/cpcorella.educacion.navarra.es\/blogs\/wp-json\/wp\/v2\/pages"}],"about":[{"href":"https:\/\/cpcorella.educacion.navarra.es\/blogs\/wp-json\/wp\/v2\/types\/page"}],"author":[{"embeddable":true,"href":"https:\/\/cpcorella.educacion.navarra.es\/blogs\/wp-json\/wp\/v2\/users\/6"}],"replies":[{"embeddable":true,"href":"https:\/\/cpcorella.educacion.navarra.es\/blogs\/wp-json\/wp\/v2\/comments?post=5947"}],"version-history":[{"count":1,"href":"https:\/\/cpcorella.educacion.navarra.es\/blogs\/wp-json\/wp\/v2\/pages\/5947\/revisions"}],"predecessor-version":[{"id":5952,"href":"https:\/\/cpcorella.educacion.navarra.es\/blogs\/wp-json\/wp\/v2\/pages\/5947\/revisions\/5952"}],"wp:attachment":[{"href":"https:\/\/cpcorella.educacion.navarra.es\/blogs\/wp-json\/wp\/v2\/media?parent=5947"}],"curies":[{"name":"wp","href":"https:\/\/api.w.org\/{rel}","templated":true}]}}