{"id":5935,"date":"2024-10-23T13:30:42","date_gmt":"2024-10-23T11:30:42","guid":{"rendered":"https:\/\/cpcorella.educacion.navarra.es\/blogs\/?page_id=5935"},"modified":"2024-10-23T18:14:49","modified_gmt":"2024-10-23T16:14:49","slug":"palacio-de-los-marqueses-de-bajamar","status":"publish","type":"page","link":"https:\/\/cpcorella.educacion.navarra.es\/blogs\/palacio-de-los-marqueses-de-bajamar\/","title":{"rendered":"PALACIO DE LOS MARQUESES DE BAJAMAR"},"content":{"rendered":"\n<ul>\n<li><a href=\"https:\/\/cpcorella.educacion.navarra.es\/blogs\/jose-minano-cabia\/\">JOS\u00c9 MI\u00d1ANO CABIA<\/a><\/li>\n<li><a href=\"https:\/\/cpcorella.educacion.navarra.es\/blogs\/la-casa-palacio-de-los-marqueses-de-bajamar-en-corella-%ef%bf%bc\/\">PALACIO DE LOS MARQUESES DE BAJAMAR<\/a><\/li>\n<li><a href=\"https:\/\/cpcorella.educacion.navarra.es\/blogs\/rosendo-porlier-y-la-antartida-%ef%bf%bc\/\">ROSENDO PORLIER Y LA ANT\u00c1RTIDA<\/a><\/li>\n<li><a href=\"https:\/\/cpcorella.educacion.navarra.es\/blogs\/los-marqueses-de-bajamar-en-la-historia\/\">LOS MARQUESES DE BAJAMAR<\/a><\/li>\n<\/ul>\n","protected":false},"excerpt":{"rendered":"<p>JOS\u00c9 MI\u00d1ANO CABIA PALACIO DE LOS MARQUESES DE BAJAMAR ROSENDO PORLIER Y LA ANT\u00c1RTIDA LOS MARQUESES DE BAJAMAR<\/p>\n","protected":false},"author":6,"featured_media":0,"parent":0,"menu_order":0,"comment_status":"closed","ping_status":"closed","template":"","meta":[],"_links":{"self":[{"href":"https:\/\/cpcorella.educacion.navarra.es\/blogs\/wp-json\/wp\/v2\/pages\/5935"}],"collection":[{"href":"https:\/\/cpcorella.educacion.navarra.es\/blogs\/wp-json\/wp\/v2\/pages"}],"about":[{"href":"https:\/\/cpcorella.educacion.navarra.es\/blogs\/wp-json\/wp\/v2\/types\/page"}],"author":[{"embeddable":true,"href":"https:\/\/cpcorella.educacion.navarra.es\/blogs\/wp-json\/wp\/v2\/users\/6"}],"replies":[{"embeddable":true,"href":"https:\/\/cpcorella.educacion.navarra.es\/blogs\/wp-json\/wp\/v2\/comments?post=5935"}],"version-history":[{"count":5,"href":"https:\/\/cpcorella.educacion.navarra.es\/blogs\/wp-json\/wp\/v2\/pages\/5935\/revisions"}],"predecessor-version":[{"id":6001,"href":"https:\/\/cpcorella.educacion.navarra.es\/blogs\/wp-json\/wp\/v2\/pages\/5935\/revisions\/6001"}],"wp:attachment":[{"href":"https:\/\/cpcorella.educacion.navarra.es\/blogs\/wp-json\/wp\/v2\/media?parent=5935"}],"curies":[{"name":"wp","href":"https:\/\/api.w.org\/{rel}","templated":true}]}}

<ul>
<li><a href="https://cpcorella.educacion.navarra.es/blogs/jose-minano-cabia/">JOSÉ MIÑANO CABIA</a></li>
<li><a href="https://cpcorella.educacion.navarra.es/blogs/la-casa-palacio-de-los-marqueses-de-bajamar-en-corella-%ef%bf%bc/">PALACIO DE LOS MARQUESES DE BAJAMAR</a></li>
<li><a href="https://cpcorella.educacion.navarra.es/blogs/rosendo-porlier-y-la-antartida-%ef%bf%bc/">ROSENDO PORLIER Y LA ANTÁRTIDA</a></li>
<li><a href="https://cpcorella.educacion.navarra.es/blogs/los-marqueses-de-bajamar-en-la-historia/">LOS MARQUESES DE BAJAMAR</a></li>
</ul>

<p>JOSÉ MIÑANO CABIA PALACIO DE LOS MARQUESES DE BAJAMAR ROSENDO PORLIER Y LA ANTÁRTIDA LOS MARQUESES DE BAJAMAR</p>
