{"id":5902,"date":"2024-10-23T12:50:45","date_gmt":"2024-10-23T10:50:45","guid":{"rendered":"https:\/\/cpcorella.educacion.navarra.es\/blogs\/?page_id=5902"},"modified":"2024-10-23T12:50:45","modified_gmt":"2024-10-23T10:50:45","slug":"palacio-de-los-sesma","status":"publish","type":"page","link":"https:\/\/cpcorella.educacion.navarra.es\/blogs\/palacio-de-los-sesma\/","title":{"rendered":"PALACIO DE LOS SESMA"},"content":{"rendered":"\n<p><img loading=\"lazy\" class=\"size-full wp-image-5904 alignleft\" src=\"https:\/\/cpcorella.educacion.navarra.es\/blogs\/wp-content\/uploads\/2024\/10\/001.png\" alt=\"\" width=\"293\" height=\"172\" \/><\/p>\n<p>Somos alumnos\/as de la clase de 6\u00ba A y hemos investigado sobre el palacio de Agust\u00edn de Sesma y Sierra, conocido como la Casa de las Cadenas. Nuestro grupo formado por Marwa, Rida, Elaia, Axel ,Aimar y David vamos a centrarnos en la historia del edificio.<\/p>\n<p>\u00a0<\/p>\n<p>La informaci\u00f3n que vamos a investigar la daremos a conocer mediante c\u00f3digos QR en las fachadas de los edificios para que todos los visitantes puedan conocer m\u00e1s a fondo la historia de cada palacio y templo dentro de las Jornadas Barrocas que tendr\u00e1n lugar entre el 25 y el 27 de octubre.<\/p>\n<p>\u00a0<\/p>\n<p>En este documento os hablaremos del palacio de los Sesma, palacio construido en 1704 y que sigue el gusto y la est\u00e9tica propia de la \u00e9poca barroca. Dicho edificio es el m\u00e1s sobresaliente de la arquitectura civil de <strong>Corella.<\/strong> Se encuentra en el n\u00ba 19 de la calle San Miguel.<\/p>\n<p>\u00a0<\/p>\n<p>Esta antigua mansi\u00f3n del linaje de los Sesma en <strong>Corella<\/strong> fue ofrecida por los due\u00f1os y constructores para residencia del rey <strong>Felipe V<\/strong>, de su esposa <strong>Mar\u00eda Luisa de Saboya y del Pr\u00edncipe Luis<\/strong><strong>.<\/strong><\/p>\n<p>\u00a0<\/p>\n<p>Lo mandaron construir Agust\u00edn de Sesma y Sierra (que fue alcalde de Corella) y su mujer Josefa Escudero y Ruiz de Murillo para ser usado como su casa familiar, lugar donde nacer\u00edan todos sus hijos. Adem\u00e1s, mandaron colocar en la esquina de la fachada un gran escudo de piedra, tallado en \u00c1greda, con los 4 apellidos del matrimonio; en \u00e9l aparecen las armas de los <strong>Sesma<\/strong>, <strong>Sierra<\/strong>, <strong>Escudero y Ruiz de Murillo<\/strong>, enmarcado por nin\u0303os sobre delfines, cuernos de la abundancia y un rico follaje. El primer cuartel muestra un a\u0301guila; el tercero, cuartelado por dos animales enfrentados, torre y luna menguante; encontr\u00e1ndo el segundo y el cuarto muy deteriorados.<\/p>\n<p>\u00a0<\/p>\n<p>Es un edificio de esquina, con una fachada totalmente barroca, decorada con ladrillo dispuesto en formas geom\u00e9tricas que proporciona interesantes contrastes de luces a la misma. El edificio consta de cuatro plantas con la siguiente distribuci\u00f3n:<\/p>\n<p>\u00a0<\/p>\n<ul>\n<li>Unas bodegas grandes para la fabricaci\u00f3n de vino, que comunican con un trazado de t\u00faneles subterr\u00e1neos que comunicaban distintos palacios de Corella. La bodega principal tiene una b\u00f3veda de medio ca\u00f1\u00f3n.<\/li>\n<\/ul>\n<p>\u00a0<\/p>\n<ul>\n<li>En la planta baja tiene un arco de entrada con una puerta doble. Sobre el arco cuelgan unas grandes cadenas que son s\u00edmbolo de que en la casa han dormido reyes, ya que aquellas casas que tienen cadenas es un privilegio que demuestra que ha sido asilo real. En este caso, las cadenas las concedi\u00f3 Felipe V al haber venido a vivir a la casa junto con su primera esposa M\u00aa Luisa Gabriela de Saboya y el pr\u00edncipe Luis. En esta planta encontramos un atrio de entrada cuyo suelo tiene bonitos dibujos realizados con piedras de cantos rodados, propios de esta zona. Adem\u00e1s, encontramos la caja de escalera, un patio interior y el conjunto de cuadras y almacenes.<\/li>\n<\/ul>\n<p>\u00a0\u00a0\u00a0\u00a0\u00a0\u00a0\u00a0\u00a0\u00a0\u00a0\u00a0\u00a0\u00a0\u00a0\u00a0\u00a0\u00a0\u00a0\u00a0\u00a0\u00a0\u00a0\u00a0\u00a0\u00a0\u00a0\u00a0\u00a0\u00a0\u00a0\u00a0\u00a0 \u00a0\u00a0\u00a0\u00a0\u00a0\u00a0\u00a0\u00a0\u00a0\u00a0\u00a0\u00a0\u00a0\u00a0\u00a0\u00a0\u00a0\u00a0\u00a0\u00a0\u00a0\u00a0\u00a0\u00a0\u00a0\u00a0\u00a0\u00a0\u00a0\u00a0\u00a0\u00a0\u00a0\u00a0\u00a0\u00a0\u00a0\u00a0\u00a0\u00a0\u00a0\u00a0\u00a0\u00a0\u00a0\u00a0\u00a0\u00a0<\/p>\n<ul>\n<li>La primera planta consta de la parte noble, donde se localizaban los principales salones como la antesala, el comedor, el despacho, varios dormitorios, la capilla adem\u00e1s de la cocina y parte dedicada al servicio. En la fachada podemos ver grandes balcones, con labradas rejer\u00edas que serv\u00edan para dar vistosidad a la familia que lo habitaba especialmente durante el paso de las procesiones religiosas. En la esquina del edificio aparece el gran blas\u00f3n familiar.<\/li>\n<\/ul>\n<p>\u00a0<\/p>\n<ul>\n<li>La segunda planta del edificio era la destinada al servicio, por eso encontramos unos balcones y ventanas en la fachada de menor altura, ya que esas estancias carec\u00edan de decoraciones a diferencia del primer piso. En esa planta encontr\u00e1bamos habitaciones, salas y cocina dedicadas a la vida del servicio que atend\u00eda al palacio.<\/li>\n<\/ul>\n<p>\u00a0<\/p>\n<ul>\n<li>Adem\u00e1s de las anteriores plantas mencionadas, encontramos un \u00e1tico que serv\u00eda para secar la cosecha y, el edificio termina con un curioso palomar en forma de templete, que tiene muy buenas vistas hacia el Convento de la Encarnaci\u00f3n, hoy conocido como Museo Arrese.<\/li>\n<\/ul>\n<p>\u00a0<\/p>\n<p>Esta casa durante siglos ha estado habitada por los descendientes de sus fundadores, la familia de los Sesma y Sierra hasta los a\u00f1os 90 en que dejaron de vivir en ella. Tras varios a\u00f1os sin habitar, la familia la puso en venta; siendo comprada por un particular, la ha restaurado siendo ahora como un museo de arte contempor\u00e1neo con obras realizadas por el comprador y por su hermano. Con la restauraci\u00f3n se ha pretendido conservar partes importantes de su interior, teniendo adem\u00e1s algunos dibujos de trampantojo realizados por el pintor Rafa Gonz\u00e1lez.<\/p>\n<p>\u00a0<\/p>\n<p>Hoy, es una casa que aunque cerrada al p\u00fablico trata de mantener la historia de Corella y de recordar la visita de los primeros reyes borbones de Espa\u00f1a. Adem\u00e1s, con motivo de las Jornadas Barrocas, una representaci\u00f3n teatral de la corte real saluda desde los balcones recordando aquel momento de la llegada a Corella.<\/p>\n<p>Curiosamente, podemos decir que esta casa fue la \u00fanica de Navarra que se recre\u00f3 en el Pueblo Espa\u00f1ol de Barcelona con motivo de la Exposici\u00f3n Internacional de 1929, siendo una copia m\u00e1s o menos exacta del edificio real.<\/p>\n<p>\u00a0<\/p>\n<p>Os invitamos a ver un v\u00eddeo del interior de la casa en el siguiente enlace: <a href=\"https:\/\/youtu.be\/POp1nMMpsdc\">V\u00cdDEO<\/a><\/p>\n<p><img loading=\"lazy\" class=\"alignnone size-full wp-image-5903 aligncenter\" src=\"https:\/\/cpcorella.educacion.navarra.es\/blogs\/wp-content\/uploads\/2024\/10\/002-2.jpg\" alt=\"\" width=\"544\" height=\"424\" srcset=\"https:\/\/cpcorella.educacion.navarra.es\/blogs\/wp-content\/uploads\/2024\/10\/002-2.jpg 544w, https:\/\/cpcorella.educacion.navarra.es\/blogs\/wp-content\/uploads\/2024\/10\/002-2-300x234.jpg 300w\" sizes=\"(max-width: 544px) 100vw, 544px\" \/><\/p>\n","protected":false},"excerpt":{"rendered":"<p>Somos alumnos\/as de la clase de 6\u00ba A y hemos investigado sobre el palacio de Agust\u00edn de Sesma y Sierra, conocido como la Casa de las Cadenas. Nuestro grupo formado por Marwa, Rida, Elaia, Axel ,Aimar y David vamos a centrarnos en la historia del edificio. \u00a0 La informaci\u00f3n que vamos a investigar la daremos &hellip; <\/p>\n<p><a class=\"more-link btn\" href=\"https:\/\/cpcorella.educacion.navarra.es\/blogs\/palacio-de-los-sesma\/\">Continue reading<\/a><\/p>\n","protected":false},"author":6,"featured_media":0,"parent":0,"menu_order":0,"comment_status":"closed","ping_status":"closed","template":"","meta":[],"_links":{"self":[{"href":"https:\/\/cpcorella.educacion.navarra.es\/blogs\/wp-json\/wp\/v2\/pages\/5902"}],"collection":[{"href":"https:\/\/cpcorella.educacion.navarra.es\/blogs\/wp-json\/wp\/v2\/pages"}],"about":[{"href":"https:\/\/cpcorella.educacion.navarra.es\/blogs\/wp-json\/wp\/v2\/types\/page"}],"author":[{"embeddable":true,"href":"https:\/\/cpcorella.educacion.navarra.es\/blogs\/wp-json\/wp\/v2\/users\/6"}],"replies":[{"embeddable":true,"href":"https:\/\/cpcorella.educacion.navarra.es\/blogs\/wp-json\/wp\/v2\/comments?post=5902"}],"version-history":[{"count":1,"href":"https:\/\/cpcorella.educacion.navarra.es\/blogs\/wp-json\/wp\/v2\/pages\/5902\/revisions"}],"predecessor-version":[{"id":5907,"href":"https:\/\/cpcorella.educacion.navarra.es\/blogs\/wp-json\/wp\/v2\/pages\/5902\/revisions\/5907"}],"wp:attachment":[{"href":"https:\/\/cpcorella.educacion.navarra.es\/blogs\/wp-json\/wp\/v2\/media?parent=5902"}],"curies":[{"name":"wp","href":"https:\/\/api.w.org\/{rel}","templated":true}]}}

<p><img loading="lazy" class="size-full wp-image-5904 alignleft" src="https://cpcorella.educacion.navarra.es/blogs/wp-content/uploads/2024/10/001.png" alt="" width="293" height="172" /></p>
<p>Somos alumnos/as de la clase de 6º A y hemos investigado sobre el palacio de Agustín de Sesma y Sierra, conocido como la Casa de las Cadenas. Nuestro grupo formado por Marwa, Rida, Elaia, Axel ,Aimar y David vamos a centrarnos en la historia del edificio.</p>
<p> </p>
<p>La información que vamos a investigar la daremos a conocer mediante códigos QR en las fachadas de los edificios para que todos los visitantes puedan conocer más a fondo la historia de cada palacio y templo dentro de las Jornadas Barrocas que tendrán lugar entre el 25 y el 27 de octubre.</p>
<p> </p>
<p>En este documento os hablaremos del palacio de los Sesma, palacio construido en 1704 y que sigue el gusto y la estética propia de la época barroca. Dicho edificio es el más sobresaliente de la arquitectura civil de <strong>Corella.</strong> Se encuentra en el nº 19 de la calle San Miguel.</p>
<p> </p>
<p>Esta antigua mansión del linaje de los Sesma en <strong>Corella</strong> fue ofrecida por los dueños y constructores para residencia del rey <strong>Felipe V</strong>, de su esposa <strong>María Luisa de Saboya y del Príncipe Luis</strong><strong>.</strong></p>
<p> </p>
<p>Lo mandaron construir Agustín de Sesma y Sierra (que fue alcalde de Corella) y su mujer Josefa Escudero y Ruiz de Murillo para ser usado como su casa familiar, lugar donde nacerían todos sus hijos. Además, mandaron colocar en la esquina de la fachada un gran escudo de piedra, tallado en Ágreda, con los 4 apellidos del matrimonio; en él aparecen las armas de los <strong>Sesma</strong>, <strong>Sierra</strong>, <strong>Escudero y Ruiz de Murillo</strong>, enmarcado por niños sobre delfines, cuernos de la abundancia y un rico follaje. El primer cuartel muestra un águila; el tercero, cuartelado por dos animales enfrentados, torre y luna menguante; encontrándo el segundo y el cuarto muy deteriorados.</p>
<p> </p>
<p>Es un edificio de esquina, con una fachada totalmente barroca, decorada con ladrillo dispuesto en formas geométricas que proporciona interesantes contrastes de luces a la misma. El edificio consta de cuatro plantas con la siguiente distribución:</p>
<p> </p>
<ul>
<li>Unas bodegas grandes para la fabricación de vino, que comunican con un trazado de túneles subterráneos que comunicaban distintos palacios de Corella. La bodega principal tiene una bóveda de medio cañón.</li>
</ul>
<p> </p>
<ul>
<li>En la planta baja tiene un arco de entrada con una puerta doble. Sobre el arco cuelgan unas grandes cadenas que son símbolo de que en la casa han dormido reyes, ya que aquellas casas que tienen cadenas es un privilegio que demuestra que ha sido asilo real. En este caso, las cadenas las concedió Felipe V al haber venido a vivir a la casa junto con su primera esposa Mª Luisa Gabriela de Saboya y el príncipe Luis. En esta planta encontramos un atrio de entrada cuyo suelo tiene bonitos dibujos realizados con piedras de cantos rodados, propios de esta zona. Además, encontramos la caja de escalera, un patio interior y el conjunto de cuadras y almacenes.</li>
</ul>
<p>                                                                                 </p>
<ul>
<li>La primera planta consta de la parte noble, donde se localizaban los principales salones como la antesala, el comedor, el despacho, varios dormitorios, la capilla además de la cocina y parte dedicada al servicio. En la fachada podemos ver grandes balcones, con labradas rejerías que servían para dar vistosidad a la familia que lo habitaba especialmente durante el paso de las procesiones religiosas. En la esquina del edificio aparece el gran blasón familiar.</li>
</ul>
<p> </p>
<ul>
<li>La segunda planta del edificio era la destinada al servicio, por eso encontramos unos balcones y ventanas en la fachada de menor altura, ya que esas estancias carecían de decoraciones a diferencia del primer piso. En esa planta encontrábamos habitaciones, salas y cocina dedicadas a la vida del servicio que atendía al palacio.</li>
</ul>
<p> </p>
<ul>
<li>Además de las anteriores plantas mencionadas, encontramos un ático que servía para secar la cosecha y, el edificio termina con un curioso palomar en forma de templete, que tiene muy buenas vistas hacia el Convento de la Encarnación, hoy conocido como Museo Arrese.</li>
</ul>
<p> </p>
<p>Esta casa durante siglos ha estado habitada por los descendientes de sus fundadores, la familia de los Sesma y Sierra hasta los años 90 en que dejaron de vivir en ella. Tras varios años sin habitar, la familia la puso en venta; siendo comprada por un particular, la ha restaurado siendo ahora como un museo de arte contemporáneo con obras realizadas por el comprador y por su hermano. Con la restauración se ha pretendido conservar partes importantes de su interior, teniendo además algunos dibujos de trampantojo realizados por el pintor Rafa González.</p>
<p> </p>
<p>Hoy, es una casa que aunque cerrada al público trata de mantener la historia de Corella y de recordar la visita de los primeros reyes borbones de España. Además, con motivo de las Jornadas Barrocas, una representación teatral de la corte real saluda desde los balcones recordando aquel momento de la llegada a Corella.</p>
<p>Curiosamente, podemos decir que esta casa fue la única de Navarra que se recreó en el Pueblo Español de Barcelona con motivo de la Exposición Internacional de 1929, siendo una copia más o menos exacta del edificio real.</p>
<p> </p>
<p>Os invitamos a ver un vídeo del interior de la casa en el siguiente enlace: <a href="https://youtu.be/POp1nMMpsdc">VÍDEO</a></p>
<p><img loading="lazy" class="alignnone size-full wp-image-5903 aligncenter" src="https://cpcorella.educacion.navarra.es/blogs/wp-content/uploads/2024/10/002-2.jpg" alt="" width="544" height="424" srcset="https://cpcorella.educacion.navarra.es/blogs/wp-content/uploads/2024/10/002-2.jpg 544w, https://cpcorella.educacion.navarra.es/blogs/wp-content/uploads/2024/10/002-2-300x234.jpg 300w" sizes="(max-width: 544px) 100vw, 544px" /></p>

<p>Somos alumnos/as de la clase de 6º A y hemos investigado sobre el palacio de Agustín de Sesma y Sierra, conocido como la Casa de las Cadenas. Nuestro grupo formado por Marwa, Rida, Elaia, Axel ,Aimar y David vamos a centrarnos en la historia del edificio.   La información que vamos a investigar la daremos &hellip; </p>
<p><a class="more-link btn" href="https://cpcorella.educacion.navarra.es/blogs/palacio-de-los-sesma/">Continue reading</a></p>
