{"id":5894,"date":"2024-10-23T12:47:54","date_gmt":"2024-10-23T10:47:54","guid":{"rendered":"https:\/\/cpcorella.educacion.navarra.es\/blogs\/?page_id=5894"},"modified":"2024-10-23T12:47:54","modified_gmt":"2024-10-23T10:47:54","slug":"felipe-v-y-su-llegada-a-corella","status":"publish","type":"page","link":"https:\/\/cpcorella.educacion.navarra.es\/blogs\/felipe-v-y-su-llegada-a-corella\/","title":{"rendered":"FELIPE V Y SU LLEGADA A CORELLA"},"content":{"rendered":"\n<p><img loading=\"lazy\" class=\"size-full wp-image-5895 aligncenter\" src=\"https:\/\/cpcorella.educacion.navarra.es\/blogs\/wp-content\/uploads\/2024\/10\/001-1.jpg\" alt=\"\" width=\"252\" height=\"148\" \/><\/p>\n<p>Somos alumnos\/as de la clase de 6\u00ba A y hemos investigado sobre el palacio de Agust\u00edn de Sesma y Sierra, conocido como la Casa de las Cadenas. Nuestro grupo formado por Amir, Clara, Mateo, Assinad y Ayoub vamos a centrarnos en la llegada a Corella del Rey Felipe V y su familia, que vivi\u00f3 durante 4 meses en este palacio.<\/p>\n<p>\u00a0<\/p>\n<p>La informaci\u00f3n que vamos a investigar la daremos a conocer mediante c\u00f3digos QR en las fachadas de los edificios para que todos los visitantes puedan conocer m\u00e1s a fondo la historia de cada palacio y templo dentro de las Jornadas Barrocas que tendr\u00e1n lugar entre el 25 y el 27 de octubre.<\/p>\n<p><em>\u00a0<\/em><\/p>\n<p>Espa\u00f1a desde la muerte del Rey Carlos II se vio sometida a una fuerte y duradera Guerra de Sucesi\u00f3n, que enfrentaba a los partidarios del Archiduque Carlos de Austria frente a los partidarios de Felipe V siendo descendiente de los reyes borbones de Francia.<\/p>\n<p>\u00a0<\/p>\n<p>As\u00ed, en plena Guerra de Sucesi\u00f3n, nos encontramos en 1711 con la necesidad que ten\u00edan los partidarios de Felipe V de avanzar y tomar tierras hacia Madrid, por lo que unidas esas circunstancias al delicado estado de salud de la reina Mar\u00eda Luisa Gabriela de Saboya, los m\u00e9dicos de Zaragoza aconsejaron a la familia real su estancia por un tiempo en Corella, ya que el buen clima, los ajos y el agua de la fuente de Bard\u00f3n ayudaron a que la reina tuviera algo de mejor\u00eda.<\/p>\n<p>\u00a0<\/p>\n<p>No es casual que la familia real vinieran a la casa de las Cadenas de Corella, ya que en ese momento era la casa reci\u00e9n terminada de construir, teniendo adem\u00e1s en cuenta que un hermano de Agust\u00edn de Sesma era secretario de Guerra del mism\u00edsimo rey Felipe V. Por tanto, el ofrecimiento fue por lazos familiares, convirtiendo a Corella en Corte del primer Borb\u00f3n por cuatro meses, lugar al que se desplazaron la corte con sus ministros y responsables.<\/p>\n<p>\u00a0<\/p>\n<p>Felipe V lleg\u00f3 a Corella el 14 de junio de 1711 con toda su corte a Corella con la esperanza de que su mujer, Mar\u00eda Luisa de Saboya, sanase de la tuberculosis que ten\u00eda. Se hospedaron en la casa que recientemente hab\u00eda construido Agust\u00edn de Sesma y Sierra. Como era habitual, en las casas donde hab\u00eda dormido un rey siempre se instalan cadenas como s\u00edmbolo de asilo real, de ah\u00ed que a esta casa se le conozca popularmente como \u201ccasa de las cadenas\u201d gracias al privilegio otorgado en 1712 que permit\u00eda su colocaci\u00f3n. Adem\u00e1s de instalar cadenas en la puerta principal, tambi\u00e9n se instalaron en la puerta lateral que se abre a la Placeta de Garc\u00eda.<\/p>\n<p>\u00a0<\/p>\n<p>No obstante, meses despue\u0301s de su estancia en Corella, la reina fallecio\u0301 y ya en 1719, casado con Isabel de Farnesio (su segunda esposa) la familia real volvi\u00f3 a Corella y se aloj\u00f3 de nuevo en la casa palacio. En esta ocasi\u00f3n fue cuando el Rey Felipe V le prometi\u00f3 a los due\u00f1os de la casa que nombrar\u00eda al pr\u00f3ximo nieto que iba a nacer como Coronel de los Reales Ej\u00e9rcitos, pero el nieto naci\u00f3 nieta y, respetando su decisi\u00f3n, nombr\u00f3 a Do\u00f1a Bernarda de Sesma e Iblusqueta como Coronela de los Ej\u00e9rcitos, siendo la primera mujer en Espa\u00f1a con ese cargo.<\/p>\n<p>\u00a0<\/p>\n<p>La primera mujer de Felipe V falleci\u00f3 el 14 de febrero de 1714 y su segunda mujer el 11 de julio de 1766. Felipe V tuvo con su primera mujer 4 hijos , mientras que con Isabel Farnesio (su segunda mujer) tuvo siete hijos.<\/p>\n<p>\u00a0<\/p>\n<p>Cada a\u00f1o, con motivo de las Jornadas Barrocas (desde hace 19 a\u00f1os) se viene escenificando en el mes de octubre una representaci\u00f3n teatral de la llegada de la familia real y su entrada en la casa de las Cadenas, acompa\u00f1ado de numerosa programaci\u00f3n cultural como un mercado barroco, conciertos, visitas y charlas que animan al visitante y corellano a conocer la historia tan importante de la llegada a Corella de la corte real.<\/p>\n<p>\u00a0<\/p>\n<p>Esperamos que nuestra informaci\u00f3n os haya sido de gran utilidad.<\/p>\n<p><img loading=\"lazy\" class=\"alignnone  wp-image-5896\" src=\"https:\/\/cpcorella.educacion.navarra.es\/blogs\/wp-content\/uploads\/2024\/10\/002-1-1024x576.jpg\" alt=\"\" width=\"388\" height=\"218\" srcset=\"https:\/\/cpcorella.educacion.navarra.es\/blogs\/wp-content\/uploads\/2024\/10\/002-1-1024x576.jpg 1024w, https:\/\/cpcorella.educacion.navarra.es\/blogs\/wp-content\/uploads\/2024\/10\/002-1-300x169.jpg 300w, https:\/\/cpcorella.educacion.navarra.es\/blogs\/wp-content\/uploads\/2024\/10\/002-1-768x432.jpg 768w, https:\/\/cpcorella.educacion.navarra.es\/blogs\/wp-content\/uploads\/2024\/10\/002-1-555x312.jpg 555w, https:\/\/cpcorella.educacion.navarra.es\/blogs\/wp-content\/uploads\/2024\/10\/002-1.jpg 1200w\" sizes=\"(max-width: 388px) 100vw, 388px\" \/> <img loading=\"lazy\" class=\"alignnone size-large wp-image-5897\" src=\"https:\/\/cpcorella.educacion.navarra.es\/blogs\/wp-content\/uploads\/2024\/10\/003-1.png\" alt=\"\" width=\"368\" height=\"368\" srcset=\"https:\/\/cpcorella.educacion.navarra.es\/blogs\/wp-content\/uploads\/2024\/10\/003-1.png 368w, https:\/\/cpcorella.educacion.navarra.es\/blogs\/wp-content\/uploads\/2024\/10\/003-1-300x300.png 300w, https:\/\/cpcorella.educacion.navarra.es\/blogs\/wp-content\/uploads\/2024\/10\/003-1-150x150.png 150w\" sizes=\"(max-width: 368px) 100vw, 368px\" \/><\/p>\n","protected":false},"excerpt":{"rendered":"<p>Somos alumnos\/as de la clase de 6\u00ba A y hemos investigado sobre el palacio de Agust\u00edn de Sesma y Sierra, conocido como la Casa de las Cadenas. Nuestro grupo formado por Amir, Clara, Mateo, Assinad y Ayoub vamos a centrarnos en la llegada a Corella del Rey Felipe V y su familia, que vivi\u00f3 durante &hellip; <\/p>\n<p><a class=\"more-link btn\" href=\"https:\/\/cpcorella.educacion.navarra.es\/blogs\/felipe-v-y-su-llegada-a-corella\/\">Continue reading<\/a><\/p>\n","protected":false},"author":6,"featured_media":0,"parent":0,"menu_order":0,"comment_status":"closed","ping_status":"closed","template":"","meta":[],"_links":{"self":[{"href":"https:\/\/cpcorella.educacion.navarra.es\/blogs\/wp-json\/wp\/v2\/pages\/5894"}],"collection":[{"href":"https:\/\/cpcorella.educacion.navarra.es\/blogs\/wp-json\/wp\/v2\/pages"}],"about":[{"href":"https:\/\/cpcorella.educacion.navarra.es\/blogs\/wp-json\/wp\/v2\/types\/page"}],"author":[{"embeddable":true,"href":"https:\/\/cpcorella.educacion.navarra.es\/blogs\/wp-json\/wp\/v2\/users\/6"}],"replies":[{"embeddable":true,"href":"https:\/\/cpcorella.educacion.navarra.es\/blogs\/wp-json\/wp\/v2\/comments?post=5894"}],"version-history":[{"count":1,"href":"https:\/\/cpcorella.educacion.navarra.es\/blogs\/wp-json\/wp\/v2\/pages\/5894\/revisions"}],"predecessor-version":[{"id":5900,"href":"https:\/\/cpcorella.educacion.navarra.es\/blogs\/wp-json\/wp\/v2\/pages\/5894\/revisions\/5900"}],"wp:attachment":[{"href":"https:\/\/cpcorella.educacion.navarra.es\/blogs\/wp-json\/wp\/v2\/media?parent=5894"}],"curies":[{"name":"wp","href":"https:\/\/api.w.org\/{rel}","templated":true}]}}

<p><img loading="lazy" class="size-full wp-image-5895 aligncenter" src="https://cpcorella.educacion.navarra.es/blogs/wp-content/uploads/2024/10/001-1.jpg" alt="" width="252" height="148" /></p>
<p>Somos alumnos/as de la clase de 6º A y hemos investigado sobre el palacio de Agustín de Sesma y Sierra, conocido como la Casa de las Cadenas. Nuestro grupo formado por Amir, Clara, Mateo, Assinad y Ayoub vamos a centrarnos en la llegada a Corella del Rey Felipe V y su familia, que vivió durante 4 meses en este palacio.</p>
<p> </p>
<p>La información que vamos a investigar la daremos a conocer mediante códigos QR en las fachadas de los edificios para que todos los visitantes puedan conocer más a fondo la historia de cada palacio y templo dentro de las Jornadas Barrocas que tendrán lugar entre el 25 y el 27 de octubre.</p>
<p><em> </em></p>
<p>España desde la muerte del Rey Carlos II se vio sometida a una fuerte y duradera Guerra de Sucesión, que enfrentaba a los partidarios del Archiduque Carlos de Austria frente a los partidarios de Felipe V siendo descendiente de los reyes borbones de Francia.</p>
<p> </p>
<p>Así, en plena Guerra de Sucesión, nos encontramos en 1711 con la necesidad que tenían los partidarios de Felipe V de avanzar y tomar tierras hacia Madrid, por lo que unidas esas circunstancias al delicado estado de salud de la reina María Luisa Gabriela de Saboya, los médicos de Zaragoza aconsejaron a la familia real su estancia por un tiempo en Corella, ya que el buen clima, los ajos y el agua de la fuente de Bardón ayudaron a que la reina tuviera algo de mejoría.</p>
<p> </p>
<p>No es casual que la familia real vinieran a la casa de las Cadenas de Corella, ya que en ese momento era la casa recién terminada de construir, teniendo además en cuenta que un hermano de Agustín de Sesma era secretario de Guerra del mismísimo rey Felipe V. Por tanto, el ofrecimiento fue por lazos familiares, convirtiendo a Corella en Corte del primer Borbón por cuatro meses, lugar al que se desplazaron la corte con sus ministros y responsables.</p>
<p> </p>
<p>Felipe V llegó a Corella el 14 de junio de 1711 con toda su corte a Corella con la esperanza de que su mujer, María Luisa de Saboya, sanase de la tuberculosis que tenía. Se hospedaron en la casa que recientemente había construido Agustín de Sesma y Sierra. Como era habitual, en las casas donde había dormido un rey siempre se instalan cadenas como símbolo de asilo real, de ahí que a esta casa se le conozca popularmente como “casa de las cadenas” gracias al privilegio otorgado en 1712 que permitía su colocación. Además de instalar cadenas en la puerta principal, también se instalaron en la puerta lateral que se abre a la Placeta de García.</p>
<p> </p>
<p>No obstante, meses después de su estancia en Corella, la reina falleció y ya en 1719, casado con Isabel de Farnesio (su segunda esposa) la familia real volvió a Corella y se alojó de nuevo en la casa palacio. En esta ocasión fue cuando el Rey Felipe V le prometió a los dueños de la casa que nombraría al próximo nieto que iba a nacer como Coronel de los Reales Ejércitos, pero el nieto nació nieta y, respetando su decisión, nombró a Doña Bernarda de Sesma e Iblusqueta como Coronela de los Ejércitos, siendo la primera mujer en España con ese cargo.</p>
<p> </p>
<p>La primera mujer de Felipe V falleció el 14 de febrero de 1714 y su segunda mujer el 11 de julio de 1766. Felipe V tuvo con su primera mujer 4 hijos , mientras que con Isabel Farnesio (su segunda mujer) tuvo siete hijos.</p>
<p> </p>
<p>Cada año, con motivo de las Jornadas Barrocas (desde hace 19 años) se viene escenificando en el mes de octubre una representación teatral de la llegada de la familia real y su entrada en la casa de las Cadenas, acompañado de numerosa programación cultural como un mercado barroco, conciertos, visitas y charlas que animan al visitante y corellano a conocer la historia tan importante de la llegada a Corella de la corte real.</p>
<p> </p>
<p>Esperamos que nuestra información os haya sido de gran utilidad.</p>
<p><img loading="lazy" class="alignnone  wp-image-5896" src="https://cpcorella.educacion.navarra.es/blogs/wp-content/uploads/2024/10/002-1-1024x576.jpg" alt="" width="388" height="218" srcset="https://cpcorella.educacion.navarra.es/blogs/wp-content/uploads/2024/10/002-1-1024x576.jpg 1024w, https://cpcorella.educacion.navarra.es/blogs/wp-content/uploads/2024/10/002-1-300x169.jpg 300w, https://cpcorella.educacion.navarra.es/blogs/wp-content/uploads/2024/10/002-1-768x432.jpg 768w, https://cpcorella.educacion.navarra.es/blogs/wp-content/uploads/2024/10/002-1-555x312.jpg 555w, https://cpcorella.educacion.navarra.es/blogs/wp-content/uploads/2024/10/002-1.jpg 1200w" sizes="(max-width: 388px) 100vw, 388px" /> <img loading="lazy" class="alignnone size-large wp-image-5897" src="https://cpcorella.educacion.navarra.es/blogs/wp-content/uploads/2024/10/003-1.png" alt="" width="368" height="368" srcset="https://cpcorella.educacion.navarra.es/blogs/wp-content/uploads/2024/10/003-1.png 368w, https://cpcorella.educacion.navarra.es/blogs/wp-content/uploads/2024/10/003-1-300x300.png 300w, https://cpcorella.educacion.navarra.es/blogs/wp-content/uploads/2024/10/003-1-150x150.png 150w" sizes="(max-width: 368px) 100vw, 368px" /></p>

<p>Somos alumnos/as de la clase de 6º A y hemos investigado sobre el palacio de Agustín de Sesma y Sierra, conocido como la Casa de las Cadenas. Nuestro grupo formado por Amir, Clara, Mateo, Assinad y Ayoub vamos a centrarnos en la llegada a Corella del Rey Felipe V y su familia, que vivió durante &hellip; </p>
<p><a class="more-link btn" href="https://cpcorella.educacion.navarra.es/blogs/felipe-v-y-su-llegada-a-corella/">Continue reading</a></p>
