{"id":5884,"date":"2024-10-23T12:43:23","date_gmt":"2024-10-23T10:43:23","guid":{"rendered":"https:\/\/cpcorella.educacion.navarra.es\/blogs\/?page_id=5884"},"modified":"2024-10-23T12:43:24","modified_gmt":"2024-10-23T10:43:24","slug":"agustin-de-sesma-y-sierra","status":"publish","type":"page","link":"https:\/\/cpcorella.educacion.navarra.es\/blogs\/agustin-de-sesma-y-sierra\/","title":{"rendered":"AGUST\u00cdN DE SESMA Y SIERRA"},"content":{"rendered":"\n<p><span style=\"font-weight: 400;\"><img loading=\"lazy\" class=\"alignnone size-full wp-image-5887\" src=\"https:\/\/cpcorella.educacion.navarra.es\/blogs\/wp-content\/uploads\/2024\/10\/001.jpg\" alt=\"\" width=\"1030\" height=\"280\" srcset=\"https:\/\/cpcorella.educacion.navarra.es\/blogs\/wp-content\/uploads\/2024\/10\/001.jpg 1030w, https:\/\/cpcorella.educacion.navarra.es\/blogs\/wp-content\/uploads\/2024\/10\/001-300x82.jpg 300w, https:\/\/cpcorella.educacion.navarra.es\/blogs\/wp-content\/uploads\/2024\/10\/001-1024x278.jpg 1024w, https:\/\/cpcorella.educacion.navarra.es\/blogs\/wp-content\/uploads\/2024\/10\/001-768x209.jpg 768w, https:\/\/cpcorella.educacion.navarra.es\/blogs\/wp-content\/uploads\/2024\/10\/001-555x151.jpg 555w\" sizes=\"(max-width: 1030px) 100vw, 1030px\" \/><\/span><\/p>\n<p><span style=\"font-weight: 400;\">Somos alumnos\/as de la clase de 6\u00ba A y hemos investigado sobre el palacio de Agust\u00edn de Sesma y Sierra, conocido como la Casa de las Cadenas. Nuestro grupo formado por Alberto, Mar\u00eda, Isaac, Dilan y Carla vamos a centrarnos en la figura de Agust\u00edn de Sesma y Sierra como propietario y constructor de la Casa de las Cadenas, para dar a conocer c\u00f3mo era su familia, los hijos\/as que tuvieron, a qu\u00e9 se dedicaron, etc.\u00a0<\/span><\/p>\n<p>\u00a0<\/p>\n<p><span style=\"font-weight: 400;\">La informaci\u00f3n que vamos a investigar la daremos a conocer mediante c\u00f3digos QR en las fachadas de los edificios para que todos los visitantes puedan conocer m\u00e1s a fondo la historia de cada palacio y templo dentro de las Jornadas Barrocas que tendr\u00e1n lugar entre el 25 y el 27 de octubre.\u00a0<\/span><\/p>\n<p>\u00a0<\/p>\n<p><span style=\"font-weight: 400;\">El protagonista de esta casa adem\u00e1s del Rey Felipe V fue el constructor y primer propietario de la misma, llamado Agust\u00edn de Sesma y Sierra, que naci\u00f3 en Corella el d\u00eda 14 de Mayo de 1664. Su mujer se llamaba Josefa de Escudero y Ruiz de Murillo y naci\u00f3 el d\u00eda 27 de septiembre de 1666. Se casaron el d\u00eda 26 de noviembre en 1691, teniendo Agust\u00edn de Sesma y Sierra ten\u00eda 27 a\u00f1os y Josefa 25 a\u00f1os de edad.<\/span><\/p>\n<p>\u00a0<\/p>\n<p><span style=\"font-weight: 400;\">Agust\u00edn de Sesma y Sierra falleci\u00f3 el 7 de marzo de 1738, en Corella. Su mujer falleci\u00f3 el 3 de enero de 1746 en Corella, siendo enterrados en su capilla de San Agust\u00edn en la iglesia de la Merced. Agust\u00edn de Sesma y Sierra se dedicaba al comercio de lana fina.\u00a0<\/span><\/p>\n<p>\u00a0<\/p>\n<p><span style=\"font-weight: 400;\">Agust\u00edn era oriundo por v\u00eda paterna de Cintru\u00e9nigo, su familia materna proced\u00eda de Soria, tierra con la que las relaciones eran intensas pues una de las principales actividades de la ciudad era el comercio de lana fina que, comprada en Castilla, era enviada a los mercados del norte de Europa a trav\u00e9s del puerto de Bayona. Ya en la generaci\u00f3n anterior el padre de Agust\u00edn y sus t\u00edos hab\u00edan compaginado el comercio con el arrendamiento de rentas como el tabaco y la p\u00f3lvora, dando muestras de un esp\u00edritu emprendedor que sin duda transmitieron a Agust\u00edn. Quiz\u00e1 su padre, Gaudioso de Sesma, proyect\u00f3 concentrar la herencia en este hijo, pues todos los hermanos de Agust\u00edn siguieron la carrera eclesi\u00e1stica.\u00a0<\/span><\/p>\n<p>\u00a0<\/p>\n<p><span style=\"font-weight: 400;\">Varios datos nos permiten deducir que en los primeros a\u00f1os del XVIII Sesma destacaba por su posici\u00f3n y fortuna: casado en 1691 con Josefa Escudero Ruiz de Murillo, hija de una destacada familia de la ciudad, en 1705 fund\u00f3 junto con ella un mayorazgo, \u201chall\u00e1ndonos favorecidos de la Majestad divina con diferentes bienes, as\u00ed adquiridos por herencias y mandas de nuestros padres y se\u00f1ores como gananciales durante nuestro matrimonio\u201d, a fin de conservar el lustre de sus armas y apellidos.\u00a0<\/span><\/p>\n<p>\u00a0<\/p>\n<p><span style=\"font-weight: 400;\">Agust\u00edn de Sesma y Josefa Escudero fueron padres de una familia muy numerosa: nueve de sus hijos llegaron a edad adulta, seis hombres y tres mujeres. Dada la amplitud de los negocios que con toda puntualidad llevaba desde sus oficinas y que le conectaban con distintas plazas europeas y americanas, Sesma form\u00f3 en ellas a cuatro de sus hijos varones, Agust\u00edn, Jos\u00e9, Felipe y Luis. El segundo, Zen\u00f3n Bernardo, estudi\u00f3 C\u00e1nones y Leyes en la Universidad de Valladolid, quiz\u00e1 con el prop\u00f3sito de que siguiera carrera eclesi\u00e1stica, pero tras su formaci\u00f3n pas\u00f3 al servicio de la reina Mariana de Neoburgo, viuda de Carlos II, quien hab\u00eda apoyado al archiduque Carlos en la guerra de Sucesi\u00f3n y, tras la victoria borb\u00f3nica, hubo de afincarse en Bayona.\u00a0<\/span><\/p>\n<p><span style=\"font-weight: 400;\">Un aspecto destacable de la familia Sesma es su relaci\u00f3n con la Armada: llama la atenci\u00f3n la dedicaci\u00f3n al mar de varios descendientes de Agust\u00edn de Sesma, pues no cabr\u00eda esperarlo de quien procede de una ciudad de interior. Quiz\u00e1 la clave de esta vinculaci\u00f3n radica en que el valle del Alhama est\u00e1 bien dotado para el cultivo de un producto estrat\u00e9gico para la Armada: el c\u00e1\u00f1amo. Debe tenerse en cuenta que aproximadamente el 20% del peso de un barco de guerra del XVIII era c\u00e1\u00f1amo: velas y cuerdas, e incluso las mechas de las armas, estaban fabricadas con este producto, que ofrec\u00eda unas cualidades inigualables en el mar. La producci\u00f3n hispana fue siempre escasa, porque la planta ocupaba tierras que pod\u00edan dedicarse a otros cultivos muy rentables, mientras que la \u00fanica interesada en comprar c\u00e1\u00f1amo era la Corona, mala pagadora. El cultivo ten\u00eda que ser subvencionado, pero incluso as\u00ed fue siempre insuficiente. Cabe pensar que los Sesma entraron en contacto con la Armada en calidad de proveedores de c\u00e1\u00f1amo; lo cierto es que entre 1730 y los primeros a\u00f1os del XIX once hijos, nietos y bisnietos de Agust\u00edn de Sesma fueron cadetes en la Real Academia de Guardias Marinas de C\u00e1diz; algunos destacaron de manera especial, como Baltasar de Sesma y Zailorda, nieto de Agust\u00edn, que lleg\u00f3 a ser jefe de escuadra en 1794.\u00a0<\/span><\/p>\n<p><span style=\"font-weight: 400;\">Podemos decir que fueron una familia muy influyente tanto dentro como fuera de Corella, de Navarra e incluso de Espa\u00f1a.<\/span><\/p>\n<p style=\"text-align: center;\"><span style=\"font-weight: 400;\"><img loading=\"lazy\" class=\"alignnone size-full wp-image-5888\" src=\"https:\/\/cpcorella.educacion.navarra.es\/blogs\/wp-content\/uploads\/2024\/10\/002.jpg\" alt=\"\" width=\"183\" height=\"275\" \/>\u00a0\u00a0<\/span><\/p>\n<p style=\"text-align: center;\"><span style=\"font-weight: 400;\">ESCUDO DE LOS SESMA.<\/span><\/p>\n<p style=\"text-align: center;\"><img loading=\"lazy\" class=\"alignnone size-large wp-image-5889\" src=\"https:\/\/cpcorella.educacion.navarra.es\/blogs\/wp-content\/uploads\/2024\/10\/003-1024x766.png\" alt=\"\" width=\"555\" height=\"415\" srcset=\"https:\/\/cpcorella.educacion.navarra.es\/blogs\/wp-content\/uploads\/2024\/10\/003-1024x766.png 1024w, https:\/\/cpcorella.educacion.navarra.es\/blogs\/wp-content\/uploads\/2024\/10\/003-300x224.png 300w, https:\/\/cpcorella.educacion.navarra.es\/blogs\/wp-content\/uploads\/2024\/10\/003-768x575.png 768w, https:\/\/cpcorella.educacion.navarra.es\/blogs\/wp-content\/uploads\/2024\/10\/003-1536x1149.png 1536w, https:\/\/cpcorella.educacion.navarra.es\/blogs\/wp-content\/uploads\/2024\/10\/003-555x415.png 555w, https:\/\/cpcorella.educacion.navarra.es\/blogs\/wp-content\/uploads\/2024\/10\/003.png 1600w\" sizes=\"(max-width: 555px) 100vw, 555px\" \/><\/p>\n<p><span style=\"font-weight: 400;\">AQU\u00cd ESTABAN ENTERRADOS LOS DUE\u00d1OS DE LA CASA DE LAS CADENAS, IGLESIA DE LA MERCED, DERRUIDA EN 1978.<\/span><\/p>\n<p><br \/><br \/><br \/><\/p>\n","protected":false},"excerpt":{"rendered":"<p>Somos alumnos\/as de la clase de 6\u00ba A y hemos investigado sobre el palacio de Agust\u00edn de Sesma y Sierra, conocido como la Casa de las Cadenas. Nuestro grupo formado por Alberto, Mar\u00eda, Isaac, Dilan y Carla vamos a centrarnos en la figura de Agust\u00edn de Sesma y Sierra como propietario y constructor de la &hellip; <\/p>\n<p><a class=\"more-link btn\" href=\"https:\/\/cpcorella.educacion.navarra.es\/blogs\/agustin-de-sesma-y-sierra\/\">Continue reading<\/a><\/p>\n","protected":false},"author":6,"featured_media":0,"parent":0,"menu_order":0,"comment_status":"closed","ping_status":"closed","template":"","meta":[],"_links":{"self":[{"href":"https:\/\/cpcorella.educacion.navarra.es\/blogs\/wp-json\/wp\/v2\/pages\/5884"}],"collection":[{"href":"https:\/\/cpcorella.educacion.navarra.es\/blogs\/wp-json\/wp\/v2\/pages"}],"about":[{"href":"https:\/\/cpcorella.educacion.navarra.es\/blogs\/wp-json\/wp\/v2\/types\/page"}],"author":[{"embeddable":true,"href":"https:\/\/cpcorella.educacion.navarra.es\/blogs\/wp-json\/wp\/v2\/users\/6"}],"replies":[{"embeddable":true,"href":"https:\/\/cpcorella.educacion.navarra.es\/blogs\/wp-json\/wp\/v2\/comments?post=5884"}],"version-history":[{"count":1,"href":"https:\/\/cpcorella.educacion.navarra.es\/blogs\/wp-json\/wp\/v2\/pages\/5884\/revisions"}],"predecessor-version":[{"id":5892,"href":"https:\/\/cpcorella.educacion.navarra.es\/blogs\/wp-json\/wp\/v2\/pages\/5884\/revisions\/5892"}],"wp:attachment":[{"href":"https:\/\/cpcorella.educacion.navarra.es\/blogs\/wp-json\/wp\/v2\/media?parent=5884"}],"curies":[{"name":"wp","href":"https:\/\/api.w.org\/{rel}","templated":true}]}}

AGUSTÍN DE SESMA Y SIERRA

<p><span style="font-weight: 400;"><img loading="lazy" class="alignnone size-full wp-image-5887" src="https://cpcorella.educacion.navarra.es/blogs/wp-content/uploads/2024/10/001.jpg" alt="" width="1030" height="280" srcset="https://cpcorella.educacion.navarra.es/blogs/wp-content/uploads/2024/10/001.jpg 1030w, https://cpcorella.educacion.navarra.es/blogs/wp-content/uploads/2024/10/001-300x82.jpg 300w, https://cpcorella.educacion.navarra.es/blogs/wp-content/uploads/2024/10/001-1024x278.jpg 1024w, https://cpcorella.educacion.navarra.es/blogs/wp-content/uploads/2024/10/001-768x209.jpg 768w, https://cpcorella.educacion.navarra.es/blogs/wp-content/uploads/2024/10/001-555x151.jpg 555w" sizes="(max-width: 1030px) 100vw, 1030px" /></span></p>
<p><span style="font-weight: 400;">Somos alumnos/as de la clase de 6º A y hemos investigado sobre el palacio de Agustín de Sesma y Sierra, conocido como la Casa de las Cadenas. Nuestro grupo formado por Alberto, María, Isaac, Dilan y Carla vamos a centrarnos en la figura de Agustín de Sesma y Sierra como propietario y constructor de la Casa de las Cadenas, para dar a conocer cómo era su familia, los hijos/as que tuvieron, a qué se dedicaron, etc. </span></p>
<p> </p>
<p><span style="font-weight: 400;">La información que vamos a investigar la daremos a conocer mediante códigos QR en las fachadas de los edificios para que todos los visitantes puedan conocer más a fondo la historia de cada palacio y templo dentro de las Jornadas Barrocas que tendrán lugar entre el 25 y el 27 de octubre. </span></p>
<p> </p>
<p><span style="font-weight: 400;">El protagonista de esta casa además del Rey Felipe V fue el constructor y primer propietario de la misma, llamado Agustín de Sesma y Sierra, que nació en Corella el día 14 de Mayo de 1664. Su mujer se llamaba Josefa de Escudero y Ruiz de Murillo y nació el día 27 de septiembre de 1666. Se casaron el día 26 de noviembre en 1691, teniendo Agustín de Sesma y Sierra tenía 27 años y Josefa 25 años de edad.</span></p>
<p> </p>
<p><span style="font-weight: 400;">Agustín de Sesma y Sierra falleció el 7 de marzo de 1738, en Corella. Su mujer falleció el 3 de enero de 1746 en Corella, siendo enterrados en su capilla de San Agustín en la iglesia de la Merced. Agustín de Sesma y Sierra se dedicaba al comercio de lana fina. </span></p>
<p> </p>
<p><span style="font-weight: 400;">Agustín era oriundo por vía paterna de Cintruénigo, su familia materna procedía de Soria, tierra con la que las relaciones eran intensas pues una de las principales actividades de la ciudad era el comercio de lana fina que, comprada en Castilla, era enviada a los mercados del norte de Europa a través del puerto de Bayona. Ya en la generación anterior el padre de Agustín y sus tíos habían compaginado el comercio con el arrendamiento de rentas como el tabaco y la pólvora, dando muestras de un espíritu emprendedor que sin duda transmitieron a Agustín. Quizá su padre, Gaudioso de Sesma, proyectó concentrar la herencia en este hijo, pues todos los hermanos de Agustín siguieron la carrera eclesiástica. </span></p>
<p> </p>
<p><span style="font-weight: 400;">Varios datos nos permiten deducir que en los primeros años del XVIII Sesma destacaba por su posición y fortuna: casado en 1691 con Josefa Escudero Ruiz de Murillo, hija de una destacada familia de la ciudad, en 1705 fundó junto con ella un mayorazgo, “hallándonos favorecidos de la Majestad divina con diferentes bienes, así adquiridos por herencias y mandas de nuestros padres y señores como gananciales durante nuestro matrimonio”, a fin de conservar el lustre de sus armas y apellidos. </span></p>
<p> </p>
<p><span style="font-weight: 400;">Agustín de Sesma y Josefa Escudero fueron padres de una familia muy numerosa: nueve de sus hijos llegaron a edad adulta, seis hombres y tres mujeres. Dada la amplitud de los negocios que con toda puntualidad llevaba desde sus oficinas y que le conectaban con distintas plazas europeas y americanas, Sesma formó en ellas a cuatro de sus hijos varones, Agustín, José, Felipe y Luis. El segundo, Zenón Bernardo, estudió Cánones y Leyes en la Universidad de Valladolid, quizá con el propósito de que siguiera carrera eclesiástica, pero tras su formación pasó al servicio de la reina Mariana de Neoburgo, viuda de Carlos II, quien había apoyado al archiduque Carlos en la guerra de Sucesión y, tras la victoria borbónica, hubo de afincarse en Bayona. </span></p>
<p><span style="font-weight: 400;">Un aspecto destacable de la familia Sesma es su relación con la Armada: llama la atención la dedicación al mar de varios descendientes de Agustín de Sesma, pues no cabría esperarlo de quien procede de una ciudad de interior. Quizá la clave de esta vinculación radica en que el valle del Alhama está bien dotado para el cultivo de un producto estratégico para la Armada: el cáñamo. Debe tenerse en cuenta que aproximadamente el 20% del peso de un barco de guerra del XVIII era cáñamo: velas y cuerdas, e incluso las mechas de las armas, estaban fabricadas con este producto, que ofrecía unas cualidades inigualables en el mar. La producción hispana fue siempre escasa, porque la planta ocupaba tierras que podían dedicarse a otros cultivos muy rentables, mientras que la única interesada en comprar cáñamo era la Corona, mala pagadora. El cultivo tenía que ser subvencionado, pero incluso así fue siempre insuficiente. Cabe pensar que los Sesma entraron en contacto con la Armada en calidad de proveedores de cáñamo; lo cierto es que entre 1730 y los primeros años del XIX once hijos, nietos y bisnietos de Agustín de Sesma fueron cadetes en la Real Academia de Guardias Marinas de Cádiz; algunos destacaron de manera especial, como Baltasar de Sesma y Zailorda, nieto de Agustín, que llegó a ser jefe de escuadra en 1794. </span></p>
<p><span style="font-weight: 400;">Podemos decir que fueron una familia muy influyente tanto dentro como fuera de Corella, de Navarra e incluso de España.</span></p>
<p style="text-align: center;"><span style="font-weight: 400;"><img loading="lazy" class="alignnone size-full wp-image-5888" src="https://cpcorella.educacion.navarra.es/blogs/wp-content/uploads/2024/10/002.jpg" alt="" width="183" height="275" />  </span></p>
<p style="text-align: center;"><span style="font-weight: 400;">ESCUDO DE LOS SESMA.</span></p>
<p style="text-align: center;"><img loading="lazy" class="alignnone size-large wp-image-5889" src="https://cpcorella.educacion.navarra.es/blogs/wp-content/uploads/2024/10/003-1024x766.png" alt="" width="555" height="415" srcset="https://cpcorella.educacion.navarra.es/blogs/wp-content/uploads/2024/10/003-1024x766.png 1024w, https://cpcorella.educacion.navarra.es/blogs/wp-content/uploads/2024/10/003-300x224.png 300w, https://cpcorella.educacion.navarra.es/blogs/wp-content/uploads/2024/10/003-768x575.png 768w, https://cpcorella.educacion.navarra.es/blogs/wp-content/uploads/2024/10/003-1536x1149.png 1536w, https://cpcorella.educacion.navarra.es/blogs/wp-content/uploads/2024/10/003-555x415.png 555w, https://cpcorella.educacion.navarra.es/blogs/wp-content/uploads/2024/10/003.png 1600w" sizes="(max-width: 555px) 100vw, 555px" /></p>
<p><span style="font-weight: 400;">AQUÍ ESTABAN ENTERRADOS LOS DUEÑOS DE LA CASA DE LAS CADENAS, IGLESIA DE LA MERCED, DERRUIDA EN 1978.</span></p>
<p><br /><br /><br /></p>

<p>Somos alumnos/as de la clase de 6º A y hemos investigado sobre el palacio de Agustín de Sesma y Sierra, conocido como la Casa de las Cadenas. Nuestro grupo formado por Alberto, María, Isaac, Dilan y Carla vamos a centrarnos en la figura de Agustín de Sesma y Sierra como propietario y constructor de la &hellip; </p>
<p><a class="more-link btn" href="https://cpcorella.educacion.navarra.es/blogs/agustin-de-sesma-y-sierra/">Continue reading</a></p>
