{"id":4457,"date":"2020-03-04T20:08:05","date_gmt":"2020-03-04T19:08:05","guid":{"rendered":"https:\/\/cpcorella.educacion.navarra.es\/blogs\/?page_id=4457"},"modified":"2025-10-10T10:32:00","modified_gmt":"2025-10-10T08:32:00","slug":"%e2%88%9a-uae","status":"publish","type":"page","link":"https:\/\/cpcorella.educacion.navarra.es\/blogs\/%e2%88%9a-uae\/","title":{"rendered":"\u221a UAE"},"content":{"rendered":"\n<p><strong>ESPECIALISTAS DE PEDAGOG\u00cdA TERAP\u00c9UTICA<\/strong><\/p>\n<table width=\"368\">\n<tbody>\n<tr>\n<td width=\"153\">\n<p><strong>P. Terap\u00e9utica\u00a01<\/strong><\/p>\n<\/td>\n<td width=\"215\">\n<p>Garcia de Blas Blanco, Mar\u00eda Celia<\/p>\n<\/td>\n<\/tr>\n<tr>\n<td width=\"153\">\n<p><strong>P. Terap\u00e9utica 2<\/strong><\/p>\n<\/td>\n<td width=\"215\">\n<p>Hermoso Mac\u00edas, Manuela<\/p>\n<\/td>\n<\/tr>\n<tr>\n<td width=\"153\">\n<p><strong>P. Terap\u00e9utica 3<\/strong><\/p>\n<\/td>\n<td width=\"215\">\n<p>Gonz\u00e1lez Socias, Mar\u00eda del Carmen<\/p>\n<\/td>\n<\/tr>\n<tr>\n<td width=\"153\">\n<p><strong>P. Terap\u00e9utica 4<\/strong><\/p>\n<\/td>\n<td width=\"215\">\n<p>Biurrun Os\u00e9s, Nerea<\/p>\n<\/td>\n<\/tr>\n<tr>\n<td width=\"153\">\n<p><strong>P. Terap\u00e9utica 5<\/strong><\/p>\n<\/td>\n<td width=\"215\">\n<p>Perera Armas, Miriam Noemi<\/p>\n<\/td>\n<\/tr>\n<\/tbody>\n<\/table>\n<p><strong>\u00a0<\/strong><\/p>\n<p><strong>AUDICI\u00d3N Y LENGUAJE<\/strong><\/p>\n<table width=\"350\">\n<tbody>\n<tr>\n<td width=\"151\">\n<p><strong>AL 1<\/strong><\/p>\n<\/td>\n<td width=\"198\">\n<p>Chivite Gil, Sara<\/p>\n<\/td>\n<\/tr>\n<tr>\n<td width=\"151\">\n<p><strong>AL 2<\/strong><\/p>\n<\/td>\n<td width=\"198\">\n<p>D\u00edez Latorre, Miren<\/p>\n<\/td>\n<\/tr>\n<tr>\n<td width=\"151\">\n<p><strong>AL 3<\/strong><\/p>\n<\/td>\n<td width=\"198\">\n<p>Oc\u00f3n Arellano, Leire<\/p>\n<\/td>\n<\/tr>\n<\/tbody>\n<\/table>\n<p>\u00a0<\/p>\n<p><strong>PROFESORES DE PAEP<\/strong><\/p>\n<table width=\"404\">\n<tbody>\n<tr>\n<td width=\"151\">\n<p><strong>PAEP 1<\/strong><\/p>\n<\/td>\n<td width=\"253\">\n<p>Lopez Lecumberri, Ainara<\/p>\n<\/td>\n<\/tr>\n<tr>\n<td width=\"151\">\n<p><strong>PAEP 2<\/strong><\/p>\n<\/td>\n<td width=\"253\">\n<p>G\u00f3mez Calvo, Sonia<\/p>\n<\/td>\n<\/tr>\n<tr>\n<td width=\"151\">\n<p><strong>PAEP 3<\/strong><\/p>\n<\/td>\n<td width=\"253\">\n<p>Chivite Azagra, Leyre<\/p>\n<\/td>\n<\/tr>\n<tr>\n<td width=\"151\">\n<p><strong>PAEP<\/strong><\/p>\n<\/td>\n<td width=\"253\">\n<p>Irigoyen Aristorena, Mar\u00eda Aranzazu<\/p>\n<\/td>\n<\/tr>\n<\/tbody>\n<\/table>\n<p>\u00a0<\/p>\n<p><strong>ORIENTADORAS<\/strong><\/p>\n<table width=\"350\">\n<tbody>\n<tr>\n<td width=\"151\">\n<p><strong>Orientador<\/strong><\/p>\n<\/td>\n<td width=\"198\">\n<p>Robles L\u00f3pez, Pablo<\/p>\n<\/td>\n<\/tr>\n<tr>\n<td width=\"151\">\n<p><strong>Orientadora<\/strong><\/p>\n<\/td>\n<td width=\"198\">\n<p>Palacios Cueva, Cristina<\/p>\n<\/td>\n<\/tr>\n<tr>\n<td width=\"151\">\n<p><strong>Orientadora<\/strong><\/p>\n<\/td>\n<td width=\"198\">\n<p>Burgos Martin, Marta<\/p>\n<\/td>\n<\/tr>\n<tr>\n<td width=\"151\">\n<p><strong>Orientadora<\/strong><\/p>\n<\/td>\n<td width=\"198\">\n<p>Pinto Herranz, Esther<\/p>\n<\/td>\n<\/tr>\n<\/tbody>\n<\/table>\n","protected":false},"excerpt":{"rendered":"<p>ESPECIALISTAS DE PEDAGOG\u00cdA TERAP\u00c9UTICA P. Terap\u00e9utica\u00a01 Garcia de Blas Blanco, Mar\u00eda Celia P. Terap\u00e9utica 2 Hermoso Mac\u00edas, Manuela P. Terap\u00e9utica 3 Gonz\u00e1lez Socias, Mar\u00eda del Carmen P. Terap\u00e9utica 4 Biurrun Os\u00e9s, Nerea P. Terap\u00e9utica 5 Perera Armas, Miriam Noemi \u00a0 AUDICI\u00d3N Y LENGUAJE AL 1 Chivite Gil, Sara AL 2 D\u00edez Latorre, Miren AL 3 &hellip; <\/p>\n<p><a class=\"more-link btn\" href=\"https:\/\/cpcorella.educacion.navarra.es\/blogs\/%e2%88%9a-uae\/\">Continue reading<\/a><\/p>\n","protected":false},"author":6,"featured_media":0,"parent":0,"menu_order":0,"comment_status":"closed","ping_status":"closed","template":"","meta":[],"_links":{"self":[{"href":"https:\/\/cpcorella.educacion.navarra.es\/blogs\/wp-json\/wp\/v2\/pages\/4457"}],"collection":[{"href":"https:\/\/cpcorella.educacion.navarra.es\/blogs\/wp-json\/wp\/v2\/pages"}],"about":[{"href":"https:\/\/cpcorella.educacion.navarra.es\/blogs\/wp-json\/wp\/v2\/types\/page"}],"author":[{"embeddable":true,"href":"https:\/\/cpcorella.educacion.navarra.es\/blogs\/wp-json\/wp\/v2\/users\/6"}],"replies":[{"embeddable":true,"href":"https:\/\/cpcorella.educacion.navarra.es\/blogs\/wp-json\/wp\/v2\/comments?post=4457"}],"version-history":[{"count":8,"href":"https:\/\/cpcorella.educacion.navarra.es\/blogs\/wp-json\/wp\/v2\/pages\/4457\/revisions"}],"predecessor-version":[{"id":6195,"href":"https:\/\/cpcorella.educacion.navarra.es\/blogs\/wp-json\/wp\/v2\/pages\/4457\/revisions\/6195"}],"wp:attachment":[{"href":"https:\/\/cpcorella.educacion.navarra.es\/blogs\/wp-json\/wp\/v2\/media?parent=4457"}],"curies":[{"name":"wp","href":"https:\/\/api.w.org\/{rel}","templated":true}]}}