{"id":147,"date":"2012-10-09T10:31:54","date_gmt":"2012-10-09T08:31:54","guid":{"rendered":"http:\/\/cpcorella.educacion.navarra.es\/blogs\/?page_id=147"},"modified":"2025-10-10T10:31:58","modified_gmt":"2025-10-10T08:31:58","slug":"personal","status":"publish","type":"page","link":"https:\/\/cpcorella.educacion.navarra.es\/blogs\/colegio\/personal\/","title":{"rendered":"Personal"},"content":{"rendered":"\n<p>La estructura y funcionamiento del Centro requieren la colaboraci\u00f3n de otros miembros que no est\u00e1n directamente relacionados con la ense\u00f1anza.<\/p>\n<p>El personal de administraci\u00f3n y servicios contribuye a la buena marcha de la\u00a0<em>comunidad educativa\u00a0<\/em>y aporta su colaboraci\u00f3n tanto a la Entidad como a los miembros del Centro que se\u00f1alan las leyes y son correlativamente responsables en la acci\u00f3n educativa global.<\/p>\n<p>\u00a0<\/p>\n<table>\n<tbody>\n<tr>\n<td width=\"170\">\n<p>PUESTO<\/p>\n<\/td>\n<td width=\"284\">\n<p>NOMBRE<\/p>\n<\/td>\n<\/tr>\n<tr>\n<td width=\"170\">\n<p>ADMINISTRATIVA 1<\/p>\n<\/td>\n<td width=\"284\">\n<p>Mu\u00f1oz G\u00f3mez, Mar\u00eda Nieves<\/p>\n<\/td>\n<\/tr>\n<tr>\n<td width=\"170\">\n<p>ADMINISTRATIVO 2<\/p>\n<\/td>\n<td width=\"284\">\n<p>Malo Cerdan, Marta<\/p>\n<\/td>\n<\/tr>\n<tr>\n<td width=\"170\">\n<p>CONSERJE 1<\/p>\n<\/td>\n<td width=\"284\">\n<p>Sesma Barcelona, Antonio<\/p>\n<\/td>\n<\/tr>\n<tr>\n<td width=\"170\">\n<p>CONSERJE 2<\/p>\n<\/td>\n<td width=\"284\">\n<p>Garc\u00eda Sanz, Mar\u00eda Dolores<\/p>\n<\/td>\n<\/tr>\n<tr>\n<td width=\"170\">\n<p>CONSERJE 3<\/p>\n<\/td>\n<td width=\"284\">\n<p>Vergara Losua, M\u00aa Camino<\/p>\n<\/td>\n<\/tr>\n<tr>\n<td width=\"170\">\n<p>CUIDADOR 1<\/p>\n<\/td>\n<td width=\"284\">\n<p>R\u00e1mirez de Oc\u00e1riz Bea, Jes\u00fas<\/p>\n<\/td>\n<\/tr>\n<tr>\n<td width=\"170\">\n<p>CUIDADORA 2<\/p>\n<\/td>\n<td width=\"284\">\n<p>Moreno Navascu\u00e9s, Maite<\/p>\n<\/td>\n<\/tr>\n<tr>\n<td width=\"170\">\n<p>CUIDADORA 3<\/p>\n<\/td>\n<td width=\"284\">\n<p>Gonz\u00e1lez Gonz\u00e1lez, Mar\u00eda Cristina<\/p>\n<\/td>\n<\/tr>\n<tr>\n<td width=\"170\">\n<p>CUIDADORA 4<\/p>\n<\/td>\n<td width=\"284\">\n<p>Gonz\u00e1lez Medrano, Andrea<\/p>\n<\/td>\n<\/tr>\n<tr>\n<td width=\"170\">\n<p>COMEDOR<\/p>\n<\/td>\n<td width=\"284\">\n<p>Mart\u00ednez Delgado, Rub\u00e9n<\/p>\n<\/td>\n<\/tr>\n<tr>\n<td width=\"170\">\n<p>COMEDOR<\/p>\n<\/td>\n<td width=\"284\">\n<p>P\u00e9rez Feito, Damaris<\/p>\n<\/td>\n<\/tr>\n<tr>\n<td width=\"170\">\n<p>EQUIPO LIMPIEZA<\/p>\n<\/td>\n<td width=\"284\">\n<p>Igea, Lucila<\/p>\n<\/td>\n<\/tr>\n<tr>\n<td width=\"170\">\n<p>EQUIPO LIMPIEZA<\/p>\n<\/td>\n<td width=\"284\">\n<p>Fern\u00e1ndez, Milagrosa<\/p>\n<\/td>\n<\/tr>\n<tr>\n<td width=\"170\">\n<p>EQUIPO LIMPIEZA<\/p>\n<\/td>\n<td width=\"284\">\n<p>Jim\u00e9nez Barqu\u00edn, M\u00aa Villar<\/p>\n<\/td>\n<\/tr>\n<tr>\n<td width=\"170\">\n<p>EQUIPO LIMPIEZA<\/p>\n<\/td>\n<td width=\"284\">\n<p>Fern\u00e1ndez Jim\u00e9nez, Cristina<\/p>\n<\/td>\n<\/tr>\n<\/tbody>\n<\/table>\n<p>\u00a0<\/p>\n","protected":false},"excerpt":{"rendered":"<p>La estructura y funcionamiento del Centro requieren la colaboraci\u00f3n de otros miembros que no est\u00e1n directamente relacionados con la ense\u00f1anza. El personal de administraci\u00f3n y servicios contribuye a la buena marcha de la\u00a0comunidad educativa\u00a0y aporta su colaboraci\u00f3n tanto a la Entidad como a los miembros del Centro que se\u00f1alan las leyes y son correlativamente responsables &hellip; <\/p>\n<p><a class=\"more-link btn\" href=\"https:\/\/cpcorella.educacion.navarra.es\/blogs\/colegio\/personal\/\">Continue reading<\/a><\/p>\n","protected":false},"author":1,"featured_media":0,"parent":138,"menu_order":0,"comment_status":"closed","ping_status":"closed","template":"","meta":[],"_links":{"self":[{"href":"https:\/\/cpcorella.educacion.navarra.es\/blogs\/wp-json\/wp\/v2\/pages\/147"}],"collection":[{"href":"https:\/\/cpcorella.educacion.navarra.es\/blogs\/wp-json\/wp\/v2\/pages"}],"about":[{"href":"https:\/\/cpcorella.educacion.navarra.es\/blogs\/wp-json\/wp\/v2\/types\/page"}],"author":[{"embeddable":true,"href":"https:\/\/cpcorella.educacion.navarra.es\/blogs\/wp-json\/wp\/v2\/users\/1"}],"replies":[{"embeddable":true,"href":"https:\/\/cpcorella.educacion.navarra.es\/blogs\/wp-json\/wp\/v2\/comments?post=147"}],"version-history":[{"count":9,"href":"https:\/\/cpcorella.educacion.navarra.es\/blogs\/wp-json\/wp\/v2\/pages\/147\/revisions"}],"predecessor-version":[{"id":6196,"href":"https:\/\/cpcorella.educacion.navarra.es\/blogs\/wp-json\/wp\/v2\/pages\/147\/revisions\/6196"}],"up":[{"embeddable":true,"href":"https:\/\/cpcorella.educacion.navarra.es\/blogs\/wp-json\/wp\/v2\/pages\/138"}],"wp:attachment":[{"href":"https:\/\/cpcorella.educacion.navarra.es\/blogs\/wp-json\/wp\/v2\/media?parent=147"}],"curies":[{"name":"wp","href":"https:\/\/api.w.org\/{rel}","templated":true}]}}