{"id":141,"date":"2012-10-09T09:54:07","date_gmt":"2012-10-09T07:54:07","guid":{"rendered":"http:\/\/cpcorella.educacion.navarra.es\/blogs\/?page_id=141"},"modified":"2021-02-09T14:22:30","modified_gmt":"2021-02-09T13:22:30","slug":"centro","status":"publish","type":"page","link":"https:\/\/cpcorella.educacion.navarra.es\/blogs\/colegio\/centro\/","title":{"rendered":"Centro"},"content":{"rendered":"<p style=\"text-align: justify;\"><span style=\"font-family: Verdana;\">El C.P.E.I.P. \u00abCiudad de Corella\u00bb es el \u00fanico centro de Educaci\u00f3n Infantil y Primaria de la localidad de Corella, de unos 8.000 habitantes. Est\u00e1 dividido en 2 edificios, uno para Infantil y otro para Primaria, \u00e9ste claramente dividido en una zona m\u00e1s antigua, con graves deficiencias en cuanto a aislamiento y que acusa el paso del tiempo, y otra parte completamente nueva.<br \/>\n<\/span><\/p>\n<p style=\"text-align: justify;\"><span style=\"font-family: Verdana;\">El CPEIP Ciudad de Corella fue fundado en el a\u00f1o 1979. Es\u00a0 el \u00fanico de la localidad. Cuenta con un alumnado cercano a los 800, repartidos en las 12 clases de Infantil y 28 de Primaria. Todos los niveles tienen\u00a0 4 grupos, a excepci\u00f3n de 2\u00ba, 4\u00ba y 6\u00ba de primaria con 5, siendo los m\u00e1s n\u00fameros los de 2\u00ba de E.P. y los de 5 a\u00f1os de E.I. con 108 y 87 alumnos respectivamente.<br \/>\n<\/span><\/p>\n<p style=\"text-align: justify;\"><span style=\"font-family: Verdana;\">Cabe destacar el elevado n\u00famero de alumnos extranjeros, que ha pasado de ser pr\u00e1cticamente irrelevante en el curso 2000\/2001 a representar alrededor de un 37% en la actualidad.<br \/>\n<\/span><\/p>\n<p style=\"text-align: justify;\"><span style=\"font-family: Verdana;\">El colegio se encuentra situado en la zona denominada \u00abCasas nuevas\u00bb, constituida por viviendas unifamiliares. No muy lejos del centro se encuentran el I.E.S. Alhama, el Centro de Salud, la Guarder\u00eda y las piscinas municipales.<br \/>\n<\/span><\/p>\n<p style=\"text-align: justify;\"><span style=\"font-family: Verdana;\">Al ser una localidad peque\u00f1a, el acceso a la naturaleza es relativamente f\u00e1cil. Esta circunstancia se aprovecha para que los alumnos, fundamentalmente a trav\u00e9s de los talleres de naturaleza, conozcan los diferentes ecosistemas de la localidad, desde los bosques de ribera en los sotos del Alhama, a las zonas esteparias, pasando por las zonas de cultivo, o los \u00abbosques\u00bb de repoblaci\u00f3n de la zona. La cercan\u00eda del Ebro, del Moncayo, del Monte Yerga o de las Bardenas, hace que el Conocimiento del Medio adquiera una dimensi\u00f3n eminentemente pr\u00e1ctica y se pueda desarrollar sobre el terreno, de una forma significativa.<br \/>\n<\/span><\/p>\n<p style=\"text-align: justify;\"><img src=\"http:\/\/cpcorella.educacion.navarra.es\/blogs\/wp-content\/uploads\/2012\/10\/100912_1434_CENTRO1.jpg\" alt=\"\" align=\"left\" \/><span style=\"font-family: Verdana;\">En el Centro existe una Asociaci\u00f3n de Padres y Madres (APYMA), que mantiene muy buenas relaciones con el Equipo Directivo.<br \/>\n<\/span><\/p>\n<p style=\"text-align: justify;\"><span style=\"font-family: Verdana;\">El centro cuenta por el momento con espacios suficientes para el normal desarrollo de la actividad educativa.<br \/>\n<\/span><\/p>\n<p><span style=\"font-family: Verdana; font-size: 12pt;\">El edificio de <strong>Educaci\u00f3n Primaria<\/strong> est\u00e1 distribuido de la siguiente manera:<br \/>\n<\/span><\/p>\n<p style=\"text-align: justify;\"><span style=\"font-family: Verdana; font-size: 12pt;\">&#8211; Planta Baja: Sal\u00f3n de usos m\u00faltiples, sala de Inform\u00e1tica, sala de profesores, secretar\u00eda, conserjer\u00eda y varios despachos pertenecientes al Director, Jefe de Estudios, Secretario y Orientadora.<br \/>\n<\/span><\/p>\n<p style=\"text-align: justify;\"><span style=\"font-family: Verdana; font-size: 12pt;\">&#8211; Primera Planta: Aulas correspondientes a los alumnos de 1\u00ba, 2\u00ba y 3\u00ba de Educaci\u00f3n Primaria, Aula de M\u00fasica y otras aulas (tutor\u00edas), mucho m\u00e1s peque\u00f1as donde los profesores imparten refuerzos y la logopeda da sus clases. Tambi\u00e9n se encuentra la Biblioteca.<br \/>\n<\/span><\/p>\n<p style=\"text-align: justify;\"><span style=\"font-family: Verdana; font-size: 12pt;\">&#8211; Segunda Planta: Aulas correspondientes a los alumnos de 4\u00ba, 5\u00ba y 6\u00ba de Educaci\u00f3n Primaria, Sala de Inform\u00e1tica, Sala de Rob\u00f3tica, Laboratorio y otras tutor\u00edas para impartir clases de apoyo.<br \/>\n<\/span><\/p>\n<p style=\"text-align: justify;\"><span style=\"font-family: Verdana;\">El nuevo edificio de Educaci\u00f3n Infantil est\u00e1 en una \u00fanica planta a nivel del suelo. Se trata de un edificio que dispone de espacios suficientes y bien dotados para el desarrollo de todas las actividades t\u00edpicas de la etapa. Dispone de 13 aulas que comparten ba\u00f1o cada dos. Tiene una biblioteca, sala de motricidad, aula de inform\u00e1tica, diferentes despachos para logopeda, PT, Direcci\u00f3n y orientaci\u00f3n. Sala de profesores y aula de psicomotricidad. Adem\u00e1s cuenta con un patio interno y luego uno externo que rodea al edificio. Cada aula sale directamente al patio de infantil.<br \/>\n<\/span><\/p>\n<p style=\"text-align: justify;\"><span style=\"font-family: Verdana;\">El espacio del patio exterior cuenta con cuatro campos de futbol sala, diversos juegos y una zona cubierta.<br \/>\n<\/span><\/p>\n<p style=\"text-align: justify;\"><span style=\"font-family: Verdana;\">El horario de jornada continua es de 09:00 a 14:10. Por las tardes hay actividades voluntarias en horario de 15:40 a 16:30. Este a\u00f1o debido al COVID no hay clase por la tarde.<br \/>\n<\/span><\/p>\n<p style=\"text-align: justify;\"><img src=\"http:\/\/cpcorella.educacion.navarra.es\/blogs\/wp-content\/uploads\/2012\/10\/100912_1434_CENTRO2.jpg\" alt=\"\" align=\"left\" \/><span style=\"font-family: Verdana;\"><br \/>\n<\/span><\/p>\n<p style=\"text-align: justify;\"><span style=\"font-family: Verdana;\">El centro cuenta con 80 profesores que desarrollan su labor en el mismo, en su gran mayor\u00eda j\u00f3venes. He de decir que el profesorado del centro se define por su excelente formaci\u00f3n, la disposici\u00f3n al trabajo y la dedicaci\u00f3n a su profesi\u00f3n y a sus alumnos. Hay 1 maestros\/as de apoyo, 4 de apoyo a Infantil, . 3 de Educaci\u00f3n F\u00edsica, 14 de Ingl\u00e9s, 2 de Logopedia, 3 de minor\u00edas, 1 de M\u00fasica, 2 orientadores, 2 de P.T., 3 de Religi\u00f3n, 24 tutores de Primaria y 12 tutoras de Infantil. Todo el profesorado de apoyo\u00a0 es a su vez en ingl\u00e9s, al igual que los de E.F. y la especialista de m\u00fasica.<br \/>\n<\/span><\/p>\n<p style=\"text-align: justify;\"><span style=\"font-family: Verdana;\">Cuenta adem\u00e1s con 2 cuidadores, un auxiliar administrativo, dos conserjes en Primaria y uno en Infantil. Hay que destacar el magn\u00edfico ambiente y las cordiales relaciones entre todos ellos.<br \/>\n<\/span><\/p>\n<p style=\"text-align: justify;\"><span style=\"font-family: Verdana;\">La participaci\u00f3n de todos los miembros de la Comunidad Educativa en la vida del Centro se ve garantizada por las reuniones del Consejo Escolar, que est\u00e1 integrado por el director, que es el presidente del Consejo; cuatro representantes de los padres de alumnos, uno de los cuales est\u00e1 nombrado por la APYMA; cuatro representantes de los profesores, elegidos por votaci\u00f3n en el claustro; un trabajador de administraci\u00f3n y servicio. Este Consejo se re\u00fane aproximadamente una vez al trimestre.<br \/>\n<\/span><\/p>\n","protected":false},"excerpt":{"rendered":"<p>El C.P.E.I.P. \u00abCiudad de Corella\u00bb es el \u00fanico centro de Educaci\u00f3n Infantil y Primaria de la localidad de Corella, de unos 8.000 habitantes. Est\u00e1 dividido en 2 edificios, uno para Infantil y otro para Primaria, \u00e9ste claramente dividido en una zona m\u00e1s antigua, con graves deficiencias en cuanto a aislamiento y que acusa el paso &hellip; <\/p>\n<p><a class=\"more-link btn\" href=\"https:\/\/cpcorella.educacion.navarra.es\/blogs\/colegio\/centro\/\">Continue reading<\/a><\/p>\n","protected":false},"author":1,"featured_media":0,"parent":138,"menu_order":0,"comment_status":"closed","ping_status":"closed","template":"","meta":[],"_links":{"self":[{"href":"https:\/\/cpcorella.educacion.navarra.es\/blogs\/wp-json\/wp\/v2\/pages\/141"}],"collection":[{"href":"https:\/\/cpcorella.educacion.navarra.es\/blogs\/wp-json\/wp\/v2\/pages"}],"about":[{"href":"https:\/\/cpcorella.educacion.navarra.es\/blogs\/wp-json\/wp\/v2\/types\/page"}],"author":[{"embeddable":true,"href":"https:\/\/cpcorella.educacion.navarra.es\/blogs\/wp-json\/wp\/v2\/users\/1"}],"replies":[{"embeddable":true,"href":"https:\/\/cpcorella.educacion.navarra.es\/blogs\/wp-json\/wp\/v2\/comments?post=141"}],"version-history":[{"count":10,"href":"https:\/\/cpcorella.educacion.navarra.es\/blogs\/wp-json\/wp\/v2\/pages\/141\/revisions"}],"predecessor-version":[{"id":5075,"href":"https:\/\/cpcorella.educacion.navarra.es\/blogs\/wp-json\/wp\/v2\/pages\/141\/revisions\/5075"}],"up":[{"embeddable":true,"href":"https:\/\/cpcorella.educacion.navarra.es\/blogs\/wp-json\/wp\/v2\/pages\/138"}],"wp:attachment":[{"href":"https:\/\/cpcorella.educacion.navarra.es\/blogs\/wp-json\/wp\/v2\/media?parent=141"}],"curies":[{"name":"wp","href":"https:\/\/api.w.org\/{rel}","templated":true}]}}