{"id":2306,"date":"2020-11-20T07:10:55","date_gmt":"2020-11-20T06:10:55","guid":{"rendered":"https:\/\/cpcorella.educacion.navarra.es\/blogs\/primero\/?page_id=2306"},"modified":"2020-11-20T07:16:43","modified_gmt":"2020-11-20T06:16:43","slug":"musica","status":"publish","type":"page","link":"https:\/\/cpcorella.educacion.navarra.es\/blogs\/primero\/musica\/","title":{"rendered":"M\u00fasica"},"content":{"rendered":"\n<p>\u00a1Hola a todos y todas! Desde este enlace podr\u00e1s acceder al blog de M\u00fasica.<\/p>\n\n\n\n<p>Un saludo! <br>Sof\u00eda <\/p>\n\n\n\n<p><a href=\"https:\/\/cpcorella.educacion.navarra.es\/blogs\/music\/category\/music-2\/\">https:\/\/cpcorella.educacion.navarra.es\/blogs\/music\/category\/music-2\/<\/a><\/p>\n","protected":false},"excerpt":{"rendered":"<p>\u00a1Hola a todos y todas! Desde este enlace podr\u00e1s acceder al blog de M\u00fasica. Un saludo! Sof\u00eda https:\/\/cpcorella.educacion.navarra.es\/blogs\/music\/category\/music-2\/<\/p>\n","protected":false},"author":29,"featured_media":0,"parent":0,"menu_order":0,"comment_status":"closed","ping_status":"closed","template":"","meta":[],"_links":{"self":[{"href":"https:\/\/cpcorella.educacion.navarra.es\/blogs\/primero\/wp-json\/wp\/v2\/pages\/2306"}],"collection":[{"href":"https:\/\/cpcorella.educacion.navarra.es\/blogs\/primero\/wp-json\/wp\/v2\/pages"}],"about":[{"href":"https:\/\/cpcorella.educacion.navarra.es\/blogs\/primero\/wp-json\/wp\/v2\/types\/page"}],"author":[{"embeddable":true,"href":"https:\/\/cpcorella.educacion.navarra.es\/blogs\/primero\/wp-json\/wp\/v2\/users\/29"}],"replies":[{"embeddable":true,"href":"https:\/\/cpcorella.educacion.navarra.es\/blogs\/primero\/wp-json\/wp\/v2\/comments?post=2306"}],"version-history":[{"count":2,"href":"https:\/\/cpcorella.educacion.navarra.es\/blogs\/primero\/wp-json\/wp\/v2\/pages\/2306\/revisions"}],"predecessor-version":[{"id":2309,"href":"https:\/\/cpcorella.educacion.navarra.es\/blogs\/primero\/wp-json\/wp\/v2\/pages\/2306\/revisions\/2309"}],"wp:attachment":[{"href":"https:\/\/cpcorella.educacion.navarra.es\/blogs\/primero\/wp-json\/wp\/v2\/media?parent=2306"}],"curies":[{"name":"wp","href":"https:\/\/api.w.org\/{rel}","templated":true}]}}

Música

<p>¡Hola a todos y todas! Desde este enlace podrás acceder al blog de Música.</p>



<p>Un saludo! <br>Sofía </p>



<p><a href="https://cpcorella.educacion.navarra.es/blogs/music/category/music-2/">https://cpcorella.educacion.navarra.es/blogs/music/category/music-2/</a></p>

<p>¡Hola a todos y todas! Desde este enlace podrás acceder al blog de Música. Un saludo! Sofía https://cpcorella.educacion.navarra.es/blogs/music/category/music-2/</p>
