{"id":333,"date":"2012-12-13T22:18:51","date_gmt":"2012-12-13T22:18:51","guid":{"rendered":"http:\/\/cpcorella.educacion.navarra.es\/blogs\/ingles\/?page_id=333"},"modified":"2012-12-13T22:18:51","modified_gmt":"2012-12-13T22:18:51","slug":"diccionarios","status":"publish","type":"page","link":"https:\/\/cpcorella.educacion.navarra.es\/blogs\/ingles\/recursos\/diccionarios\/","title":{"rendered":"Diccionarios"},"content":{"rendered":"<p><a href=\"https:\/\/letsticenglish-voc.wikispaces.com\/\"><img alt=\"\" src=\"http:\/\/cpcorella.educacion.navarra.es\/blogs\/ingles\/files\/2012\/12\/121312_2209_DICCIONARIO1.png\" border=\"0\" \/><\/a><span style=\"font-family: Times New Roman; font-size: 12pt;\"><span style=\"font-size: small;\"><a href=\"https:\/\/letsticenglish-voc.wikispaces.com\/\" target=\"_blank\" rel=\"nofollow\">Let&#8217;s TIC English &#8211; Voc<\/a>. P\u00e1gina que contiene el vocabulario de toda la Primaria, con im\u00e1genes (fotograf\u00edas) y su pronunciaci\u00f3n. P\u00e1gina desarrollada dentro del Proyecto FantasTIC.<\/span><\/span><\/p>\n<p><span style=\"font-family: Times New Roman;\"><span style=\"font-size: 12pt;\"><a href=\"http:\/\/www.esljunction.com\/esl-efl-flashcards\/esl-tefl-efl-flashcards.html\"><img loading=\"lazy\" class=\"alignnone\" alt=\"\" src=\"http:\/\/www.esljunction.com\/large_banner.jpg\" width=\"760\" height=\"70\" \/><\/a><\/span><span style=\"font-size: 10pt;\"><br \/>\n<\/span><span style=\"font-size: 12pt;\"><br \/>\n<\/span><\/span><\/p>\n<p><a href=\"http:\/\/www.esljunction.com\/esl-efl-flashcards\/esl-tefl-efl-flashcards.html\" target=\"_blank\"><span style=\"color: blue; font-family: Trebuchet MS; font-size: 10pt; text-decoration: underline;\">Free ESL Flashcards<\/span><\/a><span style=\"font-family: Trebuchet MS; font-size: 10pt;\">. De ESL Junction.<\/span><span style=\"font-family: Times New Roman; font-size: 12pt;\"><br \/>\n<\/span><\/p>\n<p><img alt=\"\" src=\"http:\/\/cpcorella.educacion.navarra.es\/blogs\/ingles\/files\/2012\/12\/121312_2209_DICCIONARIO4.png\" \/><span style=\"font-family: Times New Roman; font-size: 12pt;\"><br \/>\n<\/span><\/p>\n<p><a href=\"http:\/\/www.educa.jcyl.es\/educacyl\/cm\/zonaalumnos\/tkPopUp?pgseed=1190528754386&amp;idContent=8300&amp;locale=es_ES&amp;textOnly=false\"><img loading=\"lazy\" class=\"alignnone\" alt=\"\" src=\"data:image\/jpeg;base64,\/9j\/4AAQSkZJRgABAQAAAQABAAD\/2wCEAAkGBhQSEBQUEhQVFBUWFhcYGBcUGRcVGBcVGBUYFxcUFxwXHCYeGBwkHRYYHy8gJSgpLCwsFR4xNTAqNSYrLCkBCQoKDgwOGg8PGjAlHyQpNCksLCwpLy0vLCwsKiktLCwsKik0LC8sMCwsLCwsLCwsLCwsLSwsLCwpLCwsLCksKf\/AABEIAK4A8AMBIgACEQEDEQH\/xAAbAAABBQEBAAAAAAAAAAAAAAAFAAEDBAYCB\/\/EAFAQAAIBAgMEBAUNDgUDBQAAAAECAwARBBIhBQYTMSJBUWFScYGS0gcUFhcjMlRzkZOxsrMkMzRCU1VydKGiwdHT8BU1gpTDQ0ThJUVjg\/H\/xAAbAQACAwEBAQAAAAAAAAAAAAAEBQECAwAGB\/\/EADgRAAEDAgMEBggGAwEAAAAAAAEAAgMEERIhMQUTQVEUYXGRwdEiMjNSgaGx8BVCRFOi4QYjcjT\/2gAMAwEAAhEDEQA\/AN9vJvJPFiOHFa1hpluSTQKT1QJFJDYjDgjmCy6dxrr1Q3IOKKmzcCwI5jNZbjyGiO724sT4dWVuGM0gCrFhiAFkZBq0RZjZRqSSaXta57nHEdcrFYxxGTE4usLoX7Yj\/CcN5y03tiP8Jw3nLWjn3FiRSzTEKoJJMWFsAOZPuNPFuJEyhlmYgi4PBwouD44a03LuZ7wtejj9z6+SzftiP8Jw3nLS9sR\/hOG85aKtsNIsQ8RCSgRxuC8UIILNIpHQQC3RFSbJ3QSeLiF8t2kGVYsNYBZGUWzRE8lHXVd2SbYj3ruja3fl5oMfVFf4ThvOWl7Yj\/CcN5y0Zi3Sjadog8gyqGLGHCgG5tZfcdeR1q77AI\/yrfM4X+jUiInQnvXdHb+59fJZj2xX+E4bzlpe2K\/wnDectFZNhpDiGiISUcNHBeKEEFnkUjoIBboCpdkbopPFxC+W7yDKsWGsAsroAM0RPJR1127N7XPep6Nzf9lBfbFk+E4bzlpe2LJ8Jw\/nLWnO4Ef5VvmcL\/RqrtHdCCCJpZJnCoLm0GGY8wAABDckkgWFTuXcz3qNwP3Pr5IF7YknwnDectL2xZPhOG85aJnYscc5jIWRTFHIDJFCrAs8gK9FB1KPLU+yN0Uni4hfLd5RlWLDWAWVlFs0RPJRzNRgJNrnvXdG1u\/LzQT2xZPhOG85aXtiyfCcN5y0abc0CdY85ysrEHh4W9ly8wINB0reUcqvewCP8q3zWF\/o1O6dzPeu6O39z6+SzmB3zx2IZlwqrOEtndOGsaseSZ3YAtyOUXtcX51Gu\/mLzOjjhyRmzxuoDKSLjkSCCNQRoaeZMLho5MBjZfW+XEHERSN0Umidy1zw7KGFnTLpYoGAoZtnaCYnGNPEDwhDFCjsCGlyM7GWxAOXphQTzsTyrOoBjjJDjft1WU7AyPEHG6LeznFeEvm03s5xXhL5tA7UrUq6TL7xS\/fP5o57OcV4S+bS9nOK8JfNoFlpstd0mX3l29fzR72dYrwl82l7OsV4S+bQHLTWruky+8u3r+a0kO92MYXFiO5CxPiCgk+Pqrv2U47sb\/bzehRbcE6yDqEcH7TMT\/CiOD2pM2NZM0Zgymw1Dgrbzrkm\/Zl6utzHGSwFzjmj2RktvcrMjenG9at8xN6FcYvffERIXkDgCw+8y6sxsqi6akkgAdZNekgUC3wwUjwI0KcR4ZophGSBxBG12QE6BiL2vpcCtDAD+Y96uGW4rL4vebaMMZlngyRKAXKvHI8Sn8eSNdQBzNibC9HN3N4XlazMGuTYra1gB2fpVl8fvHg0bFvBxJMViI8hw8kcqGMspBM\/EGVV69eoELe9Tep3BkKJe+UZb9uVIxf9lYYS2ZvpHjcXv2Kzy1rw1pvkufVF\/wC6+JH1lrTbA27DDFHHI6ozGZlz9FSPXEgtmOl+6s16oo\/CviR9YUXi3efE4Ncs2SxmCo6RyRluPJ0mDLmv1aEW+nWHU9p8FMPs3f8AXmju0mjxkE8MUqFrZWykNlbmAwHeP2HsrOYjfbGYbo4jBg20zq5CtyFwcpBvz5gnsrIw7v4mO8Bw7u0amzZQ4Y8lblaxAHM6C3knxGxcUF0wcuUlQVNih10zKL5rHtW3PlW9yrLUQbZTFYgzR3AaCLRtCDnlNj8oN++tFup+Cr+nN9vJWQ3e2VJBI4l0keKORgBYLeSUKvkUC\/ea126p+5V\/Tm+3krJnrlbv9Xu+hXL45Vxb3vYRhToTrcOOXdJ+yiuGxKyKHQ3U8iPHas1vPAnFZjfN61lNgSLuGRISQOu8jAHv7qI7rYbh4cKpugZwvcA5X5Lrfy1zMQcQdFgdEP2t+Hv+rxfaTUR3U\/BV\/Tm+3koftT8Pf9Xi+0mptn7cTC4JGdZGvLMAI0ZzfjSnWwso05nSpb7QrZ3q93is\/vRvY02I4UWJiigH4wJEhkRrMrByugIBBHZre1qfcrF+vGhinLSnDI8hMjFhK7yI0bkciUHbyzaDS9BIgZpcRJhsLI0cheSM2S9mADnpN73Pm5X99V7cvA4vBSGMQK008KOrSMQipGLFWyjMpu6\/JW1jdYLV7WH3e36vF9rNRLdL8EX4yb7eSh20\/wAOb9Xi+1mojukfuVfjJ\/t5Kxb7Qoh3qd3isBtzfjER4mXIqo65geIoVVVQcsZ1Jc\/jXBUHNysTfQbi71z4yQrIBlSMMWFjmLNZQcvRU2B0F7lTyGlWd9t0cLKjzyIBIALvcgEA2IYDnoefPSjW7+wIMLHaCIRZ7M9uZa3NieZ\/81rxWVxZZD1SP+6\/Ul+0nrNINBWl9Uf\/ALv9ST7Ses6g0HipPtHh2nwQNfq3sXNqa1SWpWpVdLbqO1NapbU1q6666jtStUlqa1TdSttuBzl+Lg+majOH3YjWQyAtcsG6uo3A5Xt\/KgG5WFV2lzXNooOTMvXN2EUdjMYW7gg3OivIeuwFybBuojtBr1UJtG3sCcx+oEapiKqjZcfY3nv6VL\/C4+xvPf0q0V15jvh\/mmJ+Lw31ZaKbj\/fPK30JQreiELtLEgXtkw3Mk\/iy9povuT988rfQlKv1n3yQQ9uq\/qi8sT8SPrCjMGHnjGWPEsqZmIXhxNbMxYi5W51Y86DeqLyxPxQ+stHNm7KwgwhmmhjY55iSVBZjx5ABrzPIURGCSbcz4Iynya4k8eQP1T3xXwtvmofRpr4r4W3zUPo0Aw+2sNmGfAQMGv8AewultCLm6sdD1iiwx2zc2uFVV63Ma2HkBJI7xWmF3NEYm8\/4jzVjD4VxI0kkplZlVblUSyqWIFkA8I61xDhp4wVjxLKmZiF4cTWzMWIuVudSak9ZxxYt1hVUQwwtZAApJeXpaaG4tr3Cgm1cdhcJglmkw0UsskmIAzAXJWSVszdZAsBYa6iqZglWANyb8uA6+CKyYKZmJbEAkgAkwYckgG4BunIHUCu4o8SosuKKgdQhgA1NzoF7a872Zt945I3xGHw8kRvmRY4wxUc3UqAA2ospOoB5aV6fLg9nLhvXJhhMRQOGCDVWtl07SSBbtNSwlwuCpcA3U\/xHmq2Hwr8RpJJTKxVVuVRLKrMwFkA62OtcQYeeMFY8SyJmYheHE1szFiLlbkXY86h2Y8LS58Ogjjkw8MmULlsxkmBzDwhax\/RptnjApEvriONpXeY6x52b3aXu7FPPsqOOq7CRck5ZflHXwVpBiQLDFEDsEMPo0rYrn66b5mH0e6psHHsuRcwTDDlcOEUi4uLhteX8ew1awWyNnzA8OGBspsRkAIPepFx26jW4q4DjoVW7Rx\/iPNDoMK4kaSWUysVVLlUSyqWYaIB4Z1riDDzxgrHiWRczMF4cTWzMWIuVudWPOpZcBHDjHWJFjUwRNlUADNxJhe3bYD5BXWwdiYZsMZZYY2OecszKGNhNJ5ToKqGnFYaq1rAuLssuA60P2hseScgy4guRoLxRcutTZbEHsNXQ2K+Ft81D6NBd4JkhkCps6IITZGkj0k0vplYFdARYgm5HLr12I3ewSAF4IQCwUXQe+Y2UcusmubicTY6LnWAFz\/Eeax+9mFf1pipJZTKxgyXKotlXMw0QAc3OtCEGg8VGd+MDHCmLSJFjU4NGyqAozZ5hew67ADyUMgS+UE2vYXPVe2ppbtH0Q2\/X4JTtAek3O9+qyitStRTG7MVCLE20ux5AHr0qLH4JUsUbMp69Ne\/SkbahjiBzQrqaRjcZGXNULUxFSWpZaIuhrqK1Pau7U2WuXLY7hjpzfFwfTNWgTZQ4xc2y2Fl10a5Jbs10+TlrWZ3NgZnlyyMlo4PehDfWbw1NHsJiBJI8aYmRmQAtYQ8izqP+n4Ubjxqa9ZD7NvYE8j9QIxSqn6wf8vJ5sP8ATpvWL\/l5PNh\/p1qrrzbez\/NMV8Xhvqy0U3LHuo8bfQlCd5IyNpYkFix4eG1bKD72XwQBRjc4e6jxt9CUp\/W\/fJAj\/wBCqeqLyxXxQ+sKLY0H\/Cri1hLIT22GIk5dvioV6oo0xPxQ+stG9nbMfEQpG5QYcSSMwF+JIwxEnQPUq9vMnuoyHV3afBGwj0Hf9eaxMscqOwmCpw7OwU5rgISpU9QIPj0IqeTGKDa\/UW8gHPvo\/jthTHaGd4i0cki6qVZQquLB9QQLX8dz5aW190MRxZZFiUq0kmkRTMUcFVIDZQAFGoPb161rhUoju63unDa2eHDwxOB+KyPL0fICtVt4tlmbZA0UrFNLK6kEl0SeU5FsQQScvXyvRqNPu2QlVV2w8DOFt7\/PKDqOfK1+6lh8dwtms3CknGacGOIBmYGeQHQnlY61Qi5IRjvVHw+hXi+K2i2OkWOLJrcAZQIogw6cr2tyXLqb2sNb616BsnFe5YeGSNZIIQjZWOUNmChEy5TmC5i+U6XZBeg0mAxAedkwsvDdbC0bBiWyuwtlu17N3XYi5vRbZbzxShpcLiJDdXCIhHRCqY7swCE3JJGa4KAUqG+a4BgsFu4MLSXG5WuxMYGOcAAAYeEADQAcSYWAHKgmKwbjB+uEZVEfHvfnpPMQUuD07nQdZI7BY1JJmxjNYrfDQGzWuLyTHKbEi48ZrnY2z+LFDm1jSTEMVvbp8d8pI6wBm8pB6qaObiuFg42YPh4rKxRQSi2VswUiTSz8PKy3AW56Wr2voSL1Pg9o8KWPECN1TO2bS3uAJUubc1XmfEey9aXG7ElaedlygSZFvmHSjAAZe4kC39irWytkFJizBQqLkiykaLzJsOtiWJv2i1Dtp7Ous3PuEMXF8XFtJ1NBGV0t0ONPlPlGviIopuzKq4MMxCgSTkkmwA48mpJ0FVcf+Hv+rxfazVSfYzYrZfCUjNxpWsTYPlxEhyMRyB7eo2okZOKu4XZ3eKCJvFG874qc58rZMNEhvmOayG9woXVTe92Zj4K3J7obQ\/xFxNLiM5hYsMMI+Fw2JZFeS5JcizWtopuLki9YufZOJhbJ62nuNBkjLjqBZWVHRSRzIIva5Avatl6ne6MmHd55hw2ZMqx3BIBKsxaxNveIoFydGJtmsKQlxOYUStaBkVH6ovLF\/qSfaT0PgKs6cQFQQLjkRcX18ulX\/VFOmL\/Uk+0noW8hbU9lKtqtLsPx8EurntaG3GeSIT4fODDGQObAkk+Tr7KHSYXhqseYtlH8Sa5R9bjyV0aRxwGN2uXih5toySQCA6A3UdqVq7tSC9lEi5S9rS42CjtStUhjNRv46vgKKZRyu1FlrNy4wWnB5GKAaac+MKB7vbSWPHukcatOS0IWRsjxxoEsLIuRo+ipBsNUkAJuBRfc15A8uQI3ucF87MvXNyspo5BsnIbphsKp53Uka3vfSLt1r1cPs29gTNgwgBF4L5RmtmsL5bgXtra+oF+2u6pcSfwIvnH\/AKdLiT+BF84\/9OtVZec70D\/1TFfF4X6stFN0B7qPG30JQzbcbttPFXAzZMNfKbgdGW2pA+ijO7GHKSrfrLfQlKsJ6Zf70QYY7fYrZKD1RIx63xTdZRfkDLarLxYJmY8CRjma5SDEEFgxDEFFynpA6iofVF\/BsT+iPrCju7G0Y+GIsw4meY5ev79IfltrbnbWjg2+XamjHYGkjq0NuaD+tcH8Gm\/2+K9Cm9a4P4NN\/t8V6Fa\/HbQjhXNKwQchfmT2ADUnuFCY99cMSbmRR4TRsFPlA08tqtuwrdIPX3qpsePDhn4KGNrLmDJJG1tcp90AJHPXle9UXiwbMx4DsczXKQYgqWDENYqtj0gdR30WEgfGuykMrYeAgqQQQZJiCCNCLa+WsjvFLKkGFdWVIxLibm7A5+M5UC1heym2tzqB30DbmyuXlox3PDj2ot60wfwaX\/b4r0Kb1pg\/g03+3xXoV3u1v4uUpiS1xqsmUtcdavlF7jttqCOu9Hdn734aaQRqxBJsuZSoY2JsCevTkbVbdBU6QevvQ3ZMcAZxChjay5gySRsR0sptIASNDqOu9UnhwbMx4EjdJrlIcQVLBiGIKLY9IHUUZxA+75P1eH7Wam2JtKKHCK00iRqZZgDIyoCePJoCx7qphzsrl2EYrnO3HtQX1phPg83zGK9Cm9aYT4PN8xivQqPer1TIUhdIDKsjaRyhFyXGtxnOo0PMa30oBupvJP6+w6y4iRo5JHV0urDivGCAdT0c1yPGNBfSpw3tdRvndfethsqOAM4hQo1lLBkkjYrc5T7oASLg8uu9dPsCAkkxLckk8xqTcnQ9uvlq1ix93v8Aq8X2s9Tla4ixsqOe4G4JzHNC\/Y7h\/wAkvyt\/OuvY7h\/yS\/K386IladNDyvVbLJ0kh0ce9Zje3ZcUWAxRjQKTEwJF9QAbDU0LTkPFWm36Rf8ADcSR+Tbt7K7hwKKosijQdV+rvoeqpzI1uf3khJad85zcs3HAze9UnxD+NNwjYm3Ln3VpXFUcTEAj94JPjtQDqQAarN2z2gXuhcOHzAm9tf4Cu+ER+N\/flvVjDR2Qd+vy\/wBimkFcyMBoKJp4GsaDxsqjiq7irUgqu4qrkUtTuN76b4uD6Zqy+A2hiINoYiNpmOclCWkDXZn6MqAgqhVSByGvO\/Vo9zcQVeWyO94oPe5dNZud2FaIldfuZtefQi69T+NTwMLo22Nslkx4zNlNj8cIIWkYMyoBmyi7ZdAWsOdhqbdhrjZnEccSS65\/ex+AvUD2v29nIcte\/Xp\/Iy\/Inp0\/r8\/kZfkT06JsouLWssLtX\/NcZ8XhfqzUW2L9+T\/X9EdBsfJm2piyQV9zwujWv72bsJozsX78n+v6I6D\/AFCt+VU\/VE\/BcT+iPrLWf3ihjhgM0RlGKYysgQ2TTEyKWckjh3BPSUg9G+vKtB6o7WwmKPYoPyEE1LgsVgwE9cKxlieW14Z2AvO7qeihVuog62zac6IGWvWtGtc5pDRfTxWCEzISGzqy2B4gYNawsemAbHttUv8Ai7+Hfy3o9vTBHjMSX45WJlRT7jiS6qpJIUcKxuSTzHOm3i2XhJVhOHk4Txc74fEASE5RmYrHoQFPUffdVRlzXbmT3T3FTep1IzTYkm+XoZAeQGZ84XsGcubdpqzvHMBslUIBz4iQa9WSeWS\/d7yrm6USq5VGLhIIlL8N4gX4sztYSAE+\/Gvi8VUtrSxS4E4dmZJkmkdc0U5F+NIRqsZFirHUX51zSL6rSRjnNwgZ5fQrAYSaaaUxxQvKwuSIwCbLa558hmtftIFPgNosxcgMlstjqMr65TccjmS411seeta3ZmDiw6YlIsRl40UaAnD4klW\/6pvkBynM5W2oz9wqbFR4ZMCuFgVWZiC8jx4mPK6rZZAoiJYjQBbgADyVpjbzWO4l909xR3Y20\/XMom0u+EgLACwDiWYSLYkkWYEczyoVt\/dhsVs0PGWEsL4llUa50M7F47dpyC3eLW1q5ujCquVVi4WGMFuG8YzmWZmAEigmwYa9fdyF\/Y28UMEXDkLq6yTXHCmPOZyNVQg3BB59dY5Em63cx2GwBvl4ryLa2IjdVEnILxLH8cFDceO5FTbJw+bH4KGK4AljYE3ax++FuYudP2jykRu37vHJxoPcySrNhsTJe7Fh0DFbS9SYbYjCZGGISER57SLDiXe9kCsF4alb5Fvdja2nNswccJaQocx5HqnuK9LxX4e\/6vF9rNVgrQTYMmeU3lecph4kaZ42hLuJJieiwHUy8r0fyUduy4khDTPDCAdbKK1c2qbh0uFXGFyx3zVnt9zbZ+J+Lb6KuYTELJGrKbggeTuPfQHaSJiklfFzyRYbjtho4YWEecq\/DkllYi7ahjlBACrfUk1UwjtgMY2HaQzQtHHLG7Wz8NyydPKACylOYAuD2isZbtbnw1RLAQL2yK1MgqpPHcEHkauNryqu4ody0VVxVeQVacVXkFDuChVXFVnFW3FVpBQ7ly0+4490m+Lg+maist3dVDMpDHmdND2DuBt49b0F3NxSJJNmZVvHB74gdc3bWmXGwXvnjuevMvX5e6neBzmMANtL9aH4q6KVVv8AE4vyiecv86X+JxflE85f50SoWC2r\/muM+Lwv1ZqLbF+\/J\/r+iOg+0JQ21MWVII4eF1Bv+LNRjYv35P8AX9EdBfqFp+VT7xYBZhLE98rjKbGx8YPbWawu7eKiQJHtGcIosoMaNZepbluQrX7R++NVQipc4tJsrhoIzWeOycb+cpvmk9KuTsvG\/nKb5pPSo+RXDCqGV\/NTgagJ2bjPzjN80npVydn4384zfNp6VHGqtJiVHf4qswzSGzBdYSyRRC7zZCjgcb+cZfm09KuWwuMH\/uMvzaelV58STy0qImmEVDMc3usk0+2Im5RNuqLRYz84Sn\/609Km4eN\/OEvzaelV+lTFtLG0c0qftOocbg27EP4eN\/OEvzaelS4eN\/OEvzaelRClVtyzkqdPn95D+FjfzhL82npUuFjfh8vzaelRClUblnJd06f3kP4WM+Hy\/Np6VLhYz4fL82npVfp1W+g1qrmRtBccgFYVk5NgUP2bBiIRIpkhxUcknFZMVGQFluDnQxk2uRcggi+ulzewuHZ5JJp2EksmUMQuVFRb5I41ucqjMx1JJLEnsBSPZp5sbdw1Py00mDXqJ\/Yf4V51+3NntkLRc9YGSZFta+PC42HzUuy5wFyE8ve37Oyrbigx6J+jvq0H0o4U8NQzewuyVodqSxDdytuQppBVdxVrDYXNqxIHYOf\/AIq4NlRnrYeUfxFeYqNqUUMmBzyesDJOGSzSNu1g+JQJozXHra\/XRbEbIZRdekO7Q\/J11Qp7QMoaxuOJ2Lq\/pKKusq4jhcMKM7nraWcf\/HB\/zVRm3vkWSJHcrIzglQpyrHfVWFr9uvPQeUhuiPdsR8XB\/wA1TybiYZpC7B2OnORrAg3DAA8+\/vNEyMzs06J5RyMwAy53C0SHSnplWwp71ZUXnO1f81xnxeF+rNRbYv35P9f0R0K2oP8A1XGfF4X6s1Fdjffk\/wBf\/HQ7YyZS\/gFBlAsziUSx490aqjVFt7aDJMyrbq1OtBpMQze+JNGM2e+X0ibApfUbYigJYASQik2NReu57BrVKXaRPvRbx1TpUdHs+JmuaTTbYqJfVyHV5ruSUnmb1xSpUaGhuQSpzi43cbpUqemrioSpUqVVUpUjT01QrJUqVKqqU1W9msAxvztp+2\/8P21VpCgNo0pq6d0INroiml3Mgfa6KySUOxm0FTwmN7WRS7fIvLy2rszGwzfL\/P8A8VlZTFIAZ0XpuwEhzDKwa2QlRpe+l9OqvnsOynQy4Khp8\/ivdbNp49oBzsVgLaDPNF9pYuSOzcPNCeTgsL+MizRnuI+WutjtGyoiTO1uIrCZgJOHJ4L6K5S7EHQ6DsoSkS4XM6iXTRVikuGHXnzJovURqfFzqPC4R524jCOBHJy36IayliI11Z9AeXf4q9NCDAN1CMib2Gfz+q9MzZtKI8RAbYWxW1vwsSb\/AARTd3FTwpkxE4xL3AGQe9A7X5yE+LymtCNvxLKInljWUi\/DZ1DjuIvoe461m8BjJMKcxUMjjSRCD5Y5BfKe4jyV1\/hGGlVnVIJLdJkaBGl7zYKc\/jW57qEn2bS1z3PlBa4+6AM+w+CAqtnCNo3Pqj81yb92nxW6jxFBtoqOK1u4+UjWqWyMYBGAgXJbohVdefVZxcVZlGt+d9aH2BsqSlrHvv6IFu0\/0vJ7ZkDW7k2J1RPdWBWmnzAH3PD\/APNRebGYdZVibKHYXAN+23Ple55d9C90vv2I+Lg\/5qiO4anG+uTISL3yHt1PPs5dh6I1Ot\/SSlwdlzTCibGYxvDb0csuK04wUfgin9Yx+CKlWg29W0ZY440gIWWeVYUdhmEeYMzSZfxiqoxAOhNr6VyhY\/bM6Q7RxrHRViwp0\/Rm0Hjrj1Pcc007u\/MubDsGVLKPEKo7w7sQyRYuSDFYiTEYdS8nGkDrOIVzEFQBly5mUFbWYkWNS+pYem36V\/3EoeSRxkY3hn3rVlO2MPe4ekba8AtBvJ+EN4hWf2ttIQRNIRe1gB2k8hWg3k\/CG8QoNi9nrMpjdcwPVre41BFtafYi2nuCAbcV4w7vp\/8AtBLcWYGpCxWD3sxLzLZc4vrGiX06wDYtetJjNjY7ETe4MIYltYlgCx62yi5PiNq12x8AsahBCkQA0C2F\/H138fbV\/ESBRckAjkSQNfGa+cVO36kF0TOet7\/RfQiyjdK2aCENsLWI+ZHNZpdlSwxrxnWRr2LICviuD5a5qzi9qcUkAqQp1CMH16rkeWq1e72Q6odStdUkF3Vy4L57tQRipdu22HK1s+oJUjSqptXaS4eF5XvlQXIHM62AHlNNUva0uNgrdI1DLI3+HjFoAwaDjZdTbUDISPHz7jVPYO21xMZYDKymzDnra4IPWD\/ChhURmTd3zTB+zKlkBqC30QbFEqVPTVugEqVK1diE5gttTyGlDS1MMRtI4A65lasie8XaLrinUXNhzOg8dPIhU2POuGe2v936qpv2yQmSJwItkeCtuy1+F445om2zbDpE6dmn00L2jsRGRlAFmJJB5MTzv2X7fLRLATmS7sRm5BRyVesjtv291dTLXyqauqzLad5JGa9lSvFN\/sp8vHtWDXDYrCn3K88QuArXzoCQbc7g+PMup01vV3BYLj4iN3jkhkSzBiVIAU6KRm96eVtD0rCjuJhB16+0XB+Ua1RwuG4cjsCxzLY5iWtrzudaf0+1JALx3xdSex7UppxgmGE\/K\/gh+HixCh4MOxvxs8YsHR4murrIp6NrBDr1qbHWtZgd1oYRxsY0aDwELBAewXJJ\/RHb11ldibclhLqkeaVgoF79EKW1IHPU872opDs15W4mJcyN1C+g7tP4W8tFS7SjjiaH5kaC3ij61whkc4vwh1tDcuy4DQdqvtjhiJ2MK5YVUKtxl1HZ2CrMmGbSwuB2a\/sqXDRAAACwHZyq5xAi3P8A+nsHfSNv+Q1jZLQgWJyba68lV09PUPMlrC3P5lZubBEyCRJZoXy5S0L5My3uAwIINj3V1w5vhmM+cT+nVp2uSe0k\/LXFfRmNxNDnixIz7V5npEjPRY42UGSf4ZjPnE\/p0J3leRYQzYvFF1dWizOhCyqbq9uHrbrHXe3XR01ht4to8WY296nRH8T5T9FA18rYI8hmdE32S2aqms5xwjMqXaO+OInikjZII+NbjvArK8wAtlJJ6AI0NrmxsCL1pPUva7tpbpnly96nLsrAGt76lfv2\/SP1UpLTTPklGJerqYmsiNkY3rH3S3iWhuEx5hJdULnKbLexJ6rE6CiW9n4S3iWg9Lawl0jmE5X0Xj3P3c+MDQoMd8MbiZ1jtwEzAsEUghQbm7Nr1W0tzrN7wpLx3D52BYlb3IKk6f33VvHpXrKNzI\/UaAvRRf5Hu5cbYha1rX487oLutsloY2Z9Ge3R7AL2v361JtbGTK6rGcgAuWZbqRyPS5KV5kG1x1ii16BbcwE0j3GV4so6F3BLciDZwtuu5Bt2UfQzEzekRax1JASc1ArKszT2zzP9KkN6WLZo2Z2OVRCAbC3Nrjnc6XubDq5Ub29inTDSMicRgvvGuQRfW4HvrC5t12oJgtkSw4gLEg4ZcsXYnRAFyAMDe98\/R10Iv21qr1tUVLmOjcHXFtAevirbS6I2Rop2iw481L6lW3PXmz5MJLGqACRAV6KlGtoo53XP+yh2x8NJCjRuqxsrspyAWaxtn8v0Wqyj6m38vHXVZVO0XSPxRjD8VjLVmSEwkZEg9ylE5\/sUvXB7vkqKlWI2jVD8570rMLOSuYOdy65AC19PJ46l2o7ZLrcS6+8JJHiqhHOUIYGxHXTnbuWQOXQW05gA3Go50urZJ6qQPfnYfY7E42ZOykIdhvnpwUkk8mVOJo9ul47a37+6o3mJt3f3eum2nG3SEkeYg36xY\/iDv671AG7K1gqpWxGIZN5LGtiBk3vPPsz0ViOexW2luvvq\/wCu2t1N\/fdQm9IUw6VDMLVMeLkRkR1IAY2ezdZEHcnsHiplW1UhMe0\/TXYxR7j\/AH3Uxo6ugp82MLfn81jK2aTU3V5INLj5P7+ip4nA53+Q\/wABVGPaNhYr8hqUY5D2jxioqaHZta7GH4T1eRWsdRPFkRdEfXYHIEnv0H86rSSFjcm\/8PFXAmU8iD5a6phQbIpKU4483czn3LKerllydkOSY01OaanCFQ3b+P4UJI983RXxnmfINawZo3vPjw8xXqTTy\/jfy8lBiB2\/KP5V47aM++mNtBkvomx6To9ML6nM+CjNb31K\/ft+mfqpWE4Z6tfFrW79SwdNv0z9VKzovahF1nsii+9h+6W8S0Grf7U3eWVsxsD22B+kVR9h6+F+6vo1pNs98khcCM15KSlc5xddYwrrTgVsvYgvhfur6NL2Hr4X7q+jWX4ZJzCp0R3MLHVy3LStn7EF8L91fRpew9fC\/dX0akbMk5hd0R3MLGrT3rYew9fC\/dX0aXsPXwh5q+jUfhknMKeiO5rHXpXrY+w9fCHmr6NL2HL4Q81fRrvwyTmFHRHc1jr0r1sfYcvhfur6NL2HL4X7q+jU\/hknMKehuPELyXaUE2YmTMR2i5W3dblVLPpl6r38trV7P7D18L91fRrk7lRnnl8xPRrQbOk5hMWFzRYgLxrPpbqvVvZ8E2YGMMO86L5b6Wr1oblRjwfMT0a69hy+F+6vo1B2dJzC55c4WACxlKtn7Dl8Ieavo0vYcvhfur6NU\/DJOYS7ojuaw8+JVBdjYVa3WnhxE5EhCxoLnOwTOTcKosQeok+IdtamfcSJ7Z7NbldV0vz6qUG4saXyMyA8whKg+MLoa3g2fheHOsUTFSNbm7MqWTdjC8YG5CBLkcQ5WLEhekTfkraA9nlyO9WIhgxJEfvLAWQ5gD23J6zmBt4I776yLctF5HnzzKrX84HstUc+4UTm7ZSf0V\/gKNnpmvYWtABK3MTCLELGwYlXF1Nx9HjvyqZZCORIrWwbhxJfJZb87Kv8ql9hyeEPNX0aXCglafRdZAvo88jkskuOYdd\/GKbFbYyRsxGoGnj6v21rvYanaPNX0ajm3HjYWYgjn71efyUWxtY0W3iiOgaHgu0uvHXJJuedRkV7B7XMHgr5o\/lTe1zh\/BXzR\/KhegP5her6czQArx4it96lh6bfpn6qVo\/a3w\/gr5o\/lRTYW6seGJMYAvroLa0RT0jo3hxKHnqmyMwgL\/\/Z\" width=\"240\" height=\"174\" \/><\/a><span style=\"color: black; font-family: Times New Roman; font-size: 12pt;\"><strong><br \/>\n<\/strong><\/span><\/p>\n<p><a href=\"http:\/\/www.educa.jcyl.es\/educacyl\/cm\/zonaalumnos\/tkPopUp?pgseed=1190528754386&amp;idContent=8300&amp;locale=es_ES&amp;textOnly=false\" target=\"_blank\"><span style=\"color: blue; font-family: Arial; font-size: 10pt; text-decoration: underline;\">Diccionario Multimedia<\/span><\/a><span style=\"font-family: Times New Roman;\"><span style=\"color: black; font-size: 10pt;\">. Puedes elegir el vocabulario en espa\u00f1ol, ingl\u00e9s o franc\u00e9s.<br \/>\nP\u00e1gina educativa de la Junta de Castilla y Le\u00f3n.<\/span><span style=\"font-size: 12pt;\"><br \/>\n<\/span><\/span><\/p>\n<p><span style=\"font-family: Times New Roman; font-size: 12pt;\"><br \/>\n<\/span><\/p>\n","protected":false},"excerpt":{"rendered":"<p>Let&#8217;s TIC English &#8211; Voc. P\u00e1gina que contiene el vocabulario de toda la Primaria, con im\u00e1genes (fotograf\u00edas) y su pronunciaci\u00f3n. P\u00e1gina desarrollada dentro del Proyecto FantasTIC. Free ESL Flashcards. De ESL Junction. Diccionario Multimedia. Puedes elegir el vocabulario en espa\u00f1ol, &hellip; <a href=\"https:\/\/cpcorella.educacion.navarra.es\/blogs\/ingles\/recursos\/diccionarios\/\">Sigue leyendo <span class=\"meta-nav\">&rarr;<\/span><\/a><\/p>\n","protected":false},"author":6,"featured_media":0,"parent":321,"menu_order":0,"comment_status":"open","ping_status":"open","template":"","meta":[],"_links":{"self":[{"href":"https:\/\/cpcorella.educacion.navarra.es\/blogs\/ingles\/wp-json\/wp\/v2\/pages\/333"}],"collection":[{"href":"https:\/\/cpcorella.educacion.navarra.es\/blogs\/ingles\/wp-json\/wp\/v2\/pages"}],"about":[{"href":"https:\/\/cpcorella.educacion.navarra.es\/blogs\/ingles\/wp-json\/wp\/v2\/types\/page"}],"author":[{"embeddable":true,"href":"https:\/\/cpcorella.educacion.navarra.es\/blogs\/ingles\/wp-json\/wp\/v2\/users\/6"}],"replies":[{"embeddable":true,"href":"https:\/\/cpcorella.educacion.navarra.es\/blogs\/ingles\/wp-json\/wp\/v2\/comments?post=333"}],"version-history":[{"count":1,"href":"https:\/\/cpcorella.educacion.navarra.es\/blogs\/ingles\/wp-json\/wp\/v2\/pages\/333\/revisions"}],"predecessor-version":[{"id":334,"href":"https:\/\/cpcorella.educacion.navarra.es\/blogs\/ingles\/wp-json\/wp\/v2\/pages\/333\/revisions\/334"}],"up":[{"embeddable":true,"href":"https:\/\/cpcorella.educacion.navarra.es\/blogs\/ingles\/wp-json\/wp\/v2\/pages\/321"}],"wp:attachment":[{"href":"https:\/\/cpcorella.educacion.navarra.es\/blogs\/ingles\/wp-json\/wp\/v2\/media?parent=333"}],"curies":[{"name":"wp","href":"https:\/\/api.w.org\/{rel}","templated":true}]}}