{"id":12,"date":"2020-10-08T16:44:36","date_gmt":"2020-10-08T16:44:36","guid":{"rendered":"https:\/\/cpcorella.educacion.navarra.es\/blogs\/ecoescuela\/?page_id=12"},"modified":"2020-10-08T17:10:53","modified_gmt":"2020-10-08T17:10:53","slug":"decalogo","status":"publish","type":"page","link":"https:\/\/cpcorella.educacion.navarra.es\/blogs\/ecoescuela\/decalogo\/","title":{"rendered":"DEC\u00c1LOGO"},"content":{"rendered":"\n<p>DESCARGA<\/p>\n\n\n\n<p>1.&nbsp;&nbsp;Si los \u00e1rboles no queremos talar, m\u00e1s papel hay que reciclar.<\/p>\n\n\n\n<p>2.&nbsp;&nbsp;&nbsp;Los pl\u00e1sticos no debemos quemar, para el aire no contaminar.<\/p>\n\n\n\n<p>3.&nbsp;&nbsp;Para que los recursos de la Tierra no se puedan acabar, las 3 R\u2019s hay que utilizar.<\/p>\n\n\n\n<p>4.&nbsp;&nbsp;Aunque los residuos del recreo no sean de tu propiedad, si los depositas en su contenedor, al medioambiente ayudar\u00e1s.<\/p>\n\n\n\n<p>5.&nbsp;&nbsp;Agua de m\u00e1s no has de gastar, con un poco te bastar\u00e1.<\/p>\n\n\n\n<p>6.&nbsp;&nbsp;No tengas dura la testuz y si no hay nadie en clase, apaga la luz.<\/p>\n\n\n\n<p>7.&nbsp;&nbsp;No malgastes energ\u00eda y as\u00ed te&nbsp; alegrar\u00e1s el d\u00eda.<\/p>\n\n\n\n<p>8.&nbsp;&nbsp;Cuidar y respetar a &nbsp;plantas y &nbsp;animales, son cosas fundamentales.<\/p>\n\n\n\n<p>9.&nbsp;&nbsp;Por delante y por detr\u00e1s los folios debes usar.<\/p>\n\n\n\n<p>10.&nbsp;&nbsp;Mant\u00e9n limpio tu centro no lo dudes ni un momento.<\/p>\n\n\n\n<figure class=\"wp-block-image size-large\"><img loading=\"lazy\" width=\"960\" height=\"720\" src=\"https:\/\/cpcorella.educacion.navarra.es\/blogs\/ecoescuela\/files\/2020\/10\/logo_ecoescuela.jpg\" alt=\"\" class=\"wp-image-13\" srcset=\"https:\/\/cpcorella.educacion.navarra.es\/blogs\/ecoescuela\/files\/2020\/10\/logo_ecoescuela.jpg 960w, https:\/\/cpcorella.educacion.navarra.es\/blogs\/ecoescuela\/files\/2020\/10\/logo_ecoescuela-300x225.jpg 300w, https:\/\/cpcorella.educacion.navarra.es\/blogs\/ecoescuela\/files\/2020\/10\/logo_ecoescuela-768x576.jpg 768w, https:\/\/cpcorella.educacion.navarra.es\/blogs\/ecoescuela\/files\/2020\/10\/logo_ecoescuela-750x563.jpg 750w\" sizes=\"(max-width: 960px) 100vw, 960px\" \/><\/figure>\n","protected":false},"excerpt":{"rendered":"<p>DESCARGA 1.&nbsp;&nbsp;Si los \u00e1rboles no queremos talar, m\u00e1s papel hay que reciclar. 2.&nbsp;&nbsp;&nbsp;Los pl\u00e1sticos no debemos quemar, para el aire no contaminar. 3.&nbsp;&nbsp;Para que los recursos de la Tierra no se puedan acabar, las 3 R\u2019s hay que utilizar. 4.&nbsp;&nbsp;Aunque los residuos del recreo no sean de tu propiedad, si los depositas en su contenedor, &hellip; <\/p>\n<p><a class=\"more-link btn\" href=\"https:\/\/cpcorella.educacion.navarra.es\/blogs\/ecoescuela\/decalogo\/\">Continue reading<\/a><\/p>\n","protected":false},"author":6,"featured_media":0,"parent":0,"menu_order":0,"comment_status":"closed","ping_status":"closed","template":"","meta":[],"_links":{"self":[{"href":"https:\/\/cpcorella.educacion.navarra.es\/blogs\/ecoescuela\/wp-json\/wp\/v2\/pages\/12"}],"collection":[{"href":"https:\/\/cpcorella.educacion.navarra.es\/blogs\/ecoescuela\/wp-json\/wp\/v2\/pages"}],"about":[{"href":"https:\/\/cpcorella.educacion.navarra.es\/blogs\/ecoescuela\/wp-json\/wp\/v2\/types\/page"}],"author":[{"embeddable":true,"href":"https:\/\/cpcorella.educacion.navarra.es\/blogs\/ecoescuela\/wp-json\/wp\/v2\/users\/6"}],"replies":[{"embeddable":true,"href":"https:\/\/cpcorella.educacion.navarra.es\/blogs\/ecoescuela\/wp-json\/wp\/v2\/comments?post=12"}],"version-history":[{"count":2,"href":"https:\/\/cpcorella.educacion.navarra.es\/blogs\/ecoescuela\/wp-json\/wp\/v2\/pages\/12\/revisions"}],"predecessor-version":[{"id":27,"href":"https:\/\/cpcorella.educacion.navarra.es\/blogs\/ecoescuela\/wp-json\/wp\/v2\/pages\/12\/revisions\/27"}],"wp:attachment":[{"href":"https:\/\/cpcorella.educacion.navarra.es\/blogs\/ecoescuela\/wp-json\/wp\/v2\/media?parent=12"}],"curies":[{"name":"wp","href":"https:\/\/api.w.org\/{rel}","templated":true}]}}