{"id":646,"date":"2010-01-28T11:39:42","date_gmt":"2010-01-28T11:39:42","guid":{"rendered":"http:\/\/pitagorines.wordpress.com\/?page_id=646"},"modified":"2010-01-28T11:39:42","modified_gmt":"2010-01-28T11:39:42","slug":"english-one","status":"publish","type":"page","link":"https:\/\/cpcorella.educacion.navarra.es\/blogs\/3ciclo\/english-2\/english-one\/","title":{"rendered":"ENGLISH ONE"},"content":{"rendered":"<h2>ENGLISH ONE<\/h2>\n<div>Mi\u00e9rcoles, 20 de Enero de 2010 <a title=\"Editar entrada\" href=\"http:\/\/irati.pnte.cfnavarra.es\/multiblog\/jrodrig3\/wp-admin\/page.php?action=edit&amp;post=1109\">Editar<\/a> <a href=\"http:\/\/irati.pnte.cfnavarra.es\/multiblog\/jrodrig3\/ingles\/english-one\/#respond\">Dejar un comentario<\/a> <a href=\"http:\/\/irati.pnte.cfnavarra.es\/multiblog\/jrodrig3\/ingles\/english-one\/#comments\">Ir a los comentarios<\/a><\/div>\n<div>\n<table border=\"0\" cellspacing=\"0\" cellpadding=\"0\" width=\"14\" align=\"center\">\n<tbody>\n<tr>\n<th width=\"61\" height=\"25\" scope=\"col\"><\/th>\n<th width=\"610\" height=\"25\" scope=\"col\"><\/th>\n<th width=\"40\" height=\"25\" scope=\"col\"><\/th>\n<th width=\"29\" scope=\"col\"><\/th>\n<\/tr>\n<\/tbody>\n<\/table>\n<p><!--DWLayoutTable--><\/p>\n<table border=\"1\" cellspacing=\"6\" width=\"1\" align=\"center\" bgcolor=\"#ffffff\">\n<tbody>\n<tr>\n<td width=\"179\" height=\"85\">\n<div><a href=\"http:\/\/concurso.cnice.mec.es\/cnice2005\/132_English_for_Little_children\/index.html#\" target=\"_blank\"><img loading=\"lazy\" src=\"http:\/\/www.juntadeandalucia.es\/averroes\/loreto\/sugerencias\/imagenesing\/1.jpg\" border=\"0\" alt=\"\" width=\"156\" height=\"85\" \/><\/a><\/div>\n<\/td>\n<td width=\"179\" height=\"85\">\n<div><a href=\"http:\/\/www.theyellowpencil.com\/\" target=\"_blank\"><img loading=\"lazy\" src=\"http:\/\/www.juntadeandalucia.es\/averroes\/loreto\/sugerencias\/imagenesing\/2.jpg\" border=\"0\" alt=\"\" width=\"126\" height=\"85\" \/><\/a><\/div>\n<\/td>\n<td width=\"178\" height=\"85\">\n<div><a href=\"http:\/\/ares.cnice.mec.es\/inglesep\/index.html\" target=\"_blank\"><img loading=\"lazy\" src=\"http:\/\/www.juntadeandalucia.es\/averroes\/loreto\/sugerencias\/imagenesing\/3.jpg\" border=\"0\" alt=\"\" width=\"155\" height=\"85\" \/><\/a><\/div>\n<\/td>\n<td width=\"174\" height=\"85\">\n<div><a href=\"http:\/\/www.angles365.com\/classroom\/index.htm\" target=\"_blank\"><img loading=\"lazy\" src=\"http:\/\/www.juntadeandalucia.es\/averroes\/loreto\/sugerencias\/imagenesing\/4.jpg\" border=\"0\" alt=\"\" width=\"120\" height=\"85\" \/><\/a><\/div>\n<\/td>\n<\/tr>\n<tr>\n<td>1 Ingl\u00e9s para los m\u00e1s peque\u00f1os.<\/td>\n<td>2 Colores, n\u00fameros\u2026<\/td>\n<td>3 Actividades para Primaria.<\/td>\n<td>4 Materiales, recursos\u2026<\/td>\n<\/tr>\n<tr>\n<td height=\"85\">\n<div><a href=\"http:\/\/www.starfall.com\/\" target=\"_blank\"><img loading=\"lazy\" src=\"http:\/\/www.juntadeandalucia.es\/averroes\/loreto\/sugerencias\/imagenesing\/5.jpg\" border=\"0\" alt=\"\" width=\"156\" height=\"85\" \/><\/a><\/div>\n<\/td>\n<td height=\"85\">\n<div>\n<div><a href=\"http:\/\/www.sesameworkshop.org\/sesamestreet\/\" target=\"_blank\"><img loading=\"lazy\" src=\"http:\/\/www.juntadeandalucia.es\/averroes\/loreto\/sugerencias\/imagenesing\/6.jpg\" border=\"0\" alt=\"\" width=\"148\" height=\"85\" \/><\/a><\/div>\n<\/div>\n<\/td>\n<td height=\"85\">\n<div><a href=\"http:\/\/www.xtec.es\/satis\/ra\/lacasa\/lacasa.html\" target=\"_blank\"><img loading=\"lazy\" src=\"http:\/\/www.juntadeandalucia.es\/averroes\/loreto\/sugerencias\/imagenesing\/7.jpg\" border=\"0\" alt=\"\" width=\"142\" height=\"85\" \/><\/a><\/div>\n<\/td>\n<td height=\"85\">\n<div><a href=\"http:\/\/www.wordmania.org\/wmindex7.htm\" target=\"_blank\"><img loading=\"lazy\" src=\"http:\/\/www.juntadeandalucia.es\/averroes\/loreto\/sugerencias\/imagenesing\/8.jpg\" border=\"0\" alt=\"\" width=\"155\" height=\"85\" \/><\/a><\/div>\n<\/td>\n<\/tr>\n<tr>\n<td height=\"23\">\n<div>5 Cuentos interactivos.<\/div>\n<\/td>\n<td>\n<div>\n<div>6 Juegos, historias, m\u00fasica\u2026<\/div>\n<\/div>\n<\/td>\n<td>7 Vocabulario.<\/td>\n<td>8 Actividades interactivas.<\/td>\n<\/tr>\n<tr>\n<td height=\"85\">\n<div><a href=\"http:\/\/www.bbc.co.uk\/schools\/wordsandpictures\/index.shtml\" target=\"_blank\"><img loading=\"lazy\" src=\"http:\/\/www.juntadeandalucia.es\/averroes\/loreto\/sugerencias\/imagenesing\/9.jpg\" border=\"0\" alt=\"\" width=\"126\" height=\"85\" \/><\/a><\/div>\n<\/td>\n<td height=\"85\">\n<div><a href=\"http:\/\/www.sesamo.com\/wordsearch\/index.html\" target=\"_blank\"><img loading=\"lazy\" src=\"http:\/\/www.juntadeandalucia.es\/averroes\/loreto\/sugerencias\/imagenesing\/10.jpg\" border=\"0\" alt=\"\" width=\"149\" height=\"85\" \/><\/a><\/div>\n<\/td>\n<td height=\"85\">\n<div><a href=\"http:\/\/www.madenglishouse.eu\/\" target=\"_blank\"><img loading=\"lazy\" src=\"http:\/\/www.juntadeandalucia.es\/averroes\/loreto\/sugerencias\/imagenesing\/11.jpg\" border=\"0\" alt=\"\" width=\"156\" height=\"85\" \/><\/a><\/div>\n<\/td>\n<td height=\"85\">\n<div><a href=\"http:\/\/www.starfall.com\/n\/level-c\/index\/load.htm?f?f\" target=\"_blank\"><img loading=\"lazy\" src=\"http:\/\/www.juntadeandalucia.es\/averroes\/loreto\/sugerencias\/imagenesing\/13.jpg\" border=\"0\" alt=\"\" width=\"122\" height=\"85\" \/><\/a><\/div>\n<\/td>\n<\/tr>\n<tr>\n<td height=\"23\">9 Pronunciaci\u00f3n, vocabulario\u2026<\/td>\n<td>\n<div>10 Actividades.<\/div>\n<\/td>\n<td>11 Vocabulario temas b\u00e1sicos.<\/td>\n<td>12 I\u2019m reading!<\/td>\n<\/tr>\n<\/tbody>\n<\/table>\n<\/div>\n","protected":false},"excerpt":{"rendered":"<p>ENGLISH ONE Mi\u00e9rcoles, 20 de Enero de 2010 Editar Dejar un comentario Ir a los comentarios 1 Ingl\u00e9s para los m\u00e1s peque\u00f1os. 2 Colores, n\u00fameros\u2026 3 Actividades para Primaria. 4 Materiales, recursos\u2026 5 Cuentos interactivos. 6 Juegos, historias, m\u00fasica\u2026 7 Vocabulario. 8 Actividades interactivas. 9 Pronunciaci\u00f3n, vocabulario\u2026 10 Actividades. 11 Vocabulario temas b\u00e1sicos. 12 I\u2019m [&hellip;]<\/p>\n","protected":false},"author":6,"featured_media":0,"parent":644,"menu_order":1,"comment_status":"open","ping_status":"open","template":"","meta":[],"_links":{"self":[{"href":"https:\/\/cpcorella.educacion.navarra.es\/blogs\/3ciclo\/wp-json\/wp\/v2\/pages\/646"}],"collection":[{"href":"https:\/\/cpcorella.educacion.navarra.es\/blogs\/3ciclo\/wp-json\/wp\/v2\/pages"}],"about":[{"href":"https:\/\/cpcorella.educacion.navarra.es\/blogs\/3ciclo\/wp-json\/wp\/v2\/types\/page"}],"author":[{"embeddable":true,"href":"https:\/\/cpcorella.educacion.navarra.es\/blogs\/3ciclo\/wp-json\/wp\/v2\/users\/6"}],"replies":[{"embeddable":true,"href":"https:\/\/cpcorella.educacion.navarra.es\/blogs\/3ciclo\/wp-json\/wp\/v2\/comments?post=646"}],"version-history":[{"count":0,"href":"https:\/\/cpcorella.educacion.navarra.es\/blogs\/3ciclo\/wp-json\/wp\/v2\/pages\/646\/revisions"}],"up":[{"embeddable":true,"href":"https:\/\/cpcorella.educacion.navarra.es\/blogs\/3ciclo\/wp-json\/wp\/v2\/pages\/644"}],"wp:attachment":[{"href":"https:\/\/cpcorella.educacion.navarra.es\/blogs\/3ciclo\/wp-json\/wp\/v2\/media?parent=646"}],"curies":[{"name":"wp","href":"https:\/\/api.w.org\/{rel}","templated":true}]}}