{"id":553,"date":"2010-01-17T18:50:58","date_gmt":"2010-01-17T18:50:58","guid":{"rendered":"http:\/\/pitagorines.wordpress.com\/?page_id=553"},"modified":"2010-01-17T18:50:58","modified_gmt":"2010-01-17T18:50:58","slug":"tema-10","status":"publish","type":"page","link":"https:\/\/cpcorella.educacion.navarra.es\/blogs\/3ciclo\/quinto\/conocimiento\/tema-10\/","title":{"rendered":"Tema 10"},"content":{"rendered":"<p>Tema 10 \u201c Los animales\u201d<\/p>\n<p>Contenidos:<\/p>\n<ul>\n<li>Esponjas, celent\u00e9reos y equinodernos.<\/li>\n<li>Gusanos y moluscos.<\/li>\n<li>Artr\u00f3podos.<\/li>\n<li>Los vertebrados.<\/li>\n<li>Peces.<\/li>\n<li>Anf\u00edbios y reptiles.<\/li>\n<li>Aves.<\/li>\n<li>Mam\u00edferos.<\/li>\n<\/ul>\n<p>Recursos:<\/p>\n<ol>\n<li><a href=\"http:\/\/www.juntadeandalucia.es\/averroes\/recursos_informaticos\/proyectos2004\/la_tierra\/vertebrados\/indexvertebrados.html\" target=\"_blank\">LOS ANIMALES VERTEBRADOS I<\/a><\/li>\n<li><a href=\"http:\/\/clic.xtec.net\/db\/jclicApplet.jsp?project=http:\/\/clic.xtec.net\/projects\/animalp\/jclic\/animalp.jclic.zip&amp;lang=es\" target=\"_blank\">LOS ANIMALES<\/a><\/li>\n<li><a href=\"http:\/\/www.librosvivos.net\/smtc\/homeTC.asp?TemaClave=1013\" target=\"_blank\">LOS ANIMALES VERTEBRADOS II<\/a><\/li>\n<li><a href=\"http:\/\/espanol.geocities.com\/coronelmalaespina\/animales\/vertebrados\/indexvertebrados.html\" target=\"_blank\">LOS ANIMALES VERTEBRADOS III<\/a><\/li>\n<li><a href=\"http:\/\/endrino.cnice.mecd.es\/%7Ehotp0061\/f_prieto\/Vertebrados.htm\" target=\"_blank\">ACTIVIDAD<\/a><\/li>\n<li><a href=\"http:\/\/clic.xtec.net\/db\/jclicApplet.jsp?project=http:\/\/clic.xtec.net\/projects\/vert\/jclic\/vert.jclic.zip&amp;lang=es\" target=\"_blank\">LOS ANIMALES VERTEBRADOS I<\/a><\/li>\n<li><a href=\"http:\/\/www.damisela.com\/zoo\/mam\/index.htm\" target=\"_blank\">LOS MAM\u00cdFEROS I<\/a><\/li>\n<li><a href=\"http:\/\/www.primaria.librosvivos.net\/5EP_Cono_cas_ud2_Los_mamiferos_11.html\" target=\"_blank\">LOS MAM\u00cdFEROS II<\/a><\/li>\n<li><a href=\"http:\/\/www.supersaber.com\/ocaVisi.htm\" target=\"_blank\">LA OCA DE LAS AVES<\/a><\/li>\n<li><a href=\"http:\/\/www.juntadeandalucia.es\/averroes\/carambolo\/WEB%20JCLIC2\/Medio\/verteb\/index.htm\" target=\"_blank\">LOS ANIMALES VERTEBRADOS II<\/a><\/li>\n<li><a href=\"http:\/\/www.damisela.com\/zoo\/ave\/index.htm\" target=\"_blank\">LAS AVES I<\/a><\/li>\n<li><a href=\"http:\/\/www.genmagic.net\/natural\/aus1c.swf\" target=\"_blank\">LAS AVES II<\/a><\/li>\n<li><a href=\"http:\/\/www.juntadeandalucia.es\/averroes\/manuelperez\/alumnos\/ud\/vidaenelmar\/entradaflash.htm\" target=\"_blank\">LA VIDA EN EL MAR I<\/a><\/li>\n<li> <a href=\"http:\/\/www.fundacionecomar.org\/?Nivel=Pagina\/aprende\" target=\"_blank\">LA VIDA EN EL MAR II<\/a><\/li>\n<li><a href=\"http:\/\/www.damisela.com\/zoo\/rep\/index.htm\" target=\"_blank\">LOS REPTILES<\/a><\/li>\n<li><a href=\"http:\/\/www.educa.madrid.org\/web\/cp.gerardodiego.leganes\/caza13.htm\" target=\"_blank\">CAZA DEL TESORO: LOS PECES<\/a><\/li>\n<li><a href=\"http:\/\/www.educa.madrid.org\/web\/cp.gerardodiego.leganes\/caza14.htm\" target=\"_blank\">CAZA DEL TESORO: LOS REPTILES<\/a><\/li>\n<li><a href=\"http:\/\/www.damisela.com\/zoo\/anfi\/index.htm\" target=\"_blank\">LOS ANFIBIOS<\/a><\/li>\n<li><a href=\"http:\/\/www.primaria.librosvivos.net\/5EP_Cono_cas_ud2_Metamorfosis_de_la_rana_10.html\" target=\"_blank\">CARACTER\u00cdSTICAS DE LOS ANFIBIOS<\/a><\/li>\n<li><a href=\"http:\/\/www.ceipjuanherreraalcausa.es\/Recursosdidacticos\/QUINTO\/Conocimiento\/u05\/0502.htm\" target=\"_blank\">LA NUTRICI\u00d3N DE LOS ANIMALES<\/a><\/li>\n<li><a href=\"http:\/\/www.ceipjuanherreraalcausa.es\/Recursosdidacticos\/QUINTO\/Conocimiento\/u05\/0504.htm\" target=\"_blank\">LA NUTRICI\u00d3N DE LOS VERTEBRADOS<\/a><\/li>\n<li><a href=\"http:\/\/www.sanisidrolabrador.com\/webquest\/caza\/soporte_mondrian_c.php?id_actividad=295&amp;id_pagina=1\" target=\"_blank\">WEBQUEST: VERTEBRADOS<\/a><\/li>\n<li><a href=\"http:\/\/concurso.cnice.mec.es\/cnice2006\/material036\/web_publicar\/artropodos.html\" target=\"_blank\">ARTR\u00d3PODOS DEL PLANETA TIERRA<\/a><\/li>\n<li><a href=\"http:\/\/clic.xtec.net\/db\/jclicApplet.jsp?project=http:\/\/clic.xtec.net\/projects\/invert\/jclic\/invert.jclic.zip&amp;lang=es\" target=\"_blank\">ANIMALES INVERTEBRADOS<\/a><\/li>\n<li><a href=\"http:\/\/www.primaria.librosvivos.net\/5EP_Cono_cas_ud3_Grupos_de_artropodos_10.html\" target=\"_blank\">GRUPOS DE ARTR\u00d3PODOS<\/a><\/li>\n<li><a href=\"http:\/\/www.juntadeandalucia.es\/averroes\/recursos_informaticos\/proyectos2004\/la_tierra\/invertebrados\/indexinvertebrados.html\" target=\"_blank\">LOS ANIMALES INVERTEBRADOS I<\/a><\/li>\n<li><a href=\"http:\/\/www.librosvivos.net\/smtc\/homeTC.asp?TemaClave=1013\" target=\"_blank\">LOS ANIMALES INVERTEBRADOS II<\/a><\/li>\n<li><a href=\"http:\/\/encina.pntic.mec.es\/%7Enmeb0000\/invertebrados\/moluscos\/moluscos0.html\" target=\"_blank\">LOS MOLUSCOS<\/a><\/li>\n<li><a href=\"http:\/\/www.primaria.librosvivos.net\/5EP_Cono_cas_ud3_Tipos_de_moluscos_15.html\" target=\"_blank\">GRUPOS DE MOLUSCOS<\/a><\/li>\n<li><a href=\"http:\/\/www.ceipjuanherreraalcausa.es\/Recursosdidacticos\/QUINTO\/Conocimiento\/u05\/0503.htm\" target=\"_blank\">LA OBETNCI\u00d3N DEL OX\u00cdGENO EN LOS      ANIMALES INVERTEBRADOS<\/a><\/li>\n<li><a href=\"http:\/\/catedu.es\/chuegos\/kono\/quinto\/t3\/animales.swf\" target=\"_blank\">EL MUNDO ANIMAL<\/a><\/li>\n<li><a href=\"http:\/\/www.sanisidrolabrador.com\/webquest\/caza\/soporte_tabbed_c.php?id_actividad=287&amp;id_pagina=1\" target=\"_blank\">CAZA DEL TESORO: LOS      INVERTEBRADOS<\/a><\/li>\n<li><a href=\"http:\/\/encina.pntic.mec.es\/%7Enmeb0000\/invertebrados\/gusanos\/gusanos0.html\" target=\"_blank\">GUSANOS<\/a><\/li>\n<li> <a href=\"http:\/\/encina.pntic.mec.es\/%7Enmeb0000\/invertebrados\/esponjas\/esponjas0.html\" target=\"_blank\">POR\u00cdFEROS<\/a><\/li>\n<li><a href=\"http:\/\/encina.pntic.mec.es\/%7Enmeb0000\/invertebrados\/equinodermos\/equinodermos0.html\" target=\"_blank\">EQUINODERMOS<\/a><\/li>\n<li><a href=\"http:\/\/calasanz.edu.gva.es\/gusanito\/bertin\/bertin-cientifico.html\" target=\"_blank\">BERT\u00cdN, EL GUSANITO DE SEDA<\/a><\/li>\n<li><a href=\"http:\/\/urbanext.illinois.edu\/worms_sp\/index.html\" target=\"_blank\">LA AVENTURA DE GERM\u00c1N<\/a><\/li>\n<li><a href=\"http:\/\/www.clarionweb.es\/5_curso\/c_medio\/cm502\/cm50201.htm\" target=\"_blank\">REPASO LA UNIDAD<\/a><\/li>\n<li><a href=\"http:\/\/www.clarionweb.es\/5_curso\/jclic\/c_medio\/cm_502\/cm_502.htm\" target=\"_blank\">REPASO LA UNIDAD I<\/a><\/li>\n<li><a href=\"http:\/\/www.primaria.librosvivos.net\/Autoevaluacion_cono_cas_5EP_ud2_13.html\" target=\"_blank\">AUTOEVALUACI\u00d3N DE LA UNIDAD I<\/a><\/li>\n<li><a href=\"http:\/\/www.juntadeandalucia.es\/averroes\/carambolo\/WEB%20JCLIC2\/Medio\/Proyecto%20Mundo%205\/pmun5a\/index.htm\" target=\"_blank\">REPASO LA UNIDAD II<\/a><\/li>\n<li><a href=\"http:\/\/www.primaria.librosvivos.net\/Autoevaluacion_Cono_cas_5EP_ud3_14.html\" target=\"_blank\">AUTOEVALUACI\u00d3N DE LA UNIDAD II<\/a><\/li>\n<li><a href=\"http:\/\/www.juntadeandalucia.es\/averroes\/carambolo\/WEB%20JCLIC2\/Medio\/Proyecto%20Mundo%205\/pmun5a\/index.htm\" target=\"_blank\">REPASO LA UNIDAD III<\/a><\/li>\n<\/ol>\n","protected":false},"excerpt":{"rendered":"<p>Tema 10 \u201c Los animales\u201d Contenidos: Esponjas, celent\u00e9reos y equinodernos. Gusanos y moluscos. Artr\u00f3podos. Los vertebrados. Peces. Anf\u00edbios y reptiles. Aves. Mam\u00edferos. Recursos: LOS ANIMALES VERTEBRADOS I LOS ANIMALES LOS ANIMALES VERTEBRADOS II LOS ANIMALES VERTEBRADOS III ACTIVIDAD LOS ANIMALES VERTEBRADOS I LOS MAM\u00cdFEROS I LOS MAM\u00cdFEROS II LA OCA DE LAS AVES LOS ANIMALES [&hellip;]<\/p>\n","protected":false},"author":6,"featured_media":0,"parent":466,"menu_order":10,"comment_status":"open","ping_status":"open","template":"","meta":[],"_links":{"self":[{"href":"https:\/\/cpcorella.educacion.navarra.es\/blogs\/3ciclo\/wp-json\/wp\/v2\/pages\/553"}],"collection":[{"href":"https:\/\/cpcorella.educacion.navarra.es\/blogs\/3ciclo\/wp-json\/wp\/v2\/pages"}],"about":[{"href":"https:\/\/cpcorella.educacion.navarra.es\/blogs\/3ciclo\/wp-json\/wp\/v2\/types\/page"}],"author":[{"embeddable":true,"href":"https:\/\/cpcorella.educacion.navarra.es\/blogs\/3ciclo\/wp-json\/wp\/v2\/users\/6"}],"replies":[{"embeddable":true,"href":"https:\/\/cpcorella.educacion.navarra.es\/blogs\/3ciclo\/wp-json\/wp\/v2\/comments?post=553"}],"version-history":[{"count":0,"href":"https:\/\/cpcorella.educacion.navarra.es\/blogs\/3ciclo\/wp-json\/wp\/v2\/pages\/553\/revisions"}],"up":[{"embeddable":true,"href":"https:\/\/cpcorella.educacion.navarra.es\/blogs\/3ciclo\/wp-json\/wp\/v2\/pages\/466"}],"wp:attachment":[{"href":"https:\/\/cpcorella.educacion.navarra.es\/blogs\/3ciclo\/wp-json\/wp\/v2\/media?parent=553"}],"curies":[{"name":"wp","href":"https:\/\/api.w.org\/{rel}","templated":true}]}}