{"id":539,"date":"2010-01-17T18:43:56","date_gmt":"2010-01-17T18:43:56","guid":{"rendered":"http:\/\/pitagorines.wordpress.com\/?page_id=539"},"modified":"2010-01-17T18:43:56","modified_gmt":"2010-01-17T18:43:56","slug":"tema-3","status":"publish","type":"page","link":"https:\/\/cpcorella.educacion.navarra.es\/blogs\/3ciclo\/quinto\/conocimiento\/tema-3\/","title":{"rendered":"Tema 3"},"content":{"rendered":"<p>Tema 3 \u201cPoblaci\u00f3n y econom\u00eda de Navarra\u201d<\/p>\n<p>Contenidos:<\/p>\n<ul>\n<li>La poblaci\u00f3n de Navarra<\/li>\n<li>Caracter\u00edsticas de nuestra      poblaci\u00f3n.<\/li>\n<li>El sector primario.<\/li>\n<li>El sector secundario.<\/li>\n<li>El sector terciario.<\/li>\n<\/ul>\n<p>Recursos:<\/p>\n<iframe src=\"https:\/\/www.slideshare.net\/slideshow\/embed_code\/1585800\" width=\"625\" height=\"507\" frameborder=\"0\" marginwidth=\"0\" marginheight=\"0\" scrolling=\"no\"><\/iframe><br\/>\n","protected":false},"excerpt":{"rendered":"<p>Tema 3 \u201cPoblaci\u00f3n y econom\u00eda de Navarra\u201d Contenidos: La poblaci\u00f3n de Navarra Caracter\u00edsticas de nuestra poblaci\u00f3n. El sector primario. El sector secundario. El sector terciario. Recursos:<\/p>\n","protected":false},"author":6,"featured_media":0,"parent":466,"menu_order":3,"comment_status":"open","ping_status":"open","template":"","meta":[],"_links":{"self":[{"href":"https:\/\/cpcorella.educacion.navarra.es\/blogs\/3ciclo\/wp-json\/wp\/v2\/pages\/539"}],"collection":[{"href":"https:\/\/cpcorella.educacion.navarra.es\/blogs\/3ciclo\/wp-json\/wp\/v2\/pages"}],"about":[{"href":"https:\/\/cpcorella.educacion.navarra.es\/blogs\/3ciclo\/wp-json\/wp\/v2\/types\/page"}],"author":[{"embeddable":true,"href":"https:\/\/cpcorella.educacion.navarra.es\/blogs\/3ciclo\/wp-json\/wp\/v2\/users\/6"}],"replies":[{"embeddable":true,"href":"https:\/\/cpcorella.educacion.navarra.es\/blogs\/3ciclo\/wp-json\/wp\/v2\/comments?post=539"}],"version-history":[{"count":0,"href":"https:\/\/cpcorella.educacion.navarra.es\/blogs\/3ciclo\/wp-json\/wp\/v2\/pages\/539\/revisions"}],"up":[{"embeddable":true,"href":"https:\/\/cpcorella.educacion.navarra.es\/blogs\/3ciclo\/wp-json\/wp\/v2\/pages\/466"}],"wp:attachment":[{"href":"https:\/\/cpcorella.educacion.navarra.es\/blogs\/3ciclo\/wp-json\/wp\/v2\/media?parent=539"}],"curies":[{"name":"wp","href":"https:\/\/api.w.org\/{rel}","templated":true}]}}

<p>Tema 3 “Población y economía de Navarra”</p>
<p>Contenidos:</p>
<ul>
<li>La población de Navarra</li>
<li>Características de nuestra      población.</li>
<li>El sector primario.</li>
<li>El sector secundario.</li>
<li>El sector terciario.</li>
</ul>
<p>Recursos:</p>
<iframe src="https://www.slideshare.net/slideshow/embed_code/1585800" width="625" height="507" frameborder="0" marginwidth="0" marginheight="0" scrolling="no"></iframe><br/>

<p>Tema 3 “Población y economía de Navarra” Contenidos: La población de Navarra Características de nuestra población. El sector primario. El sector secundario. El sector terciario. Recursos:</p>
