{"id":537,"date":"2010-01-17T18:42:54","date_gmt":"2010-01-17T18:42:54","guid":{"rendered":"http:\/\/pitagorines.wordpress.com\/?page_id=537"},"modified":"2010-01-17T18:42:54","modified_gmt":"2010-01-17T18:42:54","slug":"tema-2","status":"publish","type":"page","link":"https:\/\/cpcorella.educacion.navarra.es\/blogs\/3ciclo\/quinto\/conocimiento\/tema-2\/","title":{"rendered":"Tema 2"},"content":{"rendered":"<p>Tema 2 \u201c Clima, vegetaci\u00f3n\u00a0 y fauna de navarra\u201d<\/p>\n<p>Contenidos:<\/p>\n<ul>\n<li>El clima de Navarra.<\/li>\n<li>La vegetaci\u00f3n de Navarra.<\/li>\n<li>La fauna de Navarra<\/li>\n<li>Conservemos el medio      natural de Navarra.<\/li>\n<\/ul>\n<p>Recursos:<\/p>\n<ul><\/ul>\n<table border=\"0\" cellspacing=\"0\" cellpadding=\"0\">\n<tbody>\n<tr>\n<td width=\"127\" valign=\"top\"><strong><em>Lugar<\/em><\/strong><\/td>\n<td width=\"127\" valign=\"top\"><strong><em>Clima<\/em><\/strong><\/td>\n<td width=\"190\" valign=\"top\"><strong><em>Temperaturas<\/em><\/strong><\/td>\n<td width=\"199\" valign=\"top\"><strong><em>Precipitaciones<\/em><\/strong><\/td>\n<\/tr>\n<tr>\n<td width=\"127\" valign=\"top\"><strong><em>Noroeste<\/em><\/strong><\/td>\n<td width=\"127\" valign=\"top\"><strong><em>Oce\u00e1nico<\/em><\/strong><\/td>\n<td width=\"190\" valign=\"top\"><strong><em>Veranos e inviernos suaves<\/em><\/strong><\/td>\n<td width=\"199\" valign=\"top\"><strong><em>Abundantes. <\/em><\/strong><strong><em>Todo el a\u00f1o<\/em><\/strong><\/td>\n<\/tr>\n<tr>\n<td width=\"127\" valign=\"top\"><strong><em>Pirineos<\/em><\/strong><\/td>\n<td width=\"127\" valign=\"top\"><strong><em>De monta\u00f1a<\/em><\/strong><\/td>\n<td width=\"190\" valign=\"top\">\n<ul>\n<li><strong><em>Inviernos: Muy\u00a0 frios<\/em><\/strong><\/li>\n<li><strong><em>Veranos: Frescos<\/em><\/strong><\/li>\n<\/ul>\n<\/td>\n<td width=\"199\" valign=\"top\"><strong><em>En invierno. <\/em><\/strong><strong><em>En forma de   nieve<\/em><\/strong><\/td>\n<\/tr>\n<tr>\n<td width=\"127\" valign=\"top\"><strong><em>Navarra Media<\/em><\/strong><\/td>\n<td width=\"127\" valign=\"top\"><strong><em>Transici\u00f3n<\/em><\/strong><\/td>\n<td width=\"190\" valign=\"top\">\n<ul>\n<li><strong><em>Inviernos fr\u00edos<\/em><\/strong><\/li>\n<li><strong><em>Veranos frescos<\/em><\/strong><\/li>\n<\/ul>\n<\/td>\n<td width=\"199\" valign=\"top\"><strong><em>Abundantes<\/em><\/strong><strong><em>En invierno   llueve m\u00e1s.<\/em><\/strong><\/td>\n<\/tr>\n<tr>\n<td width=\"127\" valign=\"top\"><strong><em>Ribera<\/em><\/strong><\/td>\n<td width=\"127\" valign=\"top\"><strong><em>Mediterr\u00e1neo<\/em><\/strong><strong><em>continental<\/em><\/strong><\/td>\n<td width=\"190\" valign=\"top\">\n<ul>\n<li><strong><em>Inviernos fr\u00edos<\/em><\/strong><\/li>\n<li><strong><em>Veranos calurosos<\/em><\/strong><\/li>\n<\/ul>\n<\/td>\n<td width=\"199\" valign=\"top\"><strong><em>Escasas<\/em><\/strong><strong><em>En primavera   y oto\u00f1o.<\/em><\/strong><\/td>\n<\/tr>\n<\/tbody>\n<\/table>\n<p>FAUNA DE NAVARRA:<\/p>\n<table border=\"0\" cellspacing=\"0\" cellpadding=\"0\">\n<tbody>\n<tr>\n<td colspan=\"3\" width=\"318\">Fauna de Monta\u00f1a<\/td>\n<td colspan=\"3\" width=\"275\">Fauna zona Media y Ribera<\/td>\n<\/tr>\n<tr>\n<td width=\"95\">Mam\u00edferos<\/td>\n<td width=\"138\">Aves<\/td>\n<td width=\"85\">Peces<\/td>\n<td width=\"95\">Mam\u00edferos<\/td>\n<td width=\"91\">Aves<\/td>\n<td width=\"88\">Peces<\/td>\n<\/tr>\n<tr>\n<td width=\"95\" valign=\"top\">Corzo<\/td>\n<td width=\"138\" valign=\"top\">Pito negro<\/td>\n<td width=\"85\" valign=\"top\">Salm\u00f3n<\/td>\n<td width=\"95\" valign=\"top\">Conejo<\/td>\n<td width=\"91\" valign=\"top\">Garza<\/td>\n<td width=\"88\" valign=\"top\">Barbo<\/td>\n<\/tr>\n<tr>\n<td width=\"95\" valign=\"top\">Marta<\/td>\n<td width=\"138\" valign=\"top\">Pito dorsiblanco<\/td>\n<td width=\"85\" valign=\"top\">Trucha<\/td>\n<td width=\"95\" valign=\"top\">Jabal\u00ed<\/td>\n<td width=\"91\" valign=\"top\">Focha<\/td>\n<td width=\"88\" valign=\"top\">Madrilla<\/td>\n<\/tr>\n<tr>\n<td width=\"95\" valign=\"top\">Sarrio<\/td>\n<td width=\"138\" valign=\"top\">Urogallo<\/td>\n<td width=\"85\" valign=\"top\"><\/td>\n<td width=\"95\" valign=\"top\">Zorro<\/td>\n<td width=\"91\" valign=\"top\">\u00c1nade<\/td>\n<td width=\"88\" valign=\"top\">Carpa<\/td>\n<\/tr>\n<tr>\n<td width=\"95\" valign=\"top\">Jabal\u00ed<\/td>\n<td width=\"138\" valign=\"top\">Quebrantahuesos<\/td>\n<td width=\"85\" valign=\"top\"><\/td>\n<td width=\"95\" valign=\"top\">Liebre<\/td>\n<td width=\"91\" valign=\"top\">Halc\u00f3n peregrino<\/td>\n<td width=\"88\" valign=\"top\">Lucio<\/td>\n<\/tr>\n<tr>\n<td width=\"95\" valign=\"top\">Zorro<\/td>\n<td width=\"138\" valign=\"top\">Buitre leonado<\/td>\n<td width=\"85\" valign=\"top\"><\/td>\n<td width=\"95\" valign=\"top\">Nutrias<\/td>\n<td width=\"91\" valign=\"top\">Avutarda<\/td>\n<td width=\"88\" valign=\"top\">Tenca<\/td>\n<\/tr>\n<\/tbody>\n<\/table>\n<p>&nbsp;<\/p>\n<iframe src=\"https:\/\/www.slideshare.net\/slideshow\/embed_code\/5652615\" width=\"625\" height=\"507\" frameborder=\"0\" marginwidth=\"0\" marginheight=\"0\" scrolling=\"no\"><\/iframe><br\/>\n<iframe src=\"https:\/\/www.slideshare.net\/slideshow\/embed_code\/5653113\" width=\"625\" height=\"507\" frameborder=\"0\" marginwidth=\"0\" marginheight=\"0\" scrolling=\"no\"><\/iframe><br\/>\n<iframe src=\"https:\/\/www.slideshare.net\/slideshow\/embed_code\/5678626\" width=\"625\" height=\"507\" frameborder=\"0\" marginwidth=\"0\" marginheight=\"0\" scrolling=\"no\"><\/iframe><br\/>\n<iframe src=\"https:\/\/www.slideshare.net\/slideshow\/embed_code\/5678596\" width=\"625\" height=\"507\" frameborder=\"0\" marginwidth=\"0\" marginheight=\"0\" scrolling=\"no\"><\/iframe><br\/>\n<iframe src=\"https:\/\/www.slideshare.net\/slideshow\/embed_code\/5678607\" width=\"625\" height=\"507\" frameborder=\"0\" marginwidth=\"0\" marginheight=\"0\" scrolling=\"no\"><\/iframe><br\/>\n<iframe src=\"https:\/\/www.slideshare.net\/slideshow\/embed_code\/5757526\" width=\"625\" height=\"507\" frameborder=\"0\" marginwidth=\"0\" marginheight=\"0\" scrolling=\"no\"><\/iframe><br\/>\n<iframe src=\"https:\/\/www.slideshare.net\/slideshow\/embed_code\/5757500\" width=\"625\" height=\"507\" frameborder=\"0\" marginwidth=\"0\" marginheight=\"0\" scrolling=\"no\"><\/iframe><br\/>\n<iframe src=\"https:\/\/www.slideshare.net\/slideshow\/embed_code\/5757471\" width=\"625\" height=\"507\" frameborder=\"0\" marginwidth=\"0\" marginheight=\"0\" scrolling=\"no\"><\/iframe><br\/>\n","protected":false},"excerpt":{"rendered":"<p>Tema 2 \u201c Clima, vegetaci\u00f3n\u00a0 y fauna de navarra\u201d Contenidos: El clima de Navarra. La vegetaci\u00f3n de Navarra. La fauna de Navarra Conservemos el medio natural de Navarra. Recursos: Lugar Clima Temperaturas Precipitaciones Noroeste Oce\u00e1nico Veranos e inviernos suaves Abundantes. Todo el a\u00f1o Pirineos De monta\u00f1a Inviernos: Muy\u00a0 frios Veranos: Frescos En invierno. En forma [&hellip;]<\/p>\n","protected":false},"author":6,"featured_media":0,"parent":466,"menu_order":2,"comment_status":"open","ping_status":"open","template":"","meta":[],"_links":{"self":[{"href":"https:\/\/cpcorella.educacion.navarra.es\/blogs\/3ciclo\/wp-json\/wp\/v2\/pages\/537"}],"collection":[{"href":"https:\/\/cpcorella.educacion.navarra.es\/blogs\/3ciclo\/wp-json\/wp\/v2\/pages"}],"about":[{"href":"https:\/\/cpcorella.educacion.navarra.es\/blogs\/3ciclo\/wp-json\/wp\/v2\/types\/page"}],"author":[{"embeddable":true,"href":"https:\/\/cpcorella.educacion.navarra.es\/blogs\/3ciclo\/wp-json\/wp\/v2\/users\/6"}],"replies":[{"embeddable":true,"href":"https:\/\/cpcorella.educacion.navarra.es\/blogs\/3ciclo\/wp-json\/wp\/v2\/comments?post=537"}],"version-history":[{"count":0,"href":"https:\/\/cpcorella.educacion.navarra.es\/blogs\/3ciclo\/wp-json\/wp\/v2\/pages\/537\/revisions"}],"up":[{"embeddable":true,"href":"https:\/\/cpcorella.educacion.navarra.es\/blogs\/3ciclo\/wp-json\/wp\/v2\/pages\/466"}],"wp:attachment":[{"href":"https:\/\/cpcorella.educacion.navarra.es\/blogs\/3ciclo\/wp-json\/wp\/v2\/media?parent=537"}],"curies":[{"name":"wp","href":"https:\/\/api.w.org\/{rel}","templated":true}]}}