{"id":525,"date":"2010-01-17T18:38:24","date_gmt":"2010-01-17T18:38:24","guid":{"rendered":"http:\/\/pitagorines.wordpress.com\/?page_id=525"},"modified":"2010-01-17T18:38:24","modified_gmt":"2010-01-17T18:38:24","slug":"tema-11","status":"publish","type":"page","link":"https:\/\/cpcorella.educacion.navarra.es\/blogs\/3ciclo\/quinto\/lengua-3\/tema-11\/","title":{"rendered":"UNIDAD 12: \u00bfMe domesticas?"},"content":{"rendered":"<h2>UNIDAD 12: \u00bfMe domesticas?<\/h2>\n<div>\n<table border=\"1\" cellspacing=\"0\" cellpadding=\"0\">\n<tbody>\n<tr>\n<td colspan=\"2\" width=\"489\" valign=\"top\">LENGUA \u00a0<strong>UNIDAD 12: \u00bfMe  domesticas?<\/strong><\/td>\n<\/tr>\n<tr>\n<td width=\"215\" valign=\"top\">CONTENIDOS<\/td>\n<td width=\"274\" valign=\"top\">RECURSOS<\/td>\n<\/tr>\n<tr>\n<td width=\"215\" valign=\"top\">Los adverbios.<\/td>\n<td width=\"274\" valign=\"top\">\n<ul>\n<li><a href=\"http:\/\/www.rena.edu.ve\/terceraetapa\/literatura\/adverbio.html\" target=\"_blank\">EL ADVERBIO I<\/a><\/li>\n<li><a href=\"http:\/\/clic.xtec.net\/db\/jclicApplet.jsp?project=http:\/\/clic.xtec.net\/projects\/gramat\/jclic\/gramat.jclic.zip&amp;lang=es\" target=\"_blank\">ADVERBIOS I<\/a><\/li>\n<li><a href=\"http:\/\/contenidos.educarex.es\/mci\/2001\/51\/index.html\" target=\"_blank\">EL ADVERBIO II<\/a><\/li>\n<li><a href=\"http:\/\/www.aplicaciones.info\/lengua\/morfo25.htm\" target=\"_blank\">EL  ADVERBIO III<\/a><\/li>\n<li><a href=\"http:\/\/www.ceipjuanherreraalcausa.es\/Recursosdidacticos\/SEXTO\/Lengua\/U08\/0803.htm\" target=\"_blank\">EL ADVERBIO IV<\/a><\/li>\n<li><a href=\"http:\/\/clic.xtec.net\/db\/jclicApplet.jsp?project=http:\/\/clic.xtec.net\/projects\/pinvaria\/jclic\/pinvaria.jclic.zip&amp;lang=es\" target=\"_blank\">ADVERBIOS II<\/a><\/li>\n<li><a href=\"http:\/\/roble.pntic.mec.es\/~msanto1\/lengua\/1adpreco.htm\" target=\"_blank\">TEOR\u00cdA Y ACTIVIDADES<\/a><\/li>\n<li><a href=\"http:\/\/centros3.pntic.mec.es\/cp.antonio.de.ulloa\/webactivhotpot\/raiz\/Hot%20Pot\/lengua6\/adverbio\/indice.htm\" target=\"_blank\">EL ADVERBIO: CLASES Y FUNCIONES<\/a><\/li>\n<\/ul>\n<\/td>\n<\/tr>\n<tr>\n<td width=\"215\" valign=\"top\">Uso de la h<\/td>\n<td width=\"274\" valign=\"top\">\n<ul>\n<li><a href=\"http:\/\/www.aplicaciones.info\/ortogra2\/ortogra.htm#ohh\" target=\"_blank\">ORTOGRAF\u00cdA DE H<\/a><\/li>\n<li><a href=\"http:\/\/clic.xtec.net\/db\/jclicApplet.jsp?project=http:\/\/clic.xtec.net\/projects\/ortograf\/jclic\/ortograf.jclic.zip&amp;lang=es\" target=\"_blank\">ORTOGRAF\u00cdA<\/a><\/li>\n<li><a href=\"http:\/\/roble.pntic.mec.es\/~msanto1\/ortografia\/\" target=\"_blank\">TEOR\u00cdA Y EJERCICIOS<\/a><\/li>\n<li><a href=\"http:\/\/concurso.cnice.mec.es\/cnice2006\/material100\/index.htm\" target=\"_blank\">EJERCICIOS DE ORTOGRAF\u00cdA<\/a><\/li>\n<li><a href=\"http:\/\/www.xtec.net\/~jgenover\/ortoh.htm\" target=\"_blank\">PALABRAS  CON H Y SIN H<\/a><\/li>\n<li><a href=\"http:\/\/www.reglasdeortografia.com\/h10repaso02copia.php\" target=\"_blank\">USO DE LA H<\/a><\/li>\n<li><a href=\"http:\/\/www.iesitalica.es\/Ejemplos_TIC_Lengua\/Italica\/lim\/Uso_de_H\/Cuidado_con_la_H.html\" target=\"_blank\">CUIDADO CON LA H<\/a><\/li>\n<li><a href=\"http:\/\/www.primaria.librosvivos.net\/6EP_len_cas_dict_u7_Palabras_con_h_2.html\" target=\"_blank\">DICTADO<\/a><\/li>\n<\/ul>\n<\/td>\n<\/tr>\n<tr>\n<td width=\"215\" valign=\"top\">Siglas y acr\u00f3nimos.<\/td>\n<td width=\"274\" valign=\"top\">\n<ul>\n<li><a href=\"http:\/\/roble.pntic.mec.es\/~msanto1\/ortografia\/siglas.htm\" target=\"_blank\">SIGLAS Y ACR\u00d3NIMOS<\/a><\/li>\n<li><a href=\"http:\/\/roble.pntic.mec.es\/~msanto1\/ortografia\/abrevi.htm\" target=\"_blank\">ABREVIATURAS<\/a><\/li>\n<li><a href=\"http:\/\/www.xtec.net\/~jgenover\/diccio4.htm\" target=\"_blank\">RECONOCER LAS PRINCIPALES ABREVIATURAS<\/a><\/li>\n<li><a href=\"http:\/\/www.ceipjuanherreraalcausa.es\/Recursosdidacticos\/SEXTO\/Lengua\/U13\/1301_01.htm\" target=\"_blank\">SIGLAS Y ABREVIATURAS I<\/a><\/li>\n<li><a href=\"http:\/\/www.ceipjuanherreraalcausa.es\/Recursosdidacticos\/SEXTO\/Lengua\/U13\/1301_02.htm\" target=\"_blank\">SIGLAS Y ABREVIATURAS II<\/a><\/li>\n<\/ul>\n<\/td>\n<\/tr>\n<tr>\n<td width=\"215\" valign=\"top\">La biograf\u00eda.<\/td>\n<td width=\"274\" valign=\"top\">\n<ul>\n<li><a href=\"http:\/\/www.biografiasyvidas.com\/\" target=\"_blank\">BIOGRAF\u00cdAS Y  VIDAS<\/a><\/li>\n<li><a href=\"http:\/\/ca.geocities.com\/el_rincon_de_nora\/indice_biografias.htm\" target=\"_blank\">BIOGRAF\u00cdAS<\/a><\/li>\n<li><a href=\"http:\/\/www.juntadeandalucia.es\/averroes\/sanwalabonso\/wqyct\/mq_einstein\/einstein.html\" target=\"_blank\">MINIQUEST: ALBERT EINSTEIN<\/a><\/li>\n<li><a href=\"http:\/\/www.juntadeandalucia.es\/averroes\/sanwalabonso\/wqyct\/wq_verne\/julioverne.htm\" target=\"_blank\">WEBQUEST: JULIO VERNE<\/a><\/li>\n<\/ul>\n<\/td>\n<\/tr>\n<tr>\n<td width=\"215\" valign=\"top\">Las acotaciones.<\/td>\n<td width=\"274\" valign=\"top\"><\/td>\n<\/tr>\n<tr>\n<td width=\"215\" valign=\"top\">Otras actividades.<\/td>\n<\/tr>\n<\/tbody>\n<\/table>\n<\/div>\n","protected":false},"excerpt":{"rendered":"<p>UNIDAD 12: \u00bfMe domesticas? LENGUA \u00a0UNIDAD 12: \u00bfMe domesticas? CONTENIDOS RECURSOS Los adverbios. EL ADVERBIO I ADVERBIOS I EL ADVERBIO II EL ADVERBIO III EL ADVERBIO IV ADVERBIOS II TEOR\u00cdA Y ACTIVIDADES EL ADVERBIO: CLASES Y FUNCIONES Uso de la h ORTOGRAF\u00cdA DE H ORTOGRAF\u00cdA TEOR\u00cdA Y EJERCICIOS EJERCICIOS DE ORTOGRAF\u00cdA PALABRAS CON H Y [&hellip;]<\/p>\n","protected":false},"author":6,"featured_media":0,"parent":465,"menu_order":12,"comment_status":"open","ping_status":"open","template":"","meta":[],"_links":{"self":[{"href":"https:\/\/cpcorella.educacion.navarra.es\/blogs\/3ciclo\/wp-json\/wp\/v2\/pages\/525"}],"collection":[{"href":"https:\/\/cpcorella.educacion.navarra.es\/blogs\/3ciclo\/wp-json\/wp\/v2\/pages"}],"about":[{"href":"https:\/\/cpcorella.educacion.navarra.es\/blogs\/3ciclo\/wp-json\/wp\/v2\/types\/page"}],"author":[{"embeddable":true,"href":"https:\/\/cpcorella.educacion.navarra.es\/blogs\/3ciclo\/wp-json\/wp\/v2\/users\/6"}],"replies":[{"embeddable":true,"href":"https:\/\/cpcorella.educacion.navarra.es\/blogs\/3ciclo\/wp-json\/wp\/v2\/comments?post=525"}],"version-history":[{"count":0,"href":"https:\/\/cpcorella.educacion.navarra.es\/blogs\/3ciclo\/wp-json\/wp\/v2\/pages\/525\/revisions"}],"up":[{"embeddable":true,"href":"https:\/\/cpcorella.educacion.navarra.es\/blogs\/3ciclo\/wp-json\/wp\/v2\/pages\/465"}],"wp:attachment":[{"href":"https:\/\/cpcorella.educacion.navarra.es\/blogs\/3ciclo\/wp-json\/wp\/v2\/media?parent=525"}],"curies":[{"name":"wp","href":"https:\/\/api.w.org\/{rel}","templated":true}]}}