{"id":520,"date":"2010-01-17T18:34:38","date_gmt":"2010-01-17T18:34:38","guid":{"rendered":"http:\/\/pitagorines.wordpress.com\/?page_id=520"},"modified":"2010-01-17T18:34:38","modified_gmt":"2010-01-17T18:34:38","slug":"tema-9","status":"publish","type":"page","link":"https:\/\/cpcorella.educacion.navarra.es\/blogs\/3ciclo\/quinto\/lengua-3\/tema-9\/","title":{"rendered":"UNIDAD 9: Aben\u00e1mar, Aben\u00e1mar"},"content":{"rendered":"<h2>UNIDAD 9: Aben\u00e1mar, Aben\u00e1mar<\/h2>\n<div><\/div>\n<div>\n<table border=\"1\" cellspacing=\"0\" cellpadding=\"0\">\n<tbody>\n<tr>\n<td colspan=\"2\" width=\"489\" valign=\"top\">LENGUA <strong>UNIDAD 9: Aben\u00e1mar,  Aben\u00e1mar<em> <\/em><\/strong><\/td>\n<\/tr>\n<tr>\n<td width=\"215\" valign=\"top\">CONTENIDOS<\/td>\n<td width=\"274\" valign=\"top\">RECURSOS<\/td>\n<\/tr>\n<tr>\n<td width=\"215\" valign=\"top\">El verbo: formas simples y compuestas.<\/td>\n<td width=\"274\" valign=\"top\">\n<ul>\n<li><a href=\"http:\/\/php.indiana.edu\/~jsoto\/verbos.html\" target=\"_blank\">LOS  TIEMPOS VERBALES<\/a><\/li>\n<li><a href=\"http:\/\/www.aplicaciones.info\/lengua\/morfo16.htm\" target=\"_blank\">EL  VERBO I<\/a><\/li>\n<li><a href=\"http:\/\/www.ceipjuanherreraalcausa.es\/Recursosdidacticos\/SEXTO\/Lengua\/U06\/0603_01.htm\" target=\"_blank\">EL VERBO II<\/a><\/li>\n<li><a href=\"http:\/\/www.ceipjuanherreraalcausa.es\/Recursosdidacticos\/SEXTO\/Lengua\/U06\/0603_02.htm\" target=\"_blank\">EL VERBO III<\/a><\/li>\n<li><a href=\"http:\/\/www.aplicaciones.info\/lengua\/morfo17.htm\" target=\"_blank\">TIEMPOS DEL VERBO<\/a><\/li>\n<li><a href=\"http:\/\/www.genmagic.net\/lengua4\/pape2c.swf\" target=\"_blank\">PRESENTE,  PASADO Y FUTURO<\/a><\/li>\n<li><a href=\"http:\/\/www.juntadeandalucia.es\/averroes\/carambolo\/WEB%20JCLIC2\/Agrega\/Lengua\/Clases%20de%20palabras\/contenido\/lc008_oa05_es\/index.html\" target=\"_blank\">INFINITIVO, GERUNDIO Y PARTICIPIO<\/a><\/li>\n<li><a href=\"http:\/\/tradu.scig.uniovi.es\/conjuga.html\" target=\"_blank\">CONJUGADOR  DE VERBOS<\/a><\/li>\n<li><a href=\"http:\/\/roble.pntic.mec.es\/~msanto1\/lengua\/1verbo.htm\" target=\"_blank\">TIEMPO Y MODO<\/a><\/li>\n<\/ul>\n<\/td>\n<\/tr>\n<tr>\n<td width=\"215\" valign=\"top\">Uso de la b<\/td>\n<td width=\"274\" valign=\"top\">\n<ul>\n<li><a href=\"http:\/\/www.educadormarista.com\/juegos\/vb.html\" target=\"_blank\">JUEGO:  PALABRAS CON B Y CON V<\/a><\/li>\n<li><a href=\"http:\/\/centros3.pntic.mec.es\/cp.antonio.de.ulloa\/webactivhotpot\/raiz\/Hot%20Pot\/lengua6\/ortografia\/bv1.htm\" target=\"_blank\">ESCRIBE B O V<\/a><\/li>\n<li><a href=\"http:\/\/www.primaria.librosvivos.net\/5EP_len_cas_dict_u9_Palabras_con_b_2.html\" target=\"_blank\">DICTADO I<\/a><\/li>\n<li><a href=\"http:\/\/www.primaria.librosvivos.net\/5EP_len_cas_u10_Palabras_con_v_2.html\" target=\"_blank\">DICTADO II<\/a><\/li>\n<li><a href=\"http:\/\/www.primaria.librosvivos.net\/6EP_len_cas_dict_u6_Palabras_con_b_y_v.html\" target=\"_blank\">DICTADO III<\/a><\/li>\n<li><a href=\"http:\/\/www.aplicaciones.info\/ortogra2\/opal0110.htm\" target=\"_blank\">PALABRAS CON B, V Y W<\/a><\/li>\n<li><a href=\"http:\/\/www.xtec.net\/~jgenover\/orto4b.htm\" target=\"_blank\">PALABRAS  CON B Y CON V I<\/a><\/li>\n<li><a href=\"http:\/\/www.ceipjuanherreraalcausa.es\/Recursosdidacticos\/SEXTO\/Lengua\/U09\/0902_01.htm\" target=\"_blank\">PALABRAS CON B Y CON V II<\/a><\/li>\n<li><a href=\"http:\/\/www.ceipjuanherreraalcausa.es\/Recursosdidacticos\/SEXTO\/Lengua\/U09\/0902_02.htm\" target=\"_blank\">PALABRAS CON B Y CON V III<\/a><\/li>\n<li><a href=\"http:\/\/contenidos.santillanaenred.com\/jukebox\/servlet\/GetPlayer?p3v=true&amp;xref=200601271318_PRE_0_-1688692428&amp;mode=1&amp;rtc=1001&amp;locale=es_ES&amp;cache=false\" target=\"_blank\">\u00bfBACA O VACA?<\/a><\/li>\n<li><a href=\"http:\/\/www.iesitalica.es\/Ejemplos_TIC_Lengua\/Otras\/juegos_en_flash\/vb.swf\" target=\"_blank\">EL USO DE LA B Y V<\/a><\/li>\n<\/ul>\n<\/td>\n<\/tr>\n<tr>\n<td width=\"215\" valign=\"top\">Las palabras par\u00f3nimas<\/td>\n<td width=\"274\" valign=\"top\">\n<ul><\/ul>\n<\/td>\n<\/tr>\n<tr>\n<td width=\"215\" valign=\"top\">Las definiciones<\/td>\n<td width=\"274\" valign=\"top\"><\/td>\n<\/tr>\n<tr>\n<td width=\"215\" valign=\"top\">Otras actividades.<\/td>\n<\/tr>\n<\/tbody>\n<\/table>\n<\/div>\n","protected":false},"excerpt":{"rendered":"<p>UNIDAD 9: Aben\u00e1mar, Aben\u00e1mar LENGUA UNIDAD 9: Aben\u00e1mar, Aben\u00e1mar CONTENIDOS RECURSOS El verbo: formas simples y compuestas. LOS TIEMPOS VERBALES EL VERBO I EL VERBO II EL VERBO III TIEMPOS DEL VERBO PRESENTE, PASADO Y FUTURO INFINITIVO, GERUNDIO Y PARTICIPIO CONJUGADOR DE VERBOS TIEMPO Y MODO Uso de la b JUEGO: PALABRAS CON B Y [&hellip;]<\/p>\n","protected":false},"author":6,"featured_media":0,"parent":465,"menu_order":9,"comment_status":"open","ping_status":"open","template":"","meta":[],"_links":{"self":[{"href":"https:\/\/cpcorella.educacion.navarra.es\/blogs\/3ciclo\/wp-json\/wp\/v2\/pages\/520"}],"collection":[{"href":"https:\/\/cpcorella.educacion.navarra.es\/blogs\/3ciclo\/wp-json\/wp\/v2\/pages"}],"about":[{"href":"https:\/\/cpcorella.educacion.navarra.es\/blogs\/3ciclo\/wp-json\/wp\/v2\/types\/page"}],"author":[{"embeddable":true,"href":"https:\/\/cpcorella.educacion.navarra.es\/blogs\/3ciclo\/wp-json\/wp\/v2\/users\/6"}],"replies":[{"embeddable":true,"href":"https:\/\/cpcorella.educacion.navarra.es\/blogs\/3ciclo\/wp-json\/wp\/v2\/comments?post=520"}],"version-history":[{"count":0,"href":"https:\/\/cpcorella.educacion.navarra.es\/blogs\/3ciclo\/wp-json\/wp\/v2\/pages\/520\/revisions"}],"up":[{"embeddable":true,"href":"https:\/\/cpcorella.educacion.navarra.es\/blogs\/3ciclo\/wp-json\/wp\/v2\/pages\/465"}],"wp:attachment":[{"href":"https:\/\/cpcorella.educacion.navarra.es\/blogs\/3ciclo\/wp-json\/wp\/v2\/media?parent=520"}],"curies":[{"name":"wp","href":"https:\/\/api.w.org\/{rel}","templated":true}]}}

UNIDAD 9: Abenámar, Abenámar

<h2>UNIDAD 9: Abenámar, Abenámar</h2>
<div></div>
<div>
<table border="1" cellspacing="0" cellpadding="0">
<tbody>
<tr>
<td colspan="2" width="489" valign="top">LENGUA <strong>UNIDAD 9: Abenámar,  Abenámar<em> </em></strong></td>
</tr>
<tr>
<td width="215" valign="top">CONTENIDOS</td>
<td width="274" valign="top">RECURSOS</td>
</tr>
<tr>
<td width="215" valign="top">El verbo: formas simples y compuestas.</td>
<td width="274" valign="top">
<ul>
<li><a href="http://php.indiana.edu/~jsoto/verbos.html" target="_blank">LOS  TIEMPOS VERBALES</a></li>
<li><a href="http://www.aplicaciones.info/lengua/morfo16.htm" target="_blank">EL  VERBO I</a></li>
<li><a href="http://www.ceipjuanherreraalcausa.es/Recursosdidacticos/SEXTO/Lengua/U06/0603_01.htm" target="_blank">EL VERBO II</a></li>
<li><a href="http://www.ceipjuanherreraalcausa.es/Recursosdidacticos/SEXTO/Lengua/U06/0603_02.htm" target="_blank">EL VERBO III</a></li>
<li><a href="http://www.aplicaciones.info/lengua/morfo17.htm" target="_blank">TIEMPOS DEL VERBO</a></li>
<li><a href="http://www.genmagic.net/lengua4/pape2c.swf" target="_blank">PRESENTE,  PASADO Y FUTURO</a></li>
<li><a href="http://www.juntadeandalucia.es/averroes/carambolo/WEB%20JCLIC2/Agrega/Lengua/Clases%20de%20palabras/contenido/lc008_oa05_es/index.html" target="_blank">INFINITIVO, GERUNDIO Y PARTICIPIO</a></li>
<li><a href="http://tradu.scig.uniovi.es/conjuga.html" target="_blank">CONJUGADOR  DE VERBOS</a></li>
<li><a href="http://roble.pntic.mec.es/~msanto1/lengua/1verbo.htm" target="_blank">TIEMPO Y MODO</a></li>
</ul>
</td>
</tr>
<tr>
<td width="215" valign="top">Uso de la b</td>
<td width="274" valign="top">
<ul>
<li><a href="http://www.educadormarista.com/juegos/vb.html" target="_blank">JUEGO:  PALABRAS CON B Y CON V</a></li>
<li><a href="http://centros3.pntic.mec.es/cp.antonio.de.ulloa/webactivhotpot/raiz/Hot%20Pot/lengua6/ortografia/bv1.htm" target="_blank">ESCRIBE B O V</a></li>
<li><a href="http://www.primaria.librosvivos.net/5EP_len_cas_dict_u9_Palabras_con_b_2.html" target="_blank">DICTADO I</a></li>
<li><a href="http://www.primaria.librosvivos.net/5EP_len_cas_u10_Palabras_con_v_2.html" target="_blank">DICTADO II</a></li>
<li><a href="http://www.primaria.librosvivos.net/6EP_len_cas_dict_u6_Palabras_con_b_y_v.html" target="_blank">DICTADO III</a></li>
<li><a href="http://www.aplicaciones.info/ortogra2/opal0110.htm" target="_blank">PALABRAS CON B, V Y W</a></li>
<li><a href="http://www.xtec.net/~jgenover/orto4b.htm" target="_blank">PALABRAS  CON B Y CON V I</a></li>
<li><a href="http://www.ceipjuanherreraalcausa.es/Recursosdidacticos/SEXTO/Lengua/U09/0902_01.htm" target="_blank">PALABRAS CON B Y CON V II</a></li>
<li><a href="http://www.ceipjuanherreraalcausa.es/Recursosdidacticos/SEXTO/Lengua/U09/0902_02.htm" target="_blank">PALABRAS CON B Y CON V III</a></li>
<li><a href="http://contenidos.santillanaenred.com/jukebox/servlet/GetPlayer?p3v=true&amp;xref=200601271318_PRE_0_-1688692428&amp;mode=1&amp;rtc=1001&amp;locale=es_ES&amp;cache=false" target="_blank">¿BACA O VACA?</a></li>
<li><a href="http://www.iesitalica.es/Ejemplos_TIC_Lengua/Otras/juegos_en_flash/vb.swf" target="_blank">EL USO DE LA B Y V</a></li>
</ul>
</td>
</tr>
<tr>
<td width="215" valign="top">Las palabras parónimas</td>
<td width="274" valign="top">
<ul></ul>
</td>
</tr>
<tr>
<td width="215" valign="top">Las definiciones</td>
<td width="274" valign="top"></td>
</tr>
<tr>
<td width="215" valign="top">Otras actividades.</td>
</tr>
</tbody>
</table>
</div>

<p>UNIDAD 9: Abenámar, Abenámar LENGUA UNIDAD 9: Abenámar, Abenámar CONTENIDOS RECURSOS El verbo: formas simples y compuestas. LOS TIEMPOS VERBALES EL VERBO I EL VERBO II EL VERBO III TIEMPOS DEL VERBO PRESENTE, PASADO Y FUTURO INFINITIVO, GERUNDIO Y PARTICIPIO CONJUGADOR DE VERBOS TIEMPO Y MODO Uso de la b JUEGO: PALABRAS CON B Y [&hellip;]</p>
