{"id":507,"date":"2010-01-17T18:29:33","date_gmt":"2010-01-17T18:29:33","guid":{"rendered":"http:\/\/pitagorines.wordpress.com\/?page_id=507"},"modified":"2010-01-17T18:29:33","modified_gmt":"2010-01-17T18:29:33","slug":"tema-1","status":"publish","type":"page","link":"https:\/\/cpcorella.educacion.navarra.es\/blogs\/3ciclo\/quinto\/lengua-3\/tema-1\/","title":{"rendered":"UNIDAD 1: Las Coloronas"},"content":{"rendered":"<div id=\"post-1350\">\n<h2>UNIDAD 1: Las Coloronas<\/h2>\n<div>\n<table border=\"1\" cellspacing=\"0\" cellpadding=\"0\">\n<tbody>\n<tr>\n<td colspan=\"2\" width=\"489\" valign=\"top\">LENGUA <strong>UNIDAD 1:   Las Coloronas<\/strong><\/td>\n<\/tr>\n<tr>\n<td width=\"215\" valign=\"top\">CONTENIDOS<\/td>\n<td width=\"274\" valign=\"top\">RECURSOS<\/td>\n<\/tr>\n<tr>\n<td width=\"215\" valign=\"top\">Letras, s\u00edlaba y palabra.<\/td>\n<td width=\"274\" valign=\"top\">\n<ul>\n<li><a href=\"http:\/\/roble.cnice.mecd.es\/%7Emsanto1\/lengua\/compues.htm\" target=\"_blank\">PALABRAS COMPUESTAS I<\/a><\/li>\n<li><a href=\"http:\/\/www.xtec.net\/%7Ejgenover\/compos4.htm\" target=\"_blank\">LOS COMPUESTOS CULTOS<\/a><\/li>\n<li><a href=\"http:\/\/www.ceipjuanherreraalcausa.es\/Recursosdidacticos\/QUINTO\/Lengua\/U10\/1001_01.htm\" target=\"_blank\">PALABRAS COMPUESTAS II<\/a><\/li>\n<li><a href=\"http:\/\/www.ceipjuanherreraalcausa.es\/Recursosdidacticos\/QUINTO\/Lengua\/U10\/1001_02.htm\" target=\"_blank\">PALABRAS COMPUESTAS III<\/a><\/li>\n<li><a href=\"http:\/\/www.ceipjuanherreraalcausa.es\/Recursosdidacticos\/SEXTO\/Lengua\/U03\/0302_01.htm\" target=\"_blank\">PALABRAS COMPUESTAS IV<\/a><\/li>\n<li><a href=\"http:\/\/www.ceipjuanherreraalcausa.es\/Recursosdidacticos\/SEXTO\/Lengua\/U03\/0302_02.htm\" target=\"_blank\">PALABRAS COMPUESTAS V<\/a><\/li>\n<\/ul>\n<\/td>\n<\/tr>\n<tr>\n<td width=\"215\" valign=\"top\">Palabras compuestas.<\/td>\n<td width=\"274\" valign=\"top\"><\/td>\n<\/tr>\n<tr>\n<td width=\"215\" valign=\"top\">La carta personal.<\/td>\n<td width=\"274\" valign=\"top\">\n<ul>\n<li><a href=\"http:\/\/www.edu365.cat\/eso\/muds\/castella\/email\/imatges\/email_c.swf\" target=\"_blank\">\u00bfC\u00d3MO SE HACE UNA CARTA?<\/a><\/li>\n<li><a href=\"http:\/\/roble.pntic.mec.es\/%7Emsanto1\/lengua\/-carta.htm\" target=\"_blank\">LA CARTA<\/a><\/li>\n<\/ul>\n<\/td>\n<\/tr>\n<tr>\n<td width=\"215\" valign=\"top\">S\u00edlabas t\u00f3nicas y \u00e1tonas; palabras agudas, llanas   y esdr\u00fajulas.<\/td>\n<td width=\"274\" valign=\"top\">\n<ul>\n<li><a href=\"http:\/\/www.artigraf.com\/InterWrite\/multimedia\/SilabaTonicayAtona.htm\" target=\"_blank\">S\u00cdLABA \u00c1TONA Y S\u00cdLABA T\u00d3NICA<\/a><\/li>\n<li><a href=\"http:\/\/clic.xtec.net\/db\/jclicApplet.jsp?project=http:\/\/clic.xtec.net\/projects\/silabac\/jclic\/silabac.jclic.zip&amp;lang=es\" target=\"_blank\">S\u00cdLABA T\u00d3NICA Y \u00c1TONA<\/a><\/li>\n<li><a href=\"http:\/\/genmagic.org\/pdi\/silaba2.html\" target=\"_blank\">PROFESOR        VIRTUAL<\/a><\/li>\n<li><a href=\"http:\/\/www.ceipjuanherreraalcausa.es\/Recursosdidacticos\/QUINTO\/Lengua\/U01\/0103_1.htm\" target=\"_blank\">S\u00cdLABA T\u00d3NICA Y S\u00cdLABA \u00c1TONA I<\/a><\/li>\n<li><a href=\"http:\/\/www.ceipjuanherreraalcausa.es\/Recursosdidacticos\/QUINTO\/Lengua\/U01\/0103_2.htm\" target=\"_blank\">S\u00cdLABA T\u00d3NICA Y S\u00cdLABA \u00c1TONA II<\/a><\/li>\n<li><a href=\"http:\/\/clic.xtec.net\/db\/jclicApplet.jsp?project=http:\/\/clic.xtec.net\/projects\/silabas2\/jclic\/silabas2.jclic.zip&amp;lang=es\" target=\"_blank\">T\u00d3NICA Y \u00c1TONA<\/a><\/li>\n<li><a href=\"http:\/\/www.ceipjuanherreraalcausa.es\/Recursosdidacticos\/CUARTO\/Lengua\/datos\/U02\/02.htm\" target=\"_blank\">LA S\u00cdLABA T\u00d3NICA Y \u00c1TONA<\/a><\/li>\n<li><a href=\"http:\/\/www.primaria.librosvivos.net\/5EP_Len_cas_dict_u1.html\" target=\"_blank\">DICTADO<\/a><\/li>\n<li><a href=\"http:\/\/clic.xtec.net\/db\/jclicApplet.jsp?project=http:\/\/clic.xtec.net\/projects\/silacen\/jclic\/silacen.jclic.zip&amp;lang=es\" target=\"_blank\">S\u00cdLABAS Y ACENTUACI\u00d3N<\/a><\/li>\n<li><a href=\"http:\/\/www.iesitalica.es\/Ejemplos_TIC_Lengua\/Otras\/juegos_en_flash\/silabas.swf\" target=\"_blank\">CLASIFICACI\u00d3N DE LAS S\u00cdLABAS<\/a><\/li>\n<\/ul>\n<\/td>\n<\/tr>\n<tr>\n<td width=\"215\" valign=\"top\">\n<h3><a href=\"http:\/\/josepe-blogotero.blogspot.com\/2010\/09\/comenzamos-con-lengua.html\">El diccionario y las s\u00edlabas<\/a><\/h3>\n<div>Aqu\u00ed os dejo unos enlaces para practicar lo que vamos a ver en esta unidad. Iremos poniendo m\u00e1s entradas seg\u00fan avancemos el tema.<\/p>\n<\/div>\n<div>\n<div><strong><a href=\"http:\/\/genmagic.org\/lengua3\/oa1c.swf\"><em>Ordenar alfab\u00e9ticamente<\/em><\/a><\/strong><\/p>\n<div><a href=\"http:\/\/genmagic.org\/lengua3\/oa1c.swf\"><img src=\"http:\/\/3.bp.blogspot.com\/_6hlMwgw6Y8k\/TJFaigGRekI\/AAAAAAAAAXE\/7Ngn-PnJtV4\/s320\/Captura+de+pantalla+2010-09-16+a+las+01.44.35.png\" border=\"0\" alt=\"\" \/><\/a><\/div>\n<p><strong><em><a href=\"http:\/\/www.juntadeandalucia.es\/averroes\/centros-tic\/41009470\/helvia\/aula\/archivos\/repositorio\/0\/56\/html\/datos\/01_Lengua\/act\/U01\/0101.htm\">Tipos de diccionario<\/a><\/em><\/strong><\/p>\n<\/div>\n<div><a href=\"http:\/\/www.juntadeandalucia.es\/averroes\/centros-tic\/41009470\/helvia\/aula\/archivos\/repositorio\/0\/56\/html\/datos\/01_Lengua\/act\/U01\/0101.htm\"><img src=\"http:\/\/1.bp.blogspot.com\/_6hlMwgw6Y8k\/TJFV5AT1_-I\/AAAAAAAAAWc\/TUIxtEb_U8E\/s320\/Captura+de+pantalla+2010-09-16+a+las+01.24.48.png\" border=\"0\" alt=\"\" \/><\/a><\/div>\n<div><strong><br \/>\n<\/strong><\/div>\n<\/div>\n<div><strong><em><a href=\"http:\/\/www.ceipjuanherreraalcausa.es\/Recursosdidacticos\/QUINTO\/datos\/01_Lengua\/datos\/rdi\/U01\/unidad01.htm\">Trabajo con el diccionario, s\u00edlaba t\u00f3nica y comunicaci\u00f3n<\/a><\/em><\/strong><\/div>\n<div><a href=\"http:\/\/www.ceipjuanherreraalcausa.es\/Recursosdidacticos\/QUINTO\/datos\/01_Lengua\/datos\/rdi\/U01\/unidad01.htm\"><img loading=\"lazy\" src=\"http:\/\/2.bp.blogspot.com\/_6hlMwgw6Y8k\/TJFPQ2f3smI\/AAAAAAAAAV4\/kUJPEcLozpw\/s320\/Captura+de+pantalla+2010-09-16+a+las+00.55.40.png\" border=\"0\" alt=\"\" width=\"320\" height=\"190\" \/><\/a><\/div>\n<p><strong><br \/>\n<\/strong><br \/>\n<strong><em><span style=\"text-decoration:underline\"><a href=\"http:\/\/agrega.catedu.es\/visualizar\/es\/es-ar_2009121512_9104246\/false\">Estudio de la s\u00edlaba<\/a><\/span><\/em><\/strong><\/p>\n<div><a href=\"http:\/\/agrega.catedu.es\/visualizar\/es\/es-ar_2009121512_9104246\/false\"><img src=\"http:\/\/3.bp.blogspot.com\/_6hlMwgw6Y8k\/TJFgsqe96qI\/AAAAAAAAAXQ\/0YUkHGh8X2c\/s320\/Captura+de+pantalla+2010-09-16+a+las+02.10.38.png\" border=\"0\" alt=\"\" \/><\/a><\/div>\n<p><strong><em><br \/>\n<\/em><\/strong><br \/>\n<strong><em><a href=\"http:\/\/escueladeverano.net\/images\/escueladeverano\/areas\/lengua\/interactivas\/unidad_1\/silabas\/ortografia_silabas.html\">S\u00edlabas<\/a><\/em><\/strong><\/p>\n<div><a href=\"http:\/\/escueladeverano.net\/images\/escueladeverano\/areas\/lengua\/interactivas\/unidad_1\/silabas\/ortografia_silabas.html\"><img src=\"http:\/\/4.bp.blogspot.com\/_6hlMwgw6Y8k\/TJFYY1vZzcI\/AAAAAAAAAWo\/NknEo-6RhJA\/s320\/Captura+de+pantalla+2010-09-16+a+las+01.35.20.png\" border=\"0\" alt=\"\" \/><\/a><\/div>\n<p><strong><br \/>\n<\/strong><br \/>\n<strong><em><a href=\"http:\/\/www.ceipjuanherreraalcausa.es\/Recursosdidacticos\/QUINTO\/Lengua\/U01\/0103_2.htm\">S\u00edlaba t\u00f3nica y \u00e1tona<\/a><\/em><\/strong><\/p>\n<div><a href=\"http:\/\/www.ceipjuanherreraalcausa.es\/Recursosdidacticos\/QUINTO\/Lengua\/U01\/0103_2.htm\"><img src=\"http:\/\/4.bp.blogspot.com\/_6hlMwgw6Y8k\/TJFRdpZupbI\/AAAAAAAAAWA\/EsjWSh148Js\/s320\/Captura+de+pantalla+2010-09-16+a+las+01.05.53.png\" border=\"0\" alt=\"\" \/><\/a><\/div>\n<div><strong><em><a href=\"http:\/\/www.ceipjuanherreraalcausa.es\/Recursosdidacticos\/QUINTO\/Lengua\/U01\/0103_1.htm\">S\u00edlaba t\u00f3nica y \u00e1tona 2<\/a><\/em><\/strong><\/div>\n<div><strong><br \/>\n<\/strong><a href=\"http:\/\/www.ceipjuanherreraalcausa.es\/Recursosdidacticos\/QUINTO\/Lengua\/U01\/0103_1.htm\"><img src=\"http:\/\/3.bp.blogspot.com\/_6hlMwgw6Y8k\/TJFR0JMDoTI\/AAAAAAAAAWI\/98SLaf-yjUs\/s320\/Captura+de+pantalla+2010-09-16+a+las+01.07.19.png\" border=\"0\" alt=\"\" \/><\/a><\/div>\n<div><strong><em><a href=\"http:\/\/www.juntadeandalucia.es\/averroes\/colegiovirgendetiscar\/profes\/trabajos\/silaba_tonica\/silaba_tonica.html\">Marca la s\u00edlaba t\u00f3nica<\/a><\/em><\/strong><\/div>\n<div><a href=\"http:\/\/www.juntadeandalucia.es\/averroes\/colegiovirgendetiscar\/profes\/trabajos\/silaba_tonica\/silaba_tonica.html\"><img src=\"http:\/\/4.bp.blogspot.com\/_6hlMwgw6Y8k\/TJFShXDH_UI\/AAAAAAAAAWQ\/F0YAR0T9s6s\/s320\/Captura+de+pantalla+2010-09-16+a+las+01.10.24.png\" border=\"0\" alt=\"\" \/><\/a><\/div>\n<p><strong><em><a href=\"http:\/\/www.iesitalica.es\/Ejemplos_TIC_Lengua\/Italica\/lim\/Separacion_silabas\/separacion_silabas.html\">Separaci\u00f3n de s\u00edlabas<\/a><\/em> <\/strong><\/p>\n<div><a href=\"http:\/\/www.iesitalica.es\/Ejemplos_TIC_Lengua\/Italica\/lim\/Separacion_silabas\/separacion_silabas.html\"><img src=\"http:\/\/2.bp.blogspot.com\/_6hlMwgw6Y8k\/TJFY_w7XtfI\/AAAAAAAAAWw\/Q2mutpKUmZI\/s320\/Captura+de+pantalla+2010-09-16+a+las+01.37.49.png\" border=\"0\" alt=\"\" \/><\/a><\/div>\n<p><strong><br \/>\n<\/strong><\/p>\n<p><strong><a href=\"http:\/\/www.genmagic.net\/repositorio\/displayimage.php?album=8&amp;pos=2\"><em>Genmagic: agudas, llanas, esdr\u00fajulas<\/em><\/a><\/strong><br \/>\n<strong><em><a href=\"http:\/\/www.genmagic.net\/repositorio\/displayimage.php?album=8&amp;pos=1\">Genmagic: agudas, llanas, esdr\u00fajulas 2<\/a><\/em><\/strong><br \/>\n<strong><br \/>\n<\/strong><br \/>\n<strong><em><a href=\"http:\/\/www.iesitalica.es\/Ejemplos_TIC_Lengua\/Otras\/juegos_en_flash\/acentuacion.swf\">Detective privado<\/a><\/em><\/strong><\/p>\n<div><a href=\"http:\/\/www.iesitalica.es\/Ejemplos_TIC_Lengua\/Otras\/juegos_en_flash\/acentuacion.swf\"><img src=\"http:\/\/4.bp.blogspot.com\/_6hlMwgw6Y8k\/TJFZdgyen8I\/AAAAAAAAAW4\/YLfMPv_Eq34\/s320\/Captura+de+pantalla+2010-09-16+a+las+01.39.20.png\" border=\"0\" alt=\"\" \/><\/a><\/div>\n<\/td>\n<td width=\"274\" valign=\"top\"><\/td>\n<\/tr>\n<\/tbody>\n<\/table>\n<\/div>\n<\/div>\n<p><a id=\"commenttab\" href=\"void(0);\"><br \/>\n<\/a><\/p>\n","protected":false},"excerpt":{"rendered":"<p>UNIDAD 1: Las Coloronas LENGUA UNIDAD 1: Las Coloronas CONTENIDOS RECURSOS Letras, s\u00edlaba y palabra. PALABRAS COMPUESTAS I LOS COMPUESTOS CULTOS PALABRAS COMPUESTAS II PALABRAS COMPUESTAS III PALABRAS COMPUESTAS IV PALABRAS COMPUESTAS V Palabras compuestas. La carta personal. \u00bfC\u00d3MO SE HACE UNA CARTA? LA CARTA S\u00edlabas t\u00f3nicas y \u00e1tonas; palabras agudas, llanas y esdr\u00fajulas. S\u00cdLABA [&hellip;]<\/p>\n","protected":false},"author":6,"featured_media":0,"parent":465,"menu_order":1,"comment_status":"open","ping_status":"open","template":"","meta":[],"_links":{"self":[{"href":"https:\/\/cpcorella.educacion.navarra.es\/blogs\/3ciclo\/wp-json\/wp\/v2\/pages\/507"}],"collection":[{"href":"https:\/\/cpcorella.educacion.navarra.es\/blogs\/3ciclo\/wp-json\/wp\/v2\/pages"}],"about":[{"href":"https:\/\/cpcorella.educacion.navarra.es\/blogs\/3ciclo\/wp-json\/wp\/v2\/types\/page"}],"author":[{"embeddable":true,"href":"https:\/\/cpcorella.educacion.navarra.es\/blogs\/3ciclo\/wp-json\/wp\/v2\/users\/6"}],"replies":[{"embeddable":true,"href":"https:\/\/cpcorella.educacion.navarra.es\/blogs\/3ciclo\/wp-json\/wp\/v2\/comments?post=507"}],"version-history":[{"count":0,"href":"https:\/\/cpcorella.educacion.navarra.es\/blogs\/3ciclo\/wp-json\/wp\/v2\/pages\/507\/revisions"}],"up":[{"embeddable":true,"href":"https:\/\/cpcorella.educacion.navarra.es\/blogs\/3ciclo\/wp-json\/wp\/v2\/pages\/465"}],"wp:attachment":[{"href":"https:\/\/cpcorella.educacion.navarra.es\/blogs\/3ciclo\/wp-json\/wp\/v2\/media?parent=507"}],"curies":[{"name":"wp","href":"https:\/\/api.w.org\/{rel}","templated":true}]}}