{"id":484,"date":"2010-01-17T18:20:50","date_gmt":"2010-01-17T18:20:50","guid":{"rendered":"http:\/\/pitagorines.wordpress.com\/?page_id=484"},"modified":"2010-01-17T18:20:50","modified_gmt":"2010-01-17T18:20:50","slug":"tema-6","status":"publish","type":"page","link":"https:\/\/cpcorella.educacion.navarra.es\/blogs\/3ciclo\/quinto\/matematicas\/tema-6\/","title":{"rendered":"Tema 6 \u201cLas fracciones\u201d"},"content":{"rendered":"<h2>Tema 6 \u201cLas fracciones\u201d<\/h2>\n<div><a href=\"http:\/\/irati.pnte.cfnavarra.es\/multiblog\/jrodrig3\/quinto\/matematicas\/tema-6-%e2%80%9clas-fracciones%e2%80%9d\/#comments\"><br \/>\n<\/a><\/div>\n<table border=\"1\" cellspacing=\"0\" cellpadding=\"0\">\n<tbody>\n<tr>\n<td colspan=\"2\" width=\"489\" valign=\"top\">MATEM\u00c1TICAS Tema 6 \u201cLas fracciones\u201d<\/td>\n<\/tr>\n<tr>\n<td width=\"215\" valign=\"top\">CONTENIDOS<\/td>\n<td width=\"274\" valign=\"top\">RECURSOS<\/td>\n<\/tr>\n<tr>\n<td width=\"215\" valign=\"top\">Las fracciones y sus t\u00e9rminos.<\/td>\n<td width=\"274\" valign=\"top\">\n<ul>\n<li><a href=\"http:\/\/w3.cnice.mec.es\/recursos\/primaria\/matematicas\/fracciones\/menuu1.html\" target=\"_blank\">REPRESENTACI\u00d3N DE FRACCIONES<\/a><\/li>\n<li><a href=\"http:\/\/www.juntadeandalucia.es\/averroes\/carambolo\/WEB%20JCLIC2\/Agrega\/Matematicas\/Fraccion_y_numero_decimal-CONTENIDOS\/contenido\/mt10_oa01_es\/index.html\" target=\"_blank\">SIGNIFICADO DE LA FRACCI\u00d3N<\/a><\/li>\n<li><a href=\"http:\/\/www.uco.es\/%7Ema1marea\/Recursos\/Fraccionador.swf\" target=\"_blank\">FRACCIONADOR<\/a><\/li>\n<li><a href=\"http:\/\/www.genmagic.org\/mates2\/fraccio_cas.html\" target=\"_blank\">FRACCI\u00d3N:   LECTURA Y ESCRITURA<\/a><\/li>\n<li><a href=\"http:\/\/clic.xtec.net\/db\/jclicApplet.jsp?project=http:\/\/clic.xtec.net\/projects\/divfrace\/jclic\/divfrace.jclic.zip&amp;lang=es\" target=\"_blank\">LAS FRACCIONES I<\/a><\/li>\n<li><a href=\"http:\/\/www.gobiernodecanarias.org\/educacion\/usr\/eltanque\/todo_mate\/fracciones_e\/ejercicios\/fraccionesej10_p.html\" target=\"_blank\">FRACCIONES. EJERCICIOS<\/a><\/li>\n<li><a href=\"http:\/\/www.juntadeandalucia.es\/averroes\/carambolo\/WEB%20JCLIC2\/Matematicas\/fracci\/index.htm\" target=\"_blank\">LAS FRACCIONES II<\/a><\/li>\n<li><a href=\"http:\/\/www.juntadeandalucia.es\/averroes\/carambolo\/WEB%20JCLIC2\/Agrega\/Matematicas\/Fraccion_y_numero_decimal-CONTENIDOS\/contenido\/mt10_oa02_es\/index.html\" target=\"_blank\">LECTURA Y ESCRITURA DE FRACCIONES<\/a><\/li>\n<\/ul>\n<\/td>\n<\/tr>\n<tr>\n<td width=\"215\" valign=\"top\">Comparaci\u00f3n y ordenaci\u00f3n de fracciones.<\/td>\n<td width=\"274\" valign=\"top\">\n<ul>\n<li><a href=\"http:\/\/w3.cnice.mec.es\/recursos\/primaria\/matematicas\/fracciones\/menuu2.html\" target=\"_blank\">COMPARAR FRACCIONES<\/a><\/li>\n<li><a href=\"http:\/\/palmera.pntic.mec.es\/%7Ejcuadr2\/fraccion\/index.html\" target=\"_blank\">FRACCIONES<\/a><\/li>\n<\/ul>\n<\/td>\n<\/tr>\n<tr>\n<td width=\"215\" valign=\"top\">Comparaci\u00f3n de fracciones con la unidad.<\/td>\n<td width=\"274\" valign=\"top\">\n<ul><\/ul>\n<\/td>\n<\/tr>\n<tr>\n<td width=\"215\" valign=\"top\">Fracciones equivalentes.<\/td>\n<td rowspan=\"2\" width=\"274\" valign=\"top\">\n<ul>\n<li><a href=\"http:\/\/math.rice.edu\/%7Elanius\/fractions\/spfrac2.html\" target=\"_blank\">FRACCIONES   EQUIVALENTES I<\/a><\/li>\n<li><a href=\"http:\/\/math.rice.edu\/%7Elanius\/fractions\/spfrac3.html\" target=\"_blank\">FRACCIONES   EQUIVALENTES II<\/a><\/li>\n<li><a href=\"http:\/\/www.aplicaciones.info\/decimales\/fra02.htm\" target=\"_blank\">FRACCIONES   EQUIVALENTES III<\/a><\/li>\n<li><a href=\"http:\/\/www.primaria.librosvivos.net\/5EP_Mate_cas_ud4_Fracciones_equivalentes.html\" target=\"_blank\">FRACCIONES EQUIVALENTES IV<\/a><\/li>\n<li><a href=\"http:\/\/www.genmagic.net\/mates4\/ser4c.swf\" target=\"_blank\">SIMPLIFICAR   FRACCIONES<\/a><\/li>\n<\/ul>\n<\/td>\n<\/tr>\n<tr>\n<td width=\"215\" valign=\"top\">C\u00e1lculo de fracciones equivalentes.<\/td>\n<\/tr>\n<tr>\n<td width=\"215\" valign=\"top\">Fracciones decimales.<\/td>\n<td width=\"274\" valign=\"top\">\n<ul><\/ul>\n<\/td>\n<\/tr>\n<tr>\n<td width=\"215\" valign=\"top\">Otras actividades<\/td>\n<td width=\"274\" valign=\"top\">\n<ul>\n<li><a href=\"http:\/\/www.aplicaciones.info\/decimales\/fra01.htm\" target=\"_blank\">CONCEPTO DE   FRACCI\u00d3N<\/a><\/li>\n<li><a href=\"http:\/\/www.educaplus.org\/play-44-Fracciones.html\" target=\"_blank\">SIMULADOR   DE FRACCIONES<\/a><\/li>\n<li><a href=\"http:\/\/www.escolar.com\/matem\/08fracc.htm\" target=\"_blank\">FRACCIONES<\/a><\/li>\n<li><a href=\"http:\/\/www.genmagic.org\/mates2\/fraccio_cas.swf\" target=\"_blank\">LAS   FRACCIONES<\/a><\/li>\n<li><a href=\"http:\/\/palmera.pntic.mec.es\/%7Ejcuadr2\/fraccion\/index.html\" target=\"_blank\">FRACCIONES<\/a><\/li>\n<li><a href=\"http:\/\/www.isftic.mepsyd.es\/w3\/recursos\/primaria\/matematicas\/fracciones\/menuu1.html\" target=\"_blank\">LECTURA Y ESCRITURA DE FRACCIONES<\/a><\/li>\n<li><a href=\"http:\/\/www.isftic.mepsyd.es\/w3\/recursos\/primaria\/matematicas\/fracciones\/menuu4.html\" target=\"_blank\">ORDENAR FRACCIONES<\/a><\/li>\n<li><a href=\"http:\/\/www.isftic.mepsyd.es\/w3\/recursos\/primaria\/matematicas\/fracciones\/menuu2.html\" target=\"_blank\">COMPARAR FRACCIONES<\/a><\/li>\n<li><a href=\"http:\/\/www.genmagic.net\/repositorio\/displayimage.php?album=3&amp;pos=2\" target=\"_blank\">FRACCIONES DECIMALES<\/a><\/li>\n<li><a href=\"http:\/\/conteni2.educarex.es\/mats\/11859\/contenido\/\" target=\"_blank\">FRACCIONES   Y N\u00daMEROS DECIMALES<\/a><\/li>\n<li><a href=\"http:\/\/www.isftic.mepsyd.es\/w3\/recursos\/primaria\/matematicas\/fracciones\/menuu3.html\" target=\"_blank\">FRACCIONES EQUIVALENTES<\/a><\/li>\n<li><a href=\"http:\/\/www.educaplus.org\/play-89-Fracciones-equivalentes.html\" target=\"_blank\">FRACCIONES EQUIVALENTES<\/a><\/li>\n<li><a href=\"http:\/\/www.educaplus.org\/play-90-Fracciones-equivalentes-II.html\" target=\"_blank\">FRACCIONES EQUIVALENTES<\/a><\/li>\n<li><a href=\"http:\/\/redes.agrega.indra.es\/repositorio\/13062008\/es_20080613_3_9162556\/index.html\" target=\"_blank\">FRACCIONES<\/a><\/li>\n<li><a href=\"http:\/\/clic.xtec.net\/db\/jclicApplet.jsp?project=http:\/\/clic.xtec.net\/projects\/fracc\/jclic\/fracc.jclic.zip&amp;lang=es&amp;title=Fracciones\" target=\"_blank\">FRACCIONES (JCLIC)<\/a><\/li>\n<\/ul>\n<\/td>\n<\/tr>\n<\/tbody>\n<\/table>\n","protected":false},"excerpt":{"rendered":"<p>Tema 6 \u201cLas fracciones\u201d MATEM\u00c1TICAS Tema 6 \u201cLas fracciones\u201d CONTENIDOS RECURSOS Las fracciones y sus t\u00e9rminos. REPRESENTACI\u00d3N DE FRACCIONES SIGNIFICADO DE LA FRACCI\u00d3N FRACCIONADOR FRACCI\u00d3N: LECTURA Y ESCRITURA LAS FRACCIONES I FRACCIONES. EJERCICIOS LAS FRACCIONES II LECTURA Y ESCRITURA DE FRACCIONES Comparaci\u00f3n y ordenaci\u00f3n de fracciones. COMPARAR FRACCIONES FRACCIONES Comparaci\u00f3n de fracciones con la unidad. [&hellip;]<\/p>\n","protected":false},"author":6,"featured_media":0,"parent":463,"menu_order":6,"comment_status":"open","ping_status":"open","template":"","meta":[],"_links":{"self":[{"href":"https:\/\/cpcorella.educacion.navarra.es\/blogs\/3ciclo\/wp-json\/wp\/v2\/pages\/484"}],"collection":[{"href":"https:\/\/cpcorella.educacion.navarra.es\/blogs\/3ciclo\/wp-json\/wp\/v2\/pages"}],"about":[{"href":"https:\/\/cpcorella.educacion.navarra.es\/blogs\/3ciclo\/wp-json\/wp\/v2\/types\/page"}],"author":[{"embeddable":true,"href":"https:\/\/cpcorella.educacion.navarra.es\/blogs\/3ciclo\/wp-json\/wp\/v2\/users\/6"}],"replies":[{"embeddable":true,"href":"https:\/\/cpcorella.educacion.navarra.es\/blogs\/3ciclo\/wp-json\/wp\/v2\/comments?post=484"}],"version-history":[{"count":0,"href":"https:\/\/cpcorella.educacion.navarra.es\/blogs\/3ciclo\/wp-json\/wp\/v2\/pages\/484\/revisions"}],"up":[{"embeddable":true,"href":"https:\/\/cpcorella.educacion.navarra.es\/blogs\/3ciclo\/wp-json\/wp\/v2\/pages\/463"}],"wp:attachment":[{"href":"https:\/\/cpcorella.educacion.navarra.es\/blogs\/3ciclo\/wp-json\/wp\/v2\/media?parent=484"}],"curies":[{"name":"wp","href":"https:\/\/api.w.org\/{rel}","templated":true}]}}