{"id":474,"date":"2010-01-17T18:14:21","date_gmt":"2010-01-17T18:14:21","guid":{"rendered":"http:\/\/pitagorines.wordpress.com\/?page_id=474"},"modified":"2010-01-17T18:14:21","modified_gmt":"2010-01-17T18:14:21","slug":"tema-2","status":"publish","type":"page","link":"https:\/\/cpcorella.educacion.navarra.es\/blogs\/3ciclo\/quinto\/matematicas\/tema-2\/","title":{"rendered":"Tema 2 \u201cOperaciones con n\u00fameros naturales\u201d"},"content":{"rendered":"<h2>Tema 2 \u201cOperaciones con n\u00fameros naturales\u201d<\/h2>\n<div><a href=\"http:\/\/irati.pnte.cfnavarra.es\/multiblog\/jrodrig3\/quinto\/matematicas\/tema-2-%e2%80%9coperaciones-con-numeros-naturales%e2%80%9d\/#comments\"><br \/>\n<\/a><\/div>\n<table border=\"1\" cellspacing=\"0\" cellpadding=\"0\">\n<tbody>\n<tr>\n<td colspan=\"2\" width=\"489\" valign=\"top\">MATEM\u00c1TICAS Tema 2 \u201cOperaciones con n\u00fameros naturales\u201d<\/td>\n<\/tr>\n<tr>\n<td width=\"215\" valign=\"top\">CONTENIDOS<\/td>\n<td width=\"274\" valign=\"top\">RECURSOS<\/td>\n<\/tr>\n<tr>\n<td width=\"215\" valign=\"top\">La suma y la resta. Propiedades.<\/td>\n<td width=\"274\" valign=\"top\">\n<ul>\n<li><a href=\"http:\/\/www.ceipjuanherreraalcausa.es\/Recursosdidacticos\/QUINTO\/Matematicas\/ud02\/0201.htm\" target=\"_blank\">PROPIEDADES DE LA SUMA<\/a><\/li>\n<li><a href=\"http:\/\/www.juntadeandalucia.es\/averroes\/%7E23003429\/educativa\/Mat_5_2_sumayresta.html\" target=\"_blank\">SUMAS Y RESTAS DE N\u00daMEROS NATURALES<\/a><\/li>\n<li><a href=\"http:\/\/sauce.pntic.mec.es\/%7Ejdiego\/calculo\/faltauno\/faltauno.htm\" target=\"_blank\">OPERACIONES EN LAS QUE FALTA ALG\u00daN T\u00c9RMINO<\/a><\/li>\n<li><a href=\"http:\/\/www.ceipjuanherreraalcausa.es\/Recursosdidacticos\/QUINTO\/Matematicas\/ud02\/0203.htm\" target=\"_blank\">SUMAS Y RESTAS COMBINADAS<\/a><\/li>\n<li><a href=\"http:\/\/www.gobiernodecanarias.org\/educacion\/usr\/eltanque\/todo_mate\/laresta\/laresta_p.html\" target=\"_blank\">PRUEBA DE LA RESTA<\/a><\/li>\n<\/ul>\n<\/td>\n<\/tr>\n<tr>\n<td width=\"215\" valign=\"top\">Propiedad distributiva de la   multiplicaci\u00f3n.<\/td>\n<td width=\"274\" valign=\"top\">\n<ul>\n<li><a href=\"http:\/\/www.genmagic.net\/mates4\/distributiva_c.swf\" target=\"_blank\">PROPIEDAD   DISTRIBUTIVA<\/a><\/li>\n<li><a href=\"http:\/\/www.ceipjuanherreraalcausa.es\/Recursosdidacticos\/QUINTO\/Matematicas\/ud03\/0301.htm\" target=\"_blank\">LA PROPIEDAD DISTRIBUTIVA<\/a><\/li>\n<\/ul>\n<\/td>\n<\/tr>\n<tr>\n<td width=\"215\" valign=\"top\">Expresiones con operaciones combinadas.<\/td>\n<td width=\"274\" valign=\"top\">\n<ul>\n<li><a href=\"http:\/\/www.genmagic.net\/mates4\/jerarquia_opera_c.swf\" target=\"_blank\">OPERACIONES   COMBINADAS<\/a><\/li>\n<li><a href=\"http:\/\/adigital.pntic.mec.es\/%7Earamo\/calculo\/coc01_10.htm\" target=\"_blank\">OPERACIONES COMBINADAS INTERACTIVAS<\/a> <strong> <\/strong><\/li>\n<\/ul>\n<\/td>\n<\/tr>\n<tr>\n<td width=\"215\" valign=\"top\">Pr\u00e1ctica de la multiplicaci\u00f3n.<\/td>\n<td width=\"274\" valign=\"top\">\n<ul>\n<li><a href=\"http:\/\/www.juntadeandalucia.es\/averroes\/%7E23003429\/educativa\/Mat_5_3_multiplicacion.html\" target=\"_blank\">MULTIPLICACI\u00d3N DE N\u00daMEROS NATURALES. PROPIEDAD   CONMUTATIVA <\/a><\/li>\n<li><a href=\"http:\/\/www.ceipjuanherreraalcausa.es\/Recursosdidacticos\/QUINTO\/Matematicas\/ud03\/0302.htm\" target=\"_blank\">MULTIPLICACIONES CON VARIAS CIFRAS<\/a><\/li>\n<li><a href=\"http:\/\/genmagic.net\/repositorio\/displayimage.php?album=1&amp;pos=9\" target=\"_blank\">REPASA LAS TABLAS DE MULTIPLICAR<\/a><\/li>\n<li><a href=\"http:\/\/www.rena.edu.ve\/SegundaEtapa\/matematica\/adicionsustra.html\" target=\"_blank\">PROPIEDADES DE LA MULTIPLICACI\u00d3N<\/a><\/li>\n<\/ul>\n<\/td>\n<\/tr>\n<tr>\n<td width=\"215\" valign=\"top\"><\/td>\n<td width=\"274\" valign=\"top\"><\/td>\n<\/tr>\n<tr>\n<td width=\"215\" valign=\"top\">Otras actividades.<\/td>\n<td width=\"274\" valign=\"top\">&nbsp;<\/p>\n<ul>\n<li><a href=\"http:\/\/www.olmo.arrakis.es\/educativa\/Mat_5_2_sumayresta.html\" target=\"_blank\">SUMA Y RESTA DE N\u00daMEROS NATURALES<\/a><\/li>\n<li><a href=\"http:\/\/descartes.cnice.mec.es\/materiales_didacticos\/naturales1\/\" target=\"_blank\">OPERACIONES CON N\u00daMEROS NATURALES<\/a><\/li>\n<li><a href=\"http:\/\/www.aaamatematicas.com\/pro74ax2.htm\" target=\"_blank\">PROPIEDADES   DE LA SUMA<\/a><\/li>\n<li><a href=\"http:\/\/www.educa.jcyl.es\/educacyl\/cm\/zonaalumnos\/tkPopUp?pgseed=1172775298308&amp;idContent=8940&amp;locale=es_ES&amp;textOnly=false\" target=\"_blank\">MATEM\u00c1TICAS CON MARIO<\/a><\/li>\n<li><a href=\"http:\/\/www.juntadeandalucia.es\/averroes\/recursos_informaticos\/andared02\/refuerzo_matematicas\/indicemate.htm\" target=\"_blank\">REFUERZA Y AMPL\u00cdA<\/a><\/li>\n<li><a href=\"http:\/\/sauce.pntic.mec.es\/jdiego\/glosario\/terminosresta.swf\" target=\"_blank\">T\u00c9RMINOS DE LA RESTA<\/a><\/li>\n<li><a href=\"http:\/\/www.gobiernodecanarias.org\/educacion\/9\/Usr\/eltanque\/todo_mate\/laresta\/laresta_p.html\" target=\"_blank\">PRUEBA DE LA RESTA<\/a><\/li>\n<li><a href=\"http:\/\/www.aaamatematicas.com\/sub34bx2.htm\" target=\"_blank\">RELACIONES   ENTRE SUMA Y RESTA<\/a><\/li>\n<li><a href=\"http:\/\/sauce.pntic.mec.es\/%7Ejdiego\/calculo\/faltauno\/faltauno1.swf\" target=\"_blank\">FALTA UNO<\/a><\/li>\n<li><a href=\"http:\/\/www.gobiernodecanarias.org\/educacion\/9\/Usr\/eltanque\/todo_mate\/fichas5\/tema_2_5.pdf\" target=\"_blank\">FICHAS PARA IMPRIMIR<\/a><\/li>\n<li><a href=\"http:\/\/www.olmo.arrakis.es\/educativa\/Mat_5_3_multiplicacion.html\" target=\"_blank\">MULTIPLICACI\u00d3N DE N\u00daMEROS NATURALES<\/a><\/li>\n<li><a href=\"http:\/\/www.olmo.arrakis.es\/educativa\/multi_2.html\" target=\"_blank\">MULTIPLICAR   POR DOS CIFRAS<\/a><\/li>\n<li><a href=\"http:\/\/www.olmo.arrakis.es\/educativa\/multi_3.html\" target=\"_blank\">MULTIPLICAR   POR TRES CIFRAS<\/a><\/li>\n<li><a href=\"http:\/\/www.educa.jcyl.es\/educacyl\/cm\/zonaalumnos\/tkPopUp?pgseed=1172775298308&amp;idContent=8940&amp;locale=es_ES&amp;textOnly=false\" target=\"_blank\">MATEM\u00c1TICAS CON MARIO<\/a><\/li>\n<li><a href=\"http:\/\/descartes.cnice.mec.es\/materiales_didacticos\/naturales2\/propieda.htm\" target=\"_blank\">PROPIEDADES DE LA MULTIPLICACI\u00d3N<\/a><\/li>\n<li><a href=\"http:\/\/aprimaria.iespana.es\/asociat.htm\" target=\"_blank\">PROPIEDAD   ASOCIATIVA<\/a><\/li>\n<li><a href=\"http:\/\/www.genmagic.net\/mates4\/distributiva_c.swf\" target=\"_blank\">PROPIEDAD   DISTRIBUTIVA<\/a><\/li>\n<li><a href=\"http:\/\/aprimaria.iespana.es\/distrib.htm\" target=\"_blank\">PROPIEDAD   DISTRIBUTIVA 2<\/a><\/li>\n<li><a href=\"http:\/\/www.juntadeandalucia.es\/averroes\/recursos_informaticos\/andared02\/refuerzo_matematicas\/indicemate.htm\" target=\"_blank\">ACTIVIDADES DE REFUERZO<\/a><\/li>\n<li><a href=\"http:\/\/www.gobiernodecanarias.org\/educacion\/9\/Usr\/eltanque\/todo_mate\/fichas5\/tema_3_5.pdf\" target=\"_blank\">FICHAS PARA IMPRIMIR<\/a><\/li>\n<li><a href=\"http:\/\/www.gobiernodecanarias.org\/educacion\/9\/Usr\/eltanque\/todo_mate\/multipli\/multipli_p.html\" target=\"_blank\">MULTIPLICAR POR LA UNIDAD SEGUIDA DE CEROS<\/a><\/li>\n<\/ul>\n<p>MATE<\/p>\n<p><span style=\"color:#ff0000;font-family:Arial;font-size:large\"><strong>Operaciones                                   combinadas interactivas de 01 a 10<\/strong><\/span><\/p>\n<div>\n<table border=\"8\" width=\"524\">\n<tbody>\n<tr>\n<td rowspan=\"5\" width=\"20%\" bgcolor=\"#ccffcc\"><img loading=\"lazy\" src=\"http:\/\/adigital.pntic.mec.es\/%7Earamo\/calculo\/12000.jpg\" alt=\"12000.jpg (3243 bytes)\" width=\"93\" height=\"80\" \/><\/td>\n<td width=\"40%\" height=\"20\" bgcolor=\"#fdfcdb\"><a href=\"http:\/\/adigital.pntic.mec.es\/%7Earamo\/calculo\/coc01.htm\">Operaciones                                   combinadas 1<\/a><\/td>\n<td rowspan=\"5\" width=\"20%\" bgcolor=\"#ccffcc\"><img loading=\"lazy\" src=\"http:\/\/adigital.pntic.mec.es\/%7Earamo\/calculo\/circle.gif\" alt=\"circle.gif (1338 bytes)\" width=\"64\" height=\"67\" \/><\/td>\n<\/tr>\n<tr>\n<td width=\"40%\" height=\"16\" bgcolor=\"#fdfcdb\"><a href=\"http:\/\/adigital.pntic.mec.es\/%7Earamo\/calculo\/coc02.htm\">Operaciones                                   combinadas 2<\/a><\/td>\n<\/tr>\n<tr>\n<td width=\"40%\" height=\"20\" bgcolor=\"#fdfcdb\"><a href=\"http:\/\/adigital.pntic.mec.es\/%7Earamo\/calculo\/coc03.htm\">Operaciones                                   combinadas 3<\/a><\/td>\n<\/tr>\n<tr>\n<td width=\"40%\" height=\"20\" bgcolor=\"#fdfcdb\"><a href=\"http:\/\/adigital.pntic.mec.es\/%7Earamo\/calculo\/coc04.htm\">Operaciones                                   combinadas 4<\/a><\/td>\n<\/tr>\n<tr>\n<td width=\"40%\" height=\"20\" bgcolor=\"#fdfcdb\"><a href=\"http:\/\/adigital.pntic.mec.es\/%7Earamo\/calculo\/coc05.htm\">Operaciones                                   combinadas 5<\/a><\/td>\n<\/tr>\n<tr>\n<td rowspan=\"5\" width=\"20%\" bgcolor=\"#ccffcc\"><img loading=\"lazy\" src=\"http:\/\/adigital.pntic.mec.es\/%7Earamo\/calculo\/c1.gif\" alt=\"c1.gif (2192 bytes)\" width=\"100\" height=\"57\" \/><\/td>\n<td width=\"40%\" height=\"20\" bgcolor=\"#fdfcdb\"><a href=\"http:\/\/adigital.pntic.mec.es\/%7Earamo\/calculo\/coc06.htm\">Operaciones                                   combinadas 6<\/a><\/td>\n<td rowspan=\"5\" width=\"20%\" bgcolor=\"#ccffcc\"><img loading=\"lazy\" src=\"http:\/\/adigital.pntic.mec.es\/%7Earamo\/calculo\/precios.jpg\" alt=\"precios.jpg (8971 bytes)\" width=\"80\" height=\"66\" \/><\/td>\n<\/tr>\n<tr>\n<td width=\"40%\" height=\"20\" bgcolor=\"#fdfcdb\"><a href=\"http:\/\/adigital.pntic.mec.es\/%7Earamo\/calculo\/coc07.htm\">Operaciones                                   combinadas 7<\/a><\/td>\n<\/tr>\n<tr>\n<td width=\"40%\" height=\"20\" bgcolor=\"#fdfcdb\"><a href=\"http:\/\/adigital.pntic.mec.es\/%7Earamo\/calculo\/coc08.htm\">Operaciones                                   combinadas 8<\/a><\/td>\n<\/tr>\n<tr>\n<td width=\"40%\" height=\"20\" bgcolor=\"#fdfcdb\"><a href=\"http:\/\/adigital.pntic.mec.es\/%7Earamo\/calculo\/coc09.htm\">Operaciones                                   combinadas 9<\/a><\/td>\n<\/tr>\n<tr>\n<td width=\"40%\" height=\"20\" bgcolor=\"#fdfcdb\"><a href=\"http:\/\/adigital.pntic.mec.es\/%7Earamo\/calculo\/coc10.htm\">Operaciones                                   combinadas 10<\/a><\/td>\n<\/tr>\n<tr>\n<td colspan=\"3\" width=\"80%\">Descargar &#8211;&gt;                                   <a href=\"http:\/\/www.aplicaciones.info\/ayudesca.htm\"><img loading=\"lazy\" src=\"http:\/\/adigital.pntic.mec.es\/%7Earamo\/calculo\/ziping.gif\" border=\"0\" alt=\"\" width=\"20\" height=\"17\" \/> 43b_E_O_Combinadas_01_10.zip<\/a><\/td>\n<\/tr>\n<tr>\n<td colspan=\"3\" width=\"80%\">Para m\u00e1s informaci\u00f3n pulsa     aqu\u00ed:<\/td>\n<\/tr>\n<\/tbody>\n<\/table>\n<\/div>\n<p><a href=\"http:\/\/tracking.publicidees.com\/clic.php?partid=9900&amp;progid=858&amp;promoid=20315\" target=\"_blank\"><img src=\"http:\/\/tracking.publicidees.com\/banner.php?partid=9900&amp;progid=858&amp;promoid=20315\" border=\"0\" alt=\"\" \/><\/a><a href=\"http:\/\/educalim.com\/biblioteca\/signos\/signoLIM.html\"><img loading=\"lazy\" title=\"Sin t\u00edtulo\" src=\"http:\/\/irati.pnte.cfnavarra.es\/multiblog\/jrodrig3\/files\/2010\/10\/Sin-t%C3%ADtulo7-300x168.jpg\" alt=\"\" width=\"300\" height=\"168\" \/><\/a><\/p>\n<p style=\"text-align:center\"><a href=\"http:\/\/www.ceipjuanherreraalcausa.es\/Recursosdidacticos\/QUINTO\/datos\/03_Mates\/datos\/05_rdi\/ud02\/1\/01.htm\"><img loading=\"lazy\" class=\"size-medium wp-image-1801  aligncenter\" src=\"http:\/\/irati.pnte.cfnavarra.es\/multiblog\/jrodrig3\/files\/2010\/10\/Sin-t%C3%ADtulo3-300x197.jpg\" alt=\"\" width=\"180\" height=\"118\" \/><\/a><\/p>\n<p style=\"text-align:center\"><a href=\"http:\/\/www.ceipjuanherreraalcausa.es\/Recursosdidacticos\/QUINTO\/datos\/03_Mates\/datos\/05_rdi\/ud02\/2\/02.htm\"><img loading=\"lazy\" class=\"size-medium wp-image-1802  aligncenter\" src=\"http:\/\/irati.pnte.cfnavarra.es\/multiblog\/jrodrig3\/files\/2010\/10\/Sin-t%C3%ADtulo4-300x207.jpg\" alt=\"\" width=\"180\" height=\"124\" \/><\/a><a href=\"http:\/\/www.ceipjuanherreraalcausa.es\/Recursosdidacticos\/SEXTO\/datos\/03_Mates\/datos\/05_rdi\/ud02\/4\/04.htm\"><img loading=\"lazy\" class=\"size-thumbnail wp-image-1803  aligncenter\" src=\"http:\/\/irati.pnte.cfnavarra.es\/multiblog\/jrodrig3\/files\/2010\/10\/Sin-t%C3%ADtulo5-150x150.jpg\" alt=\"\" width=\"150\" height=\"150\" \/><\/a><\/p>\n<p><a href=\"http:\/\/www.ceipjuanherreraalcausa.es\/Recursosdidacticos\/QUINTO\/datos\/03_Mates\/datos\/05_rdi\/ud02\/unidad02.htm\"><img loading=\"lazy\" class=\"aligncenter size-medium wp-image-1804\" src=\"http:\/\/irati.pnte.cfnavarra.es\/multiblog\/jrodrig3\/files\/2010\/10\/Sin-t%C3%ADtulo6-300x187.jpg\" alt=\"\" width=\"300\" height=\"187\" \/><\/a><\/p>\n<p><a href=\"http:\/\/www.genmagic.net\/mates4\/jerarquia_opera_c.swf\"><img loading=\"lazy\" class=\"aligncenter size-medium wp-image-1805\" src=\"http:\/\/irati.pnte.cfnavarra.es\/multiblog\/jrodrig3\/files\/2010\/10\/Sin-t%C3%ADtulo3-300x197.png\" alt=\"\" width=\"300\" height=\"197\" \/><\/a><\/p>\n<div>\n<h2>TIC-TAC-CUENTA<\/h2>\n<div>\n<div>\n<p><a href=\"http:\/\/www.educa.jcyl.es\/educacyl\/cm\/zonaalumnos\/tkPopUp?pgseed=1136963817880&amp;idContent=31508&amp;locale=es_ES&amp;textOnly=false\" target=\"_blank\"><img loading=\"lazy\" src=\"http:\/\/www.lasticenelaula.es\/3ciclo\/wp-content\/uploads\/2009\/07\/tic-tac-cuenta.png\" alt=\"Tic-tac Cuenta\" width=\"450\" height=\"326\" \/><\/a><\/p>\n<\/div>\n<\/div>\n<div><a title=\"Comentarios en TIC-TAC-CUENTA\" href=\"http:\/\/miclase.wordpress.com\/2010\/01\/07\/tic-tac-cuenta\/#respond\"><br \/>\n<\/a><\/div>\n<\/div>\n<div>\n<h2>OPERACIONES\u00a0CRUZADAS<\/h2>\n<div>\n<p><a href=\"http:\/\/genmagic.org\/mates1\/qm1c1.html\" target=\"_blank\"><img loading=\"lazy\" src=\"http:\/\/www.lasticenelaula.es\/3ciclo\/wp-content\/uploads\/2009\/07\/oper-cruzadas.png\" alt=\"GenMagic - Operaciones cruzadas\" width=\"449\" height=\"346\" \/><\/a><\/p>\n<\/div>\n<div><a title=\"Comentarios en OPERACIONES\u00a0CRUZADAS\" href=\"http:\/\/miclase.wordpress.com\/2010\/01\/07\/operaciones-cruzadas\/#comments\"><br \/>\n<\/a><\/div>\n<\/div>\n<div>\n<h2>M\u00c1QUINAS DE\u00a0CALCULAR<\/h2>\n<div>\n<div id=\"attachment_2721\"><a href=\"http:\/\/www.genmagic.net\/mates4\/ser3c.swf\" target=\"_blank\"><img loading=\"lazy\" src=\"http:\/\/miclase.files.wordpress.com\/2009\/09\/maq.jpg?w=425&amp;h=340\" alt=\"GENMAGIC\" width=\"425\" height=\"340\" \/><\/a><\/div>\n<\/div>\n<\/div>\n<p>&nbsp;<\/td>\n<\/tr>\n<\/tbody>\n<\/table>\n<div id=\"_mcePaste\" class=\"mcePaste\" style=\"overflow:hidden;width:1px;height:1px\">conviene seguir con ellos:<a href=\"http:\/\/www.ceipjuanherreraalcausa.es\/Recursosdidacticos\/QUINTO\/datos\/03_Mates\/datos\/05_rdi\/ud02\/1\/01.htm\"><img loading=\"lazy\" class=\"size-medium wp-image-1801 alignleft\" src=\"http:\/\/irati.pnte.cfnavarra.es\/multiblog\/jrodrig3\/files\/2010\/10\/Sin-t%C3%ADtulo3-300x197.jpg\" alt=\"\" width=\"180\" height=\"118\" \/><\/a>&nbsp;<\/p>\n<p style=\"text-align:center\"><a href=\"http:\/\/www.ceipjuanherreraalcausa.es\/Recursosdidacticos\/QUINTO\/datos\/03_Mates\/datos\/05_rdi\/ud02\/2\/02.htm\"><img loading=\"lazy\" class=\"size-medium wp-image-1802 alignleft\" src=\"http:\/\/irati.pnte.cfnavarra.es\/multiblog\/jrodrig3\/files\/2010\/10\/Sin-t%C3%ADtulo4-300x207.jpg\" alt=\"\" width=\"180\" height=\"124\" \/><\/a><a href=\"http:\/\/www.ceipjuanherreraalcausa.es\/Recursosdidacticos\/SEXTO\/datos\/03_Mates\/datos\/05_rdi\/ud02\/4\/04.htm\"><img loading=\"lazy\" class=\"size-thumbnail wp-image-1803  aligncenter\" src=\"http:\/\/irati.pnte.cfnavarra.es\/multiblog\/jrodrig3\/files\/2010\/10\/Sin-t%C3%ADtulo5-150x150.jpg\" alt=\"\" width=\"150\" height=\"150\" \/><\/a><\/p>\n<p>Como ya hemos terminado el tema, os dejo un repaso de todo:<\/p>\n<p><a href=\"http:\/\/www.ceipjuanherreraalcausa.es\/Recursosdidacticos\/QUINTO\/datos\/03_Mates\/datos\/05_rdi\/ud02\/unidad02.htm\"><img loading=\"lazy\" class=\"aligncenter size-medium wp-image-1804\" src=\"http:\/\/irati.pnte.cfnavarra.es\/multiblog\/jrodrig3\/files\/2010\/10\/Sin-t%C3%ADtulo6-300x187.jpg\" alt=\"\" width=\"300\" height=\"187\" \/><\/a>Os dejo un juego sobre el tema muy divertido:<\/p>\n<p><a href=\"http:\/\/www.genmagic.net\/mates4\/jerarquia_opera_c.swf\"><img loading=\"lazy\" class=\"aligncenter size-medium wp-image-1805\" src=\"http:\/\/irati.pnte.cfnavarra.es\/multiblog\/jrodrig3\/files\/2010\/10\/Sin-t%C3%ADtulo3-300x197.png\" alt=\"\" width=\"300\" height=\"197\" \/><\/a>De CONO<\/p>\n<div id=\"_mcePaste\" style=\"overflow:hidden;width:1px;height:1px\">\n<table class=\"bordeTablaGeneral\" style=\"height:511px\" border=\"0\" cellspacing=\"0\" cellpadding=\"0\" width=\"800\" align=\"center\">\n<tbody>\n<tr>\n<td width=\"55\" height=\"30\" bgcolor=\"#f9b700\"><img loading=\"lazy\" src=\"http:\/\/www.ceipjuanherreraalcausa.es\/Recursosdidacticos\/QUINTO\/datos\/03_Mates\/Programa\/imagenes\/primeroA.jpg\" border=\"0\" alt=\"\" hspace=\"0\" vspace=\"0\" width=\"55\" height=\"55\" \/><\/td>\n<td class=\"TituloBarraAsignatura\" width=\"796\" height=\"30\" bgcolor=\"#e0e3a9\">\n<div><img loading=\"lazy\" src=\"http:\/\/www.ceipjuanherreraalcausa.es\/Recursosdidacticos\/QUINTO\/datos\/03_Mates\/Programa\/imagenes\/primaria.jpg\" border=\"0\" alt=\"\" hspace=\"0\" vspace=\"0\" width=\"745\" height=\"55\" \/><\/div>\n<\/td>\n<\/tr>\n<tr>\n<td height=\"415\" valign=\"top\" bgcolor=\"#004d9f\"><img loading=\"lazy\" src=\"http:\/\/www.ceipjuanherreraalcausa.es\/Recursosdidacticos\/QUINTO\/datos\/03_Mates\/Programa\/imagenes\/secundaria.jpg\" border=\"0\" alt=\"\" hspace=\"0\" vspace=\"0\" width=\"55\" height=\"415\" align=\"top\" \/><\/td>\n<td rowspan=\"2\" height=\"415\" valign=\"top\">\n<table border=\"0\" cellspacing=\"0\" cellpadding=\"0\" width=\"100%\">\n<tbody>\n<tr>\n<td width=\"122\" height=\"20\"><\/td>\n<td colspan=\"2\" height=\"20\"><\/td>\n<\/tr>\n<tr>\n<td rowspan=\"3\" height=\"30\"><\/td>\n<td colspan=\"2\" height=\"30\"><\/td>\n<\/tr>\n<tr>\n<td class=\"TituloBarraAsignatura\" colspan=\"2\" height=\"30\"><strong>Unidad 2. Operaciones con n\u00fameros naturales<\/strong><\/td>\n<\/tr>\n<tr>\n<td colspan=\"2\" height=\"20\"><\/td>\n<\/tr>\n<tr>\n<td height=\"35\" valign=\"middle\"><\/td>\n<td width=\"25\" height=\"35\" valign=\"middle\"><img loading=\"lazy\" src=\"http:\/\/www.ceipjuanherreraalcausa.es\/Recursosdidacticos\/QUINTO\/datos\/03_Mates\/Programa\/imagenes\/cuadro.jpg\" border=\"0\" alt=\"img\" hspace=\"0\" vspace=\"0\" width=\"25\" height=\"23\" align=\"middle\" \/><\/td>\n<td class=\"unidades\" width=\"599\" height=\"35\" valign=\"middle\"><a class=\"enlaceTITULOS_GRANDE\" href=\"http:\/\/www.ceipjuanherreraalcausa.es\/Recursosdidacticos\/QUINTO\/datos\/03_Mates\/datos\/05_rdi\/ud02\/1\/01.htm\" target=\"_self\">Actividad 1. Propiedades de la suma<\/a><\/td>\n<\/tr>\n<tr>\n<td height=\"35\" valign=\"middle\"><\/td>\n<td height=\"35\" valign=\"middle\"><img loading=\"lazy\" src=\"http:\/\/www.ceipjuanherreraalcausa.es\/Recursosdidacticos\/QUINTO\/datos\/03_Mates\/Programa\/imagenes\/cuadro.jpg\" border=\"0\" alt=\"\" hspace=\"0\" vspace=\"0\" width=\"25\" height=\"23\" align=\"middle\" \/><\/td>\n<td height=\"35\" valign=\"middle\"><span class=\"unidades\"><a class=\"enlaceTITULOS_GRANDE\" href=\"http:\/\/www.ceipjuanherreraalcausa.es\/Recursosdidacticos\/QUINTO\/datos\/03_Mates\/datos\/05_rdi\/ud02\/2\/02.htm\" target=\"_self\">Actividad 2. Sumas y restas combinadas<\/a><\/span><\/td>\n<\/tr>\n<tr>\n<td height=\"35\" valign=\"middle\"><\/td>\n<td height=\"35\" valign=\"middle\"><img loading=\"lazy\" src=\"http:\/\/www.ceipjuanherreraalcausa.es\/Recursosdidacticos\/QUINTO\/datos\/03_Mates\/Programa\/imagenes\/cuadro.jpg\" border=\"0\" alt=\"\" hspace=\"0\" vspace=\"0\" width=\"25\" height=\"23\" align=\"middle\" \/><\/td>\n<td class=\"unidades\" height=\"35\" valign=\"middle\"><a class=\"enlaceTITULOS_GRANDE\" href=\"http:\/\/www.ceipjuanherreraalcausa.es\/Recursosdidacticos\/QUINTO\/datos\/03_Mates\/datos\/05_rdi\/ud02\/3\/03.htm\" target=\"_self\">Actividad 3. Propiedad distributiva<\/a><\/td>\n<\/tr>\n<tr>\n<td height=\"35\" valign=\"middle\"><\/td>\n<td height=\"35\" valign=\"middle\"><img loading=\"lazy\" src=\"http:\/\/www.ceipjuanherreraalcausa.es\/Recursosdidacticos\/QUINTO\/datos\/03_Mates\/Programa\/imagenes\/cuadro.jpg\" border=\"0\" alt=\"\" hspace=\"0\" vspace=\"0\" width=\"25\" height=\"23\" align=\"middle\" \/><\/td>\n<td class=\"unidades\" height=\"35\" valign=\"middle\"><a class=\"enlaceTITULOS_GRANDE\" href=\"http:\/\/www.ceipjuanherreraalcausa.es\/Recursosdidacticos\/QUINTO\/datos\/03_Mates\/datos\/05_rdi\/ud02\/4\/04.htm\" target=\"_self\">Actividad 4. Multiplicaciones con varias cifras<\/a><\/td>\n<\/tr>\n<tr>\n<td height=\"35\" valign=\"middle\"><\/td>\n<td height=\"35\" valign=\"middle\"><img loading=\"lazy\" src=\"http:\/\/www.ceipjuanherreraalcausa.es\/Recursosdidacticos\/QUINTO\/datos\/03_Mates\/Programa\/imagenes\/cuadro.jpg\" border=\"0\" alt=\"\" hspace=\"0\" vspace=\"0\" width=\"25\" height=\"23\" align=\"middle\" \/><\/td>\n<td class=\"unidades\" height=\"35\" valign=\"middle\"><a class=\"enlaceTITULOS_GRANDE\" href=\"http:\/\/www.ceipjuanherreraalcausa.es\/Recursosdidacticos\/QUINTO\/datos\/03_Mates\/datos\/05_rdi\/ud02\/5\/05.htm\" target=\"_self\">Actividad 5. Multiplicaciones con ceros intermedios en el multiplicador<\/a><\/td>\n<\/tr>\n<tr>\n<td height=\"35\" valign=\"middle\"><\/td>\n<td height=\"35\" valign=\"middle\"><img loading=\"lazy\" src=\"http:\/\/www.ceipjuanherreraalcausa.es\/Recursosdidacticos\/QUINTO\/datos\/03_Mates\/Programa\/imagenes\/cuadro.jpg\" border=\"0\" alt=\"\" hspace=\"0\" vspace=\"0\" width=\"25\" height=\"23\" align=\"middle\" \/><\/td>\n<td class=\"unidades\" height=\"35\" valign=\"middle\"><a class=\"enlaceTITULOS_GRANDE\" href=\"http:\/\/www.ceipjuanherreraalcausa.es\/Recursosdidacticos\/QUINTO\/datos\/03_Mates\/datos\/05_rdi\/ud02\/6\/06.htm\" target=\"_self\">Actividad 6. Multiplicaciones con ceros finales<\/a><\/td>\n<\/tr>\n<tr>\n<td height=\"35\" valign=\"middle\"><\/td>\n<td height=\"35\" valign=\"middle\"><\/td>\n<td class=\"unidades\" height=\"35\" valign=\"middle\"><\/td>\n<\/tr>\n<tr>\n<td height=\"35\" valign=\"middle\"><\/td>\n<td height=\"35\" valign=\"middle\"><\/td>\n<td class=\"unidades\" height=\"35\" valign=\"middle\"><\/td>\n<\/tr>\n<\/tbody>\n<\/table>\n<\/td>\n<\/tr>\n<tr>\n<td height=\"40\" valign=\"bottom\" bgcolor=\"#004d9f\"><a><img loading=\"lazy\" src=\"http:\/\/www.ceipjuanherreraalcausa.es\/Recursosdidacticos\/QUINTO\/datos\/03_Mates\/Programa\/imagenes\/volver.jpg\" border=\"0\" alt=\"\" hspace=\"0\" vspace=\"0\" width=\"55\" height=\"40\" \/><\/a><\/td>\n<\/tr>\n<\/tbody>\n<\/table>\n<\/div>\n<\/div>\n","protected":false},"excerpt":{"rendered":"<p>Tema 2 \u201cOperaciones con n\u00fameros naturales\u201d MATEM\u00c1TICAS Tema 2 \u201cOperaciones con n\u00fameros naturales\u201d CONTENIDOS RECURSOS La suma y la resta. Propiedades. PROPIEDADES DE LA SUMA SUMAS Y RESTAS DE N\u00daMEROS NATURALES OPERACIONES EN LAS QUE FALTA ALG\u00daN T\u00c9RMINO SUMAS Y RESTAS COMBINADAS PRUEBA DE LA RESTA Propiedad distributiva de la multiplicaci\u00f3n. PROPIEDAD DISTRIBUTIVA LA PROPIEDAD [&hellip;]<\/p>\n","protected":false},"author":6,"featured_media":0,"parent":463,"menu_order":2,"comment_status":"open","ping_status":"open","template":"","meta":[],"_links":{"self":[{"href":"https:\/\/cpcorella.educacion.navarra.es\/blogs\/3ciclo\/wp-json\/wp\/v2\/pages\/474"}],"collection":[{"href":"https:\/\/cpcorella.educacion.navarra.es\/blogs\/3ciclo\/wp-json\/wp\/v2\/pages"}],"about":[{"href":"https:\/\/cpcorella.educacion.navarra.es\/blogs\/3ciclo\/wp-json\/wp\/v2\/types\/page"}],"author":[{"embeddable":true,"href":"https:\/\/cpcorella.educacion.navarra.es\/blogs\/3ciclo\/wp-json\/wp\/v2\/users\/6"}],"replies":[{"embeddable":true,"href":"https:\/\/cpcorella.educacion.navarra.es\/blogs\/3ciclo\/wp-json\/wp\/v2\/comments?post=474"}],"version-history":[{"count":0,"href":"https:\/\/cpcorella.educacion.navarra.es\/blogs\/3ciclo\/wp-json\/wp\/v2\/pages\/474\/revisions"}],"up":[{"embeddable":true,"href":"https:\/\/cpcorella.educacion.navarra.es\/blogs\/3ciclo\/wp-json\/wp\/v2\/pages\/463"}],"wp:attachment":[{"href":"https:\/\/cpcorella.educacion.navarra.es\/blogs\/3ciclo\/wp-json\/wp\/v2\/media?parent=474"}],"curies":[{"name":"wp","href":"https:\/\/api.w.org\/{rel}","templated":true}]}}