{"id":451,"date":"2010-01-17T17:59:18","date_gmt":"2010-01-17T17:59:18","guid":{"rendered":"http:\/\/pitagorines.wordpress.com\/?page_id=451"},"modified":"2010-01-17T17:59:18","modified_gmt":"2010-01-17T17:59:18","slug":"tema-12","status":"publish","type":"page","link":"https:\/\/cpcorella.educacion.navarra.es\/blogs\/3ciclo\/sexto\/lengua\/tema-12\/","title":{"rendered":"Tema 12 \u201cLucanor y Patronio\u201d"},"content":{"rendered":"<table border=\"1\" cellspacing=\"0\" cellpadding=\"0\">\n<tbody>\n<tr>\n<td colspan=\"2\" width=\"489\" valign=\"top\">LENGUA Tema 12 \u201cLucanor y Patronio\u201d<\/td>\n<\/tr>\n<tr>\n<td width=\"215\" valign=\"top\">CONTENIDOS<\/td>\n<td width=\"274\" valign=\"top\">RECURSOS<\/td>\n<\/tr>\n<tr>\n<td width=\"215\" valign=\"top\">Gram\u00e1tica:Clases de oraciones: predicativas y copulativas.<\/td>\n<td width=\"274\" valign=\"top\">\n<ul>\n<li><strong><a href=\"http:\/\/cplosangeles.juntaextremadura.net\/web\/lengua6\/oracion\/indice.htm\" target=\"_blank\">LA ORACI\u00d3N<\/a> <\/strong><\/li>\n<li><strong><a href=\"http:\/\/www.estudiantes.info\/lengua\/clases-de-oraciones.htm\" target=\"_blank\">CLASES DE ORACIONES<\/a> <\/strong><\/li>\n<li><strong><a href=\"http:\/\/cplosangeles.juntaextremadura.net\/web\/lengua6\/clasesdeoraciones\/indice.htm\" target=\"_blank\">CLASES DE ORACIONES<\/a> <\/strong><\/li>\n<li><strong> <a href=\"http:\/\/conteni2.educarex.es\/mats\/11762\/contenido\/\" target=\"_blank\">TIPOS        DE ORACIONES<\/a><\/strong><\/li>\n<\/ul>\n<\/td>\n<\/tr>\n<tr>\n<td width=\"215\" valign=\"top\">Ortograf\u00eda: Usos de la \u201cg\u201d y de la \u201cj\u201d<\/td>\n<td width=\"274\" valign=\"top\">\n<ul>\n<li><strong><a href=\"http:\/\/roble.pntic.mec.es\/%7Emsanto1\/ortografia\/ge.htm\" target=\"_blank\">SONIDOS DE LA \u201cG\u201d<\/a> <\/strong><\/li>\n<li><strong><a href=\"http:\/\/catedu.es\/internos\/recursos\/internet_aula\/sd_gp\/oa05\/versionfinal\/index.html\" target=\"_blank\">PALABRAS CON \u201cG\u201d Y CON \u201cJ\u201d<\/a> <\/strong><\/li>\n<li><strong><a href=\"http:\/\/www.xtec.cat\/%7Ejgenover\/ortogu.htm\" target=\"_blank\">\u00bf        \u201cG\u201d,\u201dGU\u201d O \u201cG\u00dc?<\/a> <\/strong><\/li>\n<li><strong><a href=\"http:\/\/www.xtec.cat\/%7Ejgenover\/ortogj.htm\" target=\"_blank\">\u00bf\u201dG\u201d O        \u201cJ\u201d?<\/a> <\/strong><\/li>\n<li><strong><a href=\"http:\/\/www.editorialteide.es\/elearning\/Primaria.asp?IdJuego=670&amp;IdTipoJuego=8\" target=\"_blank\">LA \u201cG\u201d Y LA \u201cJ\u201d<\/a> <\/strong><\/li>\n<li><strong><a href=\"http:\/\/www.edu365.cat\/primaria\/muds\/castella\/jeji\/index.htm\" target=\"_blank\">SONIDO Y ESCRITURA DE LA \u201cG\u201d Y LA \u201cJ\u201d<\/a><\/strong><\/li>\n<\/ul>\n<\/td>\n<\/tr>\n<tr>\n<td width=\"215\" valign=\"top\">L\u00e9xico: Formaci\u00f3n de palabras: uso de prefijos.<\/td>\n<td width=\"274\" valign=\"top\">\n<ul>\n<li><strong><a href=\"http:\/\/www.edu365.cat\/primaria\/muds\/castella\/presuf\/index.htm\" target=\"_blank\">PREFIJOS Y SUFIJOS<\/a> <\/strong><\/li>\n<li><strong><a href=\"http:\/\/www.edu365.cat\/primaria\/muds\/castella\/extraordinaria\/index.htm\" target=\"_blank\">PREFIJOS<\/a> <\/strong><\/li>\n<li><strong><a href=\"http:\/\/centros3.pntic.mec.es\/cp.antonio.de.ulloa\/webactivhotpot\/raiz\/Hot%20Pot\/lengua6\/prefijossufijos\/PREFIJOS%20Y%20SUFIJOS.htm\" target=\"_blank\">SUJIJOS Y PREFIJOS<\/a><\/strong><\/li>\n<\/ul>\n<\/td>\n<\/tr>\n<tr>\n<td width=\"215\" valign=\"top\"><\/td>\n<td width=\"274\" valign=\"top\"><strong><\/p>\n<ul>\n<li><\/li>\n<\/ul>\n<p><\/strong><\/td>\n<\/tr>\n<tr>\n<td width=\"215\" valign=\"top\"><\/td>\n<td width=\"274\" valign=\"top\"><strong><\/p>\n<ul>\n<li><\/li>\n<\/ul>\n<p><\/strong><\/td>\n<\/tr>\n<tr>\n<td width=\"215\" valign=\"top\">Otras actividades.<\/td>\n<td width=\"274\" valign=\"top\"><\/td>\n<\/tr>\n<\/tbody>\n<\/table>\n<p>Recursos:<\/p>\n<ul>\n<li><strong><a href=\"http:\/\/roble.pntic.mec.es\/%7Emsanto1\/ortografia\/ge.htm\" target=\"_blank\">Sonidos de la \u201cg\u201d<\/a><\/strong><\/li>\n<li><strong><a href=\"http:\/\/catedu.es\/internos\/recursos\/internet_aula\/sd_gp\/oa05\/versionfinal\/index.html\" target=\"_blank\">Palabras con \u201cg\u201d y con \u201cj\u201d<\/a><\/strong><\/li>\n<li><strong><a href=\"http:\/\/www.xtec.cat\/%7Ejgenover\/ortogu.htm\" target=\"_blank\">\u00bf \u201cg\u201d,\u201dgu\u201d o \u201cg\u00fc?<\/a><\/strong><\/li>\n<li><strong><a href=\"http:\/\/www.xtec.cat\/%7Ejgenover\/ortogj.htm\" target=\"_blank\">\u00bf\u201dg\u201d o \u201cj\u201d?<\/a><\/strong><\/li>\n<li><strong><a href=\"http:\/\/www.editorialteide.es\/elearning\/Primaria.asp?IdJuego=670&amp;IdTipoJuego=8\" target=\"_blank\">La \u201cg\u201d y la \u201cj\u201d<\/a><\/strong><\/li>\n<li><strong><a href=\"http:\/\/www.edu365.cat\/primaria\/muds\/castella\/jeji\/index.htm#\" target=\"_blank\">Sonido y escritura de la \u201cg\u201d y la \u201cj\u201d<\/a><\/strong><\/li>\n<li><strong><a href=\"http:\/\/www.edu365.cat\/primaria\/muds\/castella\/presuf\/index.htm\" target=\"_blank\">Prefijos y sufijos<\/a><\/strong><\/li>\n<li><strong><a href=\"http:\/\/www.edu365.cat\/primaria\/muds\/castella\/extraordinaria\/index.htm\" target=\"_blank\">Prefijos<\/a> <\/strong><\/li>\n<li><strong><a href=\"http:\/\/centros3.pntic.mec.es\/cp.antonio.de.ulloa\/webactivhotpot\/raiz\/Hot%20Pot\/lengua6\/prefijossufijos\/PREFIJOS%20Y%20SUFIJOS.htm\" target=\"_blank\">Sujijos y prefijos<\/a> <\/strong><\/li>\n<li><strong><a href=\"http:\/\/cplosangeles.juntaextremadura.net\/web\/lengua6\/oracion\/indice.htm\" target=\"_blank\">La oraci\u00f3n<\/a><\/strong><\/li>\n<li><strong><a href=\"http:\/\/www.estudiantes.info\/lengua\/clases-de-oraciones.htm\" target=\"_blank\">Clases de oraciones<\/a><\/strong><\/li>\n<li><strong><a href=\"http:\/\/cplosangeles.juntaextremadura.net\/web\/lengua6\/clasesdeoraciones\/indice.htm\" target=\"_blank\">Clases de oraciones<\/a><\/strong><\/li>\n<li><strong><a href=\"http:\/\/conteni2.educarex.es\/mats\/11762\/contenido\/\" target=\"_blank\">Tipos de oraciones<\/a><\/strong><\/li>\n<\/ul>\n","protected":false},"excerpt":{"rendered":"<p>LENGUA Tema 12 \u201cLucanor y Patronio\u201d CONTENIDOS RECURSOS Gram\u00e1tica:Clases de oraciones: predicativas y copulativas. LA ORACI\u00d3N CLASES DE ORACIONES CLASES DE ORACIONES TIPOS DE ORACIONES Ortograf\u00eda: Usos de la \u201cg\u201d y de la \u201cj\u201d SONIDOS DE LA \u201cG\u201d PALABRAS CON \u201cG\u201d Y CON \u201cJ\u201d \u00bf \u201cG\u201d,\u201dGU\u201d O \u201cG\u00dc? \u00bf\u201dG\u201d O \u201cJ\u201d? LA \u201cG\u201d Y LA [&hellip;]<\/p>\n","protected":false},"author":6,"featured_media":0,"parent":423,"menu_order":12,"comment_status":"open","ping_status":"open","template":"","meta":[],"_links":{"self":[{"href":"https:\/\/cpcorella.educacion.navarra.es\/blogs\/3ciclo\/wp-json\/wp\/v2\/pages\/451"}],"collection":[{"href":"https:\/\/cpcorella.educacion.navarra.es\/blogs\/3ciclo\/wp-json\/wp\/v2\/pages"}],"about":[{"href":"https:\/\/cpcorella.educacion.navarra.es\/blogs\/3ciclo\/wp-json\/wp\/v2\/types\/page"}],"author":[{"embeddable":true,"href":"https:\/\/cpcorella.educacion.navarra.es\/blogs\/3ciclo\/wp-json\/wp\/v2\/users\/6"}],"replies":[{"embeddable":true,"href":"https:\/\/cpcorella.educacion.navarra.es\/blogs\/3ciclo\/wp-json\/wp\/v2\/comments?post=451"}],"version-history":[{"count":0,"href":"https:\/\/cpcorella.educacion.navarra.es\/blogs\/3ciclo\/wp-json\/wp\/v2\/pages\/451\/revisions"}],"up":[{"embeddable":true,"href":"https:\/\/cpcorella.educacion.navarra.es\/blogs\/3ciclo\/wp-json\/wp\/v2\/pages\/423"}],"wp:attachment":[{"href":"https:\/\/cpcorella.educacion.navarra.es\/blogs\/3ciclo\/wp-json\/wp\/v2\/media?parent=451"}],"curies":[{"name":"wp","href":"https:\/\/api.w.org\/{rel}","templated":true}]}}