{"id":441,"date":"2010-01-17T17:55:01","date_gmt":"2010-01-17T17:55:01","guid":{"rendered":"http:\/\/pitagorines.wordpress.com\/?page_id=441"},"modified":"2010-01-17T17:55:01","modified_gmt":"2010-01-17T17:55:01","slug":"tema-07","status":"publish","type":"page","link":"https:\/\/cpcorella.educacion.navarra.es\/blogs\/3ciclo\/sexto\/lengua\/tema-07\/","title":{"rendered":"Tema 7 \u201cImaginaci\u00f3n y fantas\u00eda\u201d"},"content":{"rendered":"<table border=\"1\" cellspacing=\"0\" cellpadding=\"0\">\n<tbody>\n<tr>\n<td colspan=\"2\" width=\"489\" valign=\"top\">LENGUA \u00a0Tema 7   \u201cImaginaci\u00f3n y fantas\u00eda\u201d<\/td>\n<\/tr>\n<tr>\n<td width=\"215\" valign=\"top\">CONTENIDOS<\/td>\n<td width=\"274\" valign=\"top\">RECURSOS<\/td>\n<\/tr>\n<tr>\n<td width=\"215\" valign=\"top\">Gram\u00e1tica:El   verbo. Conjugaci\u00f3n, formas simples y compuestas.<\/td>\n<td width=\"274\" valign=\"top\">\n<ul>\n<li><strong><a href=\"http:\/\/roble.pntic.mec.es\/%7Emsanto1\/lengua\/verbo.htm\" target=\"_blank\">EL VERBO<\/a><\/strong><\/li>\n<li><strong><a href=\"http:\/\/cplosangeles.juntaextremadura.net\/web\/lengua6\/verbo\/indice.htm\" target=\"_blank\">EL VERBO<\/a><\/strong><\/li>\n<li><strong><a href=\"http:\/\/cplosangeles.juntaextremadura.net\/web\/lengua5\/verbonumeroypersona\/indice.htm\" target=\"_blank\">N\u00daMERO Y PERSONA<\/a><\/strong><\/li>\n<li><strong><a href=\"http:\/\/cplosangeles.juntaextremadura.net\/web\/lengua5\/verbotiempoymodo\/indice.htm\" target=\"_blank\">TIEMPO Y MODO<\/a><\/strong><\/li>\n<li><strong><a href=\"http:\/\/www.profesorenlinea.cl\/swf\/links\/frame_top.php?dest=http%3A\/\/www.profesorenlinea.cl\/castellano\/VerboEl.htm\" target=\"_blank\">VERBOS<\/a><\/strong><\/li>\n<li><strong><a href=\"http:\/\/www.diazespino.org\/agrupa\/ejemplos\/apuntes\/VERBO.swf\" target=\"_blank\">LOS VERBOS<\/a><\/strong><\/li>\n<li><strong><a href=\"http:\/\/www.escolar.com\/lengua\/10verbos.htm\" target=\"_blank\">LOS        VERBOS<\/a><\/strong><\/li>\n<li><strong><a href=\"http:\/\/cplosangeles.juntaextremadura.net\/web\/lengua5\/verbotiempoymodo\/indice.htm\" target=\"_blank\">TIEMPO Y MODO<\/a><\/strong><\/li>\n<li><strong><a href=\"http:\/\/cplosangeles.juntaextremadura.net\/web\/lengua5\/formasverbales\/indice.htm\" target=\"_blank\">FORMAS VERBALES<\/a><\/strong><\/li>\n<li><strong><a href=\"http:\/\/contenidos.santillanaenred.com\/jukebox\/servlet\/GetPlayer?p3v=true&amp;xref=200601261725_PRE_0_499275833&amp;mode=1&amp;rtc=1001&amp;locale=es_ES&amp;cache=false\" target=\"_blank\">VERBOS REGULARES E IRREGULARES<\/a><\/strong><\/li>\n<li><strong><a href=\"http:\/\/contenidos.santillanaenred.com\/jukebox\/servlet\/GetPlayer?p3v=true&amp;xref=200601261712_AC_0_-1077434339&amp;mode=1&amp;rtc=1001&amp;locale=es_ES&amp;cache=false\" target=\"_blank\">\u00bfC\u00d3MO PUEDEN SER LOS VERBOS?<\/a><\/strong><\/li>\n<li><strong><a href=\"http:\/\/contenidos.santillanaenred.com\/jukebox\/servlet\/GetPlayer?p3v=true&amp;xref=200601261715_AC_0_-414153597&amp;mode=1&amp;rtc=1001&amp;locale=es_ES&amp;cache=false\" target=\"_blank\">RECONOCER VERBOS<\/a><\/strong><\/li>\n<li><strong><a href=\"http:\/\/cplosangeles.juntaextremadura.net\/web\/lengua6\/clasesdeverbos\/indice.htm\" target=\"_blank\">CLASES DE VERBOS<\/a><\/strong><\/li>\n<li><strong><a href=\"http:\/\/contenidos.santillanaenred.com\/jukebox\/servlet\/GetPlayer?p3v=true&amp;xref=200601261717_AC_0_-294653590&amp;mode=1&amp;rtc=1001&amp;locale=es_ES&amp;cache=false\" target=\"_blank\">VERBOS REGULARES<\/a><\/strong><\/li>\n<li><strong><a href=\"http:\/\/contenidos.santillanaenred.com\/jukebox\/servlet\/GetPlayer?p3v=true&amp;xref=200601261720_AC_0_1208853292&amp;mode=1&amp;rtc=1001&amp;locale=es_ES&amp;cache=false\" target=\"_blank\">VERBOS IRREGULARES<\/a><\/strong><\/li>\n<li><strong><a href=\"http:\/\/www.materialesdelengua.org\/WEB\/hotpotatoes\/verbo\/flashcards_verbos.htm\" target=\"_blank\">CONJUGACIONES<\/a><\/strong><\/li>\n<li><strong><a href=\"http:\/\/www.materialesdelengua.org\/WEB\/libros_interactivos\/verbolim\/verbo.html\" target=\"_blank\">EL VERBO Y SUS COSAS<\/a><\/strong><\/li>\n<li><strong><a href=\"http:\/\/www.materialesdelengua.org\/WEB\/libros_interactivos\/verbolim\/verbo.html\" target=\"_blank\">VERBOS (JCLIC)<\/a><\/strong><\/li>\n<li><strong><a href=\"http:\/\/www.juntadeandalucia.es\/averroes\/colegiovirgendetiscar\/profes\/trabajos\/palabras\/verbos1.html\" target=\"_blank\">LOS VERBOS<\/a><\/strong><\/li>\n<li><strong><a href=\"http:\/\/cplosangeles.juntaextremadura.net\/web\/lengua6\/tiemposverbales\/indice.htm\" target=\"_blank\">TIEMPOS VERBALES<\/a><\/strong><\/li>\n<\/ul>\n<\/td>\n<\/tr>\n<tr>\n<td width=\"215\" valign=\"top\">Ortograf\u00eda:Tipos   de punto<\/td>\n<td width=\"274\" valign=\"top\">\n<ul>\n<li><strong><a href=\"http:\/\/www.reglasdeortografia.com\/signos.htm\" target=\"_blank\">SIGNOS        DE PUNTUACI\u00d3N<\/a><\/strong><\/li>\n<li><strong><a href=\"http:\/\/roble.pntic.mec.es\/%7Emsanto1\/ortografia\/puntu.htm\" target=\"_blank\">SIGNOS DE PUNTUACI\u00d3N (II)<\/a><\/strong><\/li>\n<li><strong><a href=\"http:\/\/www.aplicaciones.info\/ortogra2\/ortosi.htm\" target=\"_blank\">SIGNOS        DE PUNTUACI\u00d3N (III)<\/a><\/strong><\/li>\n<li><strong><a href=\"http:\/\/eljuego.free.fr\/Fichas_gramatica\/FG_puntuacion.htm\" target=\"_blank\">SIGNOS DE PUNTUACI\u00d3N (IV)<\/a><\/strong><\/li>\n<li><strong><a href=\"http:\/\/argentina.aula365.com\/rtev3\/RTE.aspx?uri=\/cursos\/LEGB1A3C02&amp;host=http:\/\/argentina.aula365.com&amp;skin=cvcs.ninos@lengua1&amp;startup=firstlo&amp;FKInstanciaSolucion=0&amp;FKInstanciaGrupo=0&amp;FKInstanciaUsuario=0&amp;FKInstanciaPrograma=0&amp;FKInstanciaCurso=267108\" target=\"_blank\">SIGNOS DE PUNTUACI\u00d3N (V)<\/a><\/strong><\/li>\n<li><strong><a href=\"http:\/\/catedu.es\/internos\/recursos\/internet_aula\/sd_gq1\/oa00\/versionfinal\/\" target=\"_blank\">SIGNOS DE PUNTUACI\u00d3N (VI)<\/a><\/strong><\/li>\n<li><strong> <\/strong><\/li>\n<\/ul>\n<\/td>\n<\/tr>\n<tr>\n<td width=\"215\" valign=\"top\">L\u00e9xico:   La derivaci\u00f3n, formaci\u00f3n de nombres.<\/td>\n<td width=\"274\" valign=\"top\">\n<ul>\n<li><strong> <\/strong><strong><a href=\"http:\/\/www.estudiantes.info\/lengua\/palabras_primitivas_y_derivadas.htm\">PALABRAS        PRIMITIVAS Y DERIVADAS<\/a><\/strong><\/li>\n<li><strong><a href=\"http:\/\/www.xtec.cat\/%7Ejgenover\/derivado1.htm\">PALABRAS        DERIVADAS<\/a><\/strong><\/li>\n<li><strong><a href=\"http:\/\/www.edu365.cat\/primaria\/muds\/castella\/presuf\/index.htm\">PREFIJOS        Y SUFIJOS<\/a><\/strong><\/li>\n<li><strong><a href=\"http:\/\/www.edu365.cat\/primaria\/muds\/castella\/fam_palabras\/index.htm\">FAMILIAS        DE PALABRAS<\/a><\/strong><\/li>\n<li><strong><a href=\"http:\/\/www.culturageneral.net\/prefijossufijos\">PREFIJOS        Y SUFIJOS<\/a><\/strong><\/li>\n<li><strong><a href=\"http:\/\/www.salonhogar.net\/Practica_espanol\/formarpalabras\/derivadasjqz.html\">FORMAR        PALABRAS DERIVADAS<\/a><\/strong><\/li>\n<li><strong><a href=\"http:\/\/roble.pntic.mec.es\/%7Emsanto1\/lengua\/derivada.htm\">PALABRAS        DERIVADAS<\/a><\/strong><\/li>\n<li><strong><a href=\"http:\/\/roble.pntic.mec.es\/%7Emsanto1\/lengua\/-derivad.htm\">PALABRAS        DERIVADAS<\/a><\/strong><\/li>\n<\/ul>\n<\/td>\n<\/tr>\n<tr>\n<td width=\"215\" valign=\"top\"><\/td>\n<td width=\"274\" valign=\"top\">\n<ul>\n<li><\/li>\n<\/ul>\n<\/td>\n<\/tr>\n<tr>\n<td width=\"215\" valign=\"top\"><\/td>\n<td width=\"274\" valign=\"top\"><\/td>\n<\/tr>\n<tr>\n<td width=\"215\" valign=\"top\">Otras actividades.<\/td>\n<td width=\"274\" valign=\"top\"><\/td>\n<\/tr>\n<\/tbody>\n<\/table>\n<p>Recursos:<\/p>\n<ul>\n<li>\n<div><strong> <\/strong><strong><a href=\"http:\/\/www.reglasdeortografia.com\/signos.htm\" target=\"_blank\"><strong>Signos de puntuaci\u00f3n<\/strong><\/a><\/strong><\/div>\n<\/li>\n<li>\n<div><strong><a href=\"http:\/\/roble.pntic.mec.es\/%7Emsanto1\/ortografia\/puntu.htm\" target=\"_blank\"><strong>Signos de puntuaci\u00f3n (II)<\/strong><\/a><\/strong><\/div>\n<\/li>\n<li>\n<div><strong><a href=\"http:\/\/www.aplicaciones.info\/ortogra2\/ortosi.htm\" target=\"_blank\"><strong>Signos de puntuaci\u00f3n (III)<\/strong><\/a><\/strong><\/div>\n<\/li>\n<li>\n<div><strong><a href=\"http:\/\/eljuego.free.fr\/Fichas_gramatica\/FG_puntuacion.htm\" target=\"_blank\"><strong>Signos de puntuaci\u00f3n (IV)<\/strong><\/a><\/strong><\/div>\n<\/li>\n<li>\n<div><strong><a href=\"http:\/\/argentina.aula365.com\/rtev3\/RTE.aspx?uri=\/cursos\/LEGB1A3C02&amp;host=http:\/\/argentina.aula365.com&amp;skin=cvcs.ninos@lengua1&amp;startup=firstlo&amp;FKInstanciaSolucion=0&amp;FKInstanciaGrupo=0&amp;FKInstanciaUsuario=0&amp;FKInstanciaPrograma=0&amp;FKInstanciaCurso=267108\" target=\"_blank\"><strong>Signos de puntuaci\u00f3n (V)<\/strong><\/a><\/strong><\/div>\n<\/li>\n<li>\n<div><strong><a href=\"http:\/\/catedu.es\/internos\/recursos\/internet_aula\/sd_gq1\/oa00\/versionfinal\/\" target=\"_blank\"><strong>Signos de puntuaci\u00f3n (VI)<\/strong><\/a><br \/>\n<\/strong><\/div>\n<\/li>\n<\/ul>\n<ul>\n<li>\n<h3><a href=\"http:\/\/www.estudiantes.info\/lengua\/palabras_primitivas_y_derivadas.htm\">Palabras primitivas y derivadas<\/a><\/h3>\n<\/li>\n<li>\n<h3><a href=\"http:\/\/www.xtec.cat\/%7Ejgenover\/derivado1.htm\">Palabras derivadas<\/a><\/h3>\n<\/li>\n<li>\n<h3><a href=\"http:\/\/www.edu365.cat\/primaria\/muds\/castella\/presuf\/index.htm\">Prefijos y sufijos<\/a><\/h3>\n<\/li>\n<li>\n<h3><a href=\"http:\/\/www.edu365.cat\/primaria\/muds\/castella\/fam_palabras\/index.htm\">Familias de palabras<\/a><\/h3>\n<\/li>\n<li>\n<h3><a href=\"http:\/\/www.culturageneral.net\/prefijossufijos\">Prefijos y sufijos<\/a><\/h3>\n<\/li>\n<li>\n<h3><a href=\"http:\/\/www.salonhogar.net\/Practica_espanol\/formarpalabras\/derivadasjqz.html\">Formar palabras derivadas<\/a><\/h3>\n<\/li>\n<li>\n<h3><a href=\"http:\/\/roble.pntic.mec.es\/%7Emsanto1\/lengua\/derivada.htm\">Palabras derivadas<\/a><\/h3>\n<\/li>\n<li>\n<h3><a href=\"http:\/\/roble.pntic.mec.es\/%7Emsanto1\/lengua\/-derivad.htm\">Palabras derivadas<\/a><strong><\/strong><\/h3>\n<\/li>\n<li>\n<h3><strong><a href=\"http:\/\/roble.pntic.mec.es\/%7Emsanto1\/lengua\/verbo.htm\" target=\"_blank\">El verbo<\/a><\/strong><strong><\/strong><\/h3>\n<\/li>\n<li>\n<h3><strong><a href=\"http:\/\/cplosangeles.juntaextremadura.net\/web\/lengua6\/verbo\/indice.htm\" target=\"_blank\">El verbo<\/a><\/strong><strong><\/strong><\/h3>\n<\/li>\n<li>\n<h3><strong><a href=\"http:\/\/cplosangeles.juntaextremadura.net\/web\/lengua5\/verbonumeroypersona\/indice.htm\" target=\"_blank\">N\u00famero y persona<\/a><\/strong><strong><\/strong><\/h3>\n<\/li>\n<li>\n<h3><strong><a href=\"http:\/\/cplosangeles.juntaextremadura.net\/web\/lengua5\/verbotiempoymodo\/indice.htm\" target=\"_blank\">Tiempo y modo<\/a><\/strong><strong><\/strong><\/h3>\n<\/li>\n<li>\n<h3><strong><a href=\"http:\/\/www.profesorenlinea.cl\/swf\/links\/frame_top.php?dest=http%3A\/\/www.profesorenlinea.cl\/castellano\/VerboEl.htm\" target=\"_blank\">Verbos<\/a><\/strong><strong><\/strong><\/h3>\n<\/li>\n<li>\n<h3><strong><a href=\"http:\/\/www.diazespino.org\/agrupa\/ejemplos\/apuntes\/VERBO.swf\" target=\"_blank\">Los verbos<\/a><\/strong><strong><\/strong><\/h3>\n<\/li>\n<li>\n<h3><strong><a href=\"http:\/\/www.escolar.com\/lengua\/10verbos.htm\" target=\"_blank\">Los verbos<\/a><\/strong><strong><\/strong><\/h3>\n<\/li>\n<li>\n<h3><strong><a href=\"http:\/\/cplosangeles.juntaextremadura.net\/web\/lengua5\/verbotiempoymodo\/indice.htm\" target=\"_blank\">Tiempo y modo<\/a><\/strong><strong><\/strong><\/h3>\n<\/li>\n<li>\n<h3><strong><a href=\"http:\/\/cplosangeles.juntaextremadura.net\/web\/lengua5\/formasverbales\/indice.htm\" target=\"_blank\">Formas verbales<\/a><\/strong><strong><\/strong><\/h3>\n<\/li>\n<li>\n<h3><strong><a href=\"http:\/\/contenidos.santillanaenred.com\/jukebox\/servlet\/GetPlayer?p3v=true&amp;xref=200601261725_PRE_0_499275833&amp;mode=1&amp;rtc=1001&amp;locale=es_ES&amp;cache=false\" target=\"_blank\">Verbos regulares e irregulares<\/a><\/strong><strong><\/strong><\/h3>\n<\/li>\n<li>\n<h3><strong><a href=\"http:\/\/contenidos.santillanaenred.com\/jukebox\/servlet\/GetPlayer?p3v=true&amp;xref=200601261712_AC_0_-1077434339&amp;mode=1&amp;rtc=1001&amp;locale=es_ES&amp;cache=false\" target=\"_blank\">\u00bfC\u00f3mo pueden ser los verbos?<\/a><\/strong><strong><\/strong><\/h3>\n<\/li>\n<li>\n<h3><strong><a href=\"http:\/\/contenidos.santillanaenred.com\/jukebox\/servlet\/GetPlayer?p3v=true&amp;xref=200601261715_AC_0_-414153597&amp;mode=1&amp;rtc=1001&amp;locale=es_ES&amp;cache=false\" target=\"_blank\">Reconocer verbos<\/a><\/strong><strong><\/strong><\/h3>\n<\/li>\n<li>\n<h3><strong><a href=\"http:\/\/cplosangeles.juntaextremadura.net\/web\/lengua6\/clasesdeverbos\/indice.htm\" target=\"_blank\">Clases de verbos<\/a><\/strong><strong><\/strong><\/h3>\n<\/li>\n<li>\n<h3><strong><a href=\"http:\/\/contenidos.santillanaenred.com\/jukebox\/servlet\/GetPlayer?p3v=true&amp;xref=200601261717_AC_0_-294653590&amp;mode=1&amp;rtc=1001&amp;locale=es_ES&amp;cache=false\" target=\"_blank\">Verbos regulares<\/a><\/strong><strong><\/strong><\/h3>\n<\/li>\n<li>\n<h3><strong><a href=\"http:\/\/contenidos.santillanaenred.com\/jukebox\/servlet\/GetPlayer?p3v=true&amp;xref=200601261720_AC_0_1208853292&amp;mode=1&amp;rtc=1001&amp;locale=es_ES&amp;cache=false\" target=\"_blank\">Verbos irregulares<\/a><\/strong><\/h3>\n<\/li>\n<li>\n<h3><a href=\"http:\/\/www.materialesdelengua.org\/WEB\/hotpotatoes\/verbo\/flashcards_verbos.htm\" target=\"_blank\"><strong>Conjugaciones<\/strong><\/a><\/h3>\n<\/li>\n<li>\n<h3><a href=\"http:\/\/www.materialesdelengua.org\/WEB\/libros_interactivos\/verbolim\/verbo.html\" target=\"_blank\"><strong>El verbo y sus cosas<\/strong><\/a><\/h3>\n<\/li>\n<li>\n<h3><a href=\"http:\/\/www.materialesdelengua.org\/WEB\/libros_interactivos\/verbolim\/verbo.html\" target=\"_blank\"><strong>Verbos (Jclic)<\/strong><\/a><\/h3>\n<\/li>\n<li>\n<h3><a href=\"http:\/\/www.juntadeandalucia.es\/averroes\/colegiovirgendetiscar\/profes\/trabajos\/palabras\/verbos1.html\" target=\"_blank\"><strong>Los verbos<\/strong><\/a><\/h3>\n<\/li>\n<li>\n<h3><strong><a href=\"http:\/\/cplosangeles.juntaextremadura.net\/web\/lengua6\/tiemposverbales\/indice.htm\" target=\"_blank\">Tiempos verbales<\/a><\/strong><\/h3>\n<\/li>\n<\/ul>\n","protected":false},"excerpt":{"rendered":"<p>LENGUA \u00a0Tema 7 \u201cImaginaci\u00f3n y fantas\u00eda\u201d CONTENIDOS RECURSOS Gram\u00e1tica:El verbo. Conjugaci\u00f3n, formas simples y compuestas. EL VERBO EL VERBO N\u00daMERO Y PERSONA TIEMPO Y MODO VERBOS LOS VERBOS LOS VERBOS TIEMPO Y MODO FORMAS VERBALES VERBOS REGULARES E IRREGULARES \u00bfC\u00d3MO PUEDEN SER LOS VERBOS? RECONOCER VERBOS CLASES DE VERBOS VERBOS REGULARES VERBOS IRREGULARES CONJUGACIONES EL [&hellip;]<\/p>\n","protected":false},"author":6,"featured_media":0,"parent":423,"menu_order":7,"comment_status":"open","ping_status":"open","template":"","meta":[],"_links":{"self":[{"href":"https:\/\/cpcorella.educacion.navarra.es\/blogs\/3ciclo\/wp-json\/wp\/v2\/pages\/441"}],"collection":[{"href":"https:\/\/cpcorella.educacion.navarra.es\/blogs\/3ciclo\/wp-json\/wp\/v2\/pages"}],"about":[{"href":"https:\/\/cpcorella.educacion.navarra.es\/blogs\/3ciclo\/wp-json\/wp\/v2\/types\/page"}],"author":[{"embeddable":true,"href":"https:\/\/cpcorella.educacion.navarra.es\/blogs\/3ciclo\/wp-json\/wp\/v2\/users\/6"}],"replies":[{"embeddable":true,"href":"https:\/\/cpcorella.educacion.navarra.es\/blogs\/3ciclo\/wp-json\/wp\/v2\/comments?post=441"}],"version-history":[{"count":0,"href":"https:\/\/cpcorella.educacion.navarra.es\/blogs\/3ciclo\/wp-json\/wp\/v2\/pages\/441\/revisions"}],"up":[{"embeddable":true,"href":"https:\/\/cpcorella.educacion.navarra.es\/blogs\/3ciclo\/wp-json\/wp\/v2\/pages\/423"}],"wp:attachment":[{"href":"https:\/\/cpcorella.educacion.navarra.es\/blogs\/3ciclo\/wp-json\/wp\/v2\/media?parent=441"}],"curies":[{"name":"wp","href":"https:\/\/api.w.org\/{rel}","templated":true}]}}