{"id":1822,"date":"2017-03-28T18:23:28","date_gmt":"2017-03-28T18:23:28","guid":{"rendered":"http:\/\/cpcorella.educacion.navarra.es\/blogs\/2ciclo\/?page_id=1822"},"modified":"2017-03-28T18:23:28","modified_gmt":"2017-03-28T18:23:28","slug":"feliz-cumpleanos","status":"publish","type":"page","link":"https:\/\/cpcorella.educacion.navarra.es\/blogs\/2ciclo\/feliz-cumpleanos\/","title":{"rendered":"\u00a1Feliz cumplea\u00f1os!"},"content":{"rendered":"<p><strong><a href=\"http:\/\/cpcorella.educacion.navarra.es\/blogs\/2ciclo\/files\/2017\/03\/IMG_20170321_184633.jpg\"><img loading=\"lazy\" class=\"alignleft size-thumbnail wp-image-1823\" src=\"http:\/\/cpcorella.educacion.navarra.es\/blogs\/2ciclo\/files\/2017\/03\/IMG_20170321_184633-150x150.jpg\" alt=\"\" width=\"150\" height=\"150\" srcset=\"https:\/\/cpcorella.educacion.navarra.es\/blogs\/2ciclo\/files\/2017\/03\/IMG_20170321_184633-150x150.jpg 150w, https:\/\/cpcorella.educacion.navarra.es\/blogs\/2ciclo\/files\/2017\/03\/IMG_20170321_184633-300x300.jpg 300w, https:\/\/cpcorella.educacion.navarra.es\/blogs\/2ciclo\/files\/2017\/03\/IMG_20170321_184633-768x768.jpg 768w, https:\/\/cpcorella.educacion.navarra.es\/blogs\/2ciclo\/files\/2017\/03\/IMG_20170321_184633-1024x1024.jpg 1024w, https:\/\/cpcorella.educacion.navarra.es\/blogs\/2ciclo\/files\/2017\/03\/IMG_20170321_184633.jpg 1536w\" sizes=\"(max-width: 150px) 100vw, 150px\" \/><\/a><\/strong><\/p>\n<p><strong>Hoy \u00abEl feliz cumplea\u00f1os\u00bb me ha tocado a m\u00ed. Y de verdad ,ni\u00f1os y ni\u00f1as, que ha sido un d\u00eda genial.<\/strong><\/p>\n<p><strong>Hemos disfrutado much\u00edsimo&#8230;Y la pel\u00edcula, prometo que la veremos acabar otro d\u00eda.\u00a0 \ud83d\ude09\u00a0<\/strong><\/p>\n<p>&nbsp;<\/p>\n<p><strong>\u00a1Gracias por vuestros estupendos detalles! \u00a0<a href=\"http:\/\/cpcorella.educacion.navarra.es\/blogs\/2ciclo\/files\/2017\/03\/IMG_20170322_214455-1.jpg\"><img loading=\"lazy\" class=\"alignleft size-medium wp-image-1824\" src=\"http:\/\/cpcorella.educacion.navarra.es\/blogs\/2ciclo\/files\/2017\/03\/IMG_20170322_214455-1-300x169.jpg\" alt=\"\" width=\"300\" height=\"169\" srcset=\"https:\/\/cpcorella.educacion.navarra.es\/blogs\/2ciclo\/files\/2017\/03\/IMG_20170322_214455-1-300x169.jpg 300w, https:\/\/cpcorella.educacion.navarra.es\/blogs\/2ciclo\/files\/2017\/03\/IMG_20170322_214455-1-768x432.jpg 768w, https:\/\/cpcorella.educacion.navarra.es\/blogs\/2ciclo\/files\/2017\/03\/IMG_20170322_214455-1-1024x576.jpg 1024w, https:\/\/cpcorella.educacion.navarra.es\/blogs\/2ciclo\/files\/2017\/03\/IMG_20170322_214455-1-500x281.jpg 500w\" sizes=\"(max-width: 300px) 100vw, 300px\" \/><\/a><\/strong><\/p>\n<p>&nbsp;<\/p>\n<p><strong> Y&#8230; gracias, gracias, sobre todo, por vuestro cari\u00f1o.\u00a0<\/strong><\/p>\n<p><strong>\u00a1Sois lo m\u00e1s!\u00a0 \ud83d\ude06\u00a0<a href=\"http:\/\/cpcorella.educacion.navarra.es\/blogs\/2ciclo\/files\/2017\/03\/20170322_124954-COLLAGE.jpg\"><img loading=\"lazy\" class=\"wp-image-1827 alignright\" src=\"http:\/\/cpcorella.educacion.navarra.es\/blogs\/2ciclo\/files\/2017\/03\/20170322_124954-COLLAGE-150x150.jpg\" alt=\"\" width=\"166\" height=\"166\" srcset=\"https:\/\/cpcorella.educacion.navarra.es\/blogs\/2ciclo\/files\/2017\/03\/20170322_124954-COLLAGE-150x150.jpg 150w, https:\/\/cpcorella.educacion.navarra.es\/blogs\/2ciclo\/files\/2017\/03\/20170322_124954-COLLAGE-300x300.jpg 300w, https:\/\/cpcorella.educacion.navarra.es\/blogs\/2ciclo\/files\/2017\/03\/20170322_124954-COLLAGE.jpg 613w\" sizes=\"(max-width: 166px) 100vw, 166px\" \/><\/a><\/strong><\/p>\n<p>&nbsp;<\/p>\n<p>&nbsp;<\/p>\n","protected":false},"excerpt":{"rendered":"<p>Hoy \u00abEl feliz cumplea\u00f1os\u00bb me ha tocado a m\u00ed. Y de verdad ,ni\u00f1os y ni\u00f1as, que ha sido un d\u00eda genial. Hemos disfrutado much\u00edsimo&#8230;Y la pel\u00edcula, prometo que la veremos acabar otro d\u00eda.\u00a0 \ud83d\ude09\u00a0 &nbsp; \u00a1Gracias por vuestros estupendos detalles! &hellip; <a href=\"https:\/\/cpcorella.educacion.navarra.es\/blogs\/2ciclo\/feliz-cumpleanos\/\">Sigue leyendo <span class=\"meta-nav\">&rarr;<\/span><\/a><\/p>\n","protected":false},"author":7,"featured_media":0,"parent":0,"menu_order":0,"comment_status":"closed","ping_status":"closed","template":"","meta":[],"_links":{"self":[{"href":"https:\/\/cpcorella.educacion.navarra.es\/blogs\/2ciclo\/wp-json\/wp\/v2\/pages\/1822"}],"collection":[{"href":"https:\/\/cpcorella.educacion.navarra.es\/blogs\/2ciclo\/wp-json\/wp\/v2\/pages"}],"about":[{"href":"https:\/\/cpcorella.educacion.navarra.es\/blogs\/2ciclo\/wp-json\/wp\/v2\/types\/page"}],"author":[{"embeddable":true,"href":"https:\/\/cpcorella.educacion.navarra.es\/blogs\/2ciclo\/wp-json\/wp\/v2\/users\/7"}],"replies":[{"embeddable":true,"href":"https:\/\/cpcorella.educacion.navarra.es\/blogs\/2ciclo\/wp-json\/wp\/v2\/comments?post=1822"}],"version-history":[{"count":1,"href":"https:\/\/cpcorella.educacion.navarra.es\/blogs\/2ciclo\/wp-json\/wp\/v2\/pages\/1822\/revisions"}],"predecessor-version":[{"id":1828,"href":"https:\/\/cpcorella.educacion.navarra.es\/blogs\/2ciclo\/wp-json\/wp\/v2\/pages\/1822\/revisions\/1828"}],"wp:attachment":[{"href":"https:\/\/cpcorella.educacion.navarra.es\/blogs\/2ciclo\/wp-json\/wp\/v2\/media?parent=1822"}],"curies":[{"name":"wp","href":"https:\/\/api.w.org\/{rel}","templated":true}]}}

¡Feliz cumpleaños!

<p><strong><a href="http://cpcorella.educacion.navarra.es/blogs/2ciclo/files/2017/03/IMG_20170321_184633.jpg"><img loading="lazy" class="alignleft size-thumbnail wp-image-1823" src="http://cpcorella.educacion.navarra.es/blogs/2ciclo/files/2017/03/IMG_20170321_184633-150x150.jpg" alt="" width="150" height="150" srcset="https://cpcorella.educacion.navarra.es/blogs/2ciclo/files/2017/03/IMG_20170321_184633-150x150.jpg 150w, https://cpcorella.educacion.navarra.es/blogs/2ciclo/files/2017/03/IMG_20170321_184633-300x300.jpg 300w, https://cpcorella.educacion.navarra.es/blogs/2ciclo/files/2017/03/IMG_20170321_184633-768x768.jpg 768w, https://cpcorella.educacion.navarra.es/blogs/2ciclo/files/2017/03/IMG_20170321_184633-1024x1024.jpg 1024w, https://cpcorella.educacion.navarra.es/blogs/2ciclo/files/2017/03/IMG_20170321_184633.jpg 1536w" sizes="(max-width: 150px) 100vw, 150px" /></a></strong></p>
<p><strong>Hoy «El feliz cumpleaños» me ha tocado a mí. Y de verdad ,niños y niñas, que ha sido un día genial.</strong></p>
<p><strong>Hemos disfrutado muchísimo&#8230;Y la película, prometo que la veremos acabar otro día.  😉 </strong></p>
<p>&nbsp;</p>
<p><strong>¡Gracias por vuestros estupendos detalles!  <a href="http://cpcorella.educacion.navarra.es/blogs/2ciclo/files/2017/03/IMG_20170322_214455-1.jpg"><img loading="lazy" class="alignleft size-medium wp-image-1824" src="http://cpcorella.educacion.navarra.es/blogs/2ciclo/files/2017/03/IMG_20170322_214455-1-300x169.jpg" alt="" width="300" height="169" srcset="https://cpcorella.educacion.navarra.es/blogs/2ciclo/files/2017/03/IMG_20170322_214455-1-300x169.jpg 300w, https://cpcorella.educacion.navarra.es/blogs/2ciclo/files/2017/03/IMG_20170322_214455-1-768x432.jpg 768w, https://cpcorella.educacion.navarra.es/blogs/2ciclo/files/2017/03/IMG_20170322_214455-1-1024x576.jpg 1024w, https://cpcorella.educacion.navarra.es/blogs/2ciclo/files/2017/03/IMG_20170322_214455-1-500x281.jpg 500w" sizes="(max-width: 300px) 100vw, 300px" /></a></strong></p>
<p>&nbsp;</p>
<p><strong> Y&#8230; gracias, gracias, sobre todo, por vuestro cariño. </strong></p>
<p><strong>¡Sois lo más!  😆 <a href="http://cpcorella.educacion.navarra.es/blogs/2ciclo/files/2017/03/20170322_124954-COLLAGE.jpg"><img loading="lazy" class="wp-image-1827 alignright" src="http://cpcorella.educacion.navarra.es/blogs/2ciclo/files/2017/03/20170322_124954-COLLAGE-150x150.jpg" alt="" width="166" height="166" srcset="https://cpcorella.educacion.navarra.es/blogs/2ciclo/files/2017/03/20170322_124954-COLLAGE-150x150.jpg 150w, https://cpcorella.educacion.navarra.es/blogs/2ciclo/files/2017/03/20170322_124954-COLLAGE-300x300.jpg 300w, https://cpcorella.educacion.navarra.es/blogs/2ciclo/files/2017/03/20170322_124954-COLLAGE.jpg 613w" sizes="(max-width: 166px) 100vw, 166px" /></a></strong></p>
<p>&nbsp;</p>
<p>&nbsp;</p>

<p>Hoy «El feliz cumpleaños» me ha tocado a mí. Y de verdad ,niños y niñas, que ha sido un día genial. Hemos disfrutado muchísimo&#8230;Y la película, prometo que la veremos acabar otro día.  😉  &nbsp; ¡Gracias por vuestros estupendos detalles! &hellip; <a href="https://cpcorella.educacion.navarra.es/blogs/2ciclo/feliz-cumpleanos/">Sigue leyendo <span class="meta-nav">&rarr;</span></a></p>
